{"id":249,"date":"2018-10-30T18:17:00","date_gmt":"2018-10-30T18:17:00","guid":{"rendered":"https:\/\/the7.io\/g-business\/?page_id=249"},"modified":"2023-05-18T19:11:27","modified_gmt":"2023-05-18T19:11:27","slug":"servicios","status":"publish","type":"page","link":"https:\/\/ayudasparatodos.com\/index.php\/servicios\/","title":{"rendered":"Servicios"},"content":{"rendered":"<section class=\"wpb-content-wrapper\"><p>[vc_row css=\u00bb.vc_custom_1560786853911{margin-bottom: -50px !important;}\u00bb][vc_column][vc_row_inner equal_height=\u00bbyes\u00bb][vc_column_inner width=\u00bb1\/3&#8243; css=\u00bb.vc_custom_1560417813494{padding-bottom: 50px !important;}\u00bb]<style type=\"text\/css\" data-type=\"the7_shortcodes-inline-css\">.shortcode-single-image-wrap.shortcode-single-image-6541d638352e3f6629e1d3fec4a2c9ca.enable-bg-rollover .rollover i,\n.shortcode-single-image-wrap.shortcode-single-image-6541d638352e3f6629e1d3fec4a2c9ca.enable-bg-rollover .rollover-video i {\n  background: -webkit-linear-gradient();\n  background: linear-gradient();\n}\n.shortcode-single-image-wrap.shortcode-single-image-6541d638352e3f6629e1d3fec4a2c9ca .rollover-icon {\n  font-size: 32px;\n  color: #ffffff;\n  min-width: 44px;\n  min-height: 44px;\n  line-height: 44px;\n  border-radius: 100px;\n  border-style: solid;\n  border-width: 0px;\n}\n.dt-icon-bg-on.shortcode-single-image-wrap.shortcode-single-image-6541d638352e3f6629e1d3fec4a2c9ca .rollover-icon {\n  background: rgba(255,255,255,0.3);\n  box-shadow: none;\n}\n<\/style><div class=\"shortcode-single-image-wrap shortcode-single-image-6541d638352e3f6629e1d3fec4a2c9ca alignnone  vc_custom_1684359377803 enable-bg-rollover dt-icon-bg-off\" ><div class=\"shortcode-single-image\"><div class=\"fancy-media-wrap\" style=\"\"><a href=\"\/modern-business\/services\/web-development\/\" class=\" layzr-bg rollover\" style=\"\" aria-label=\"Image\"><img decoding=\"async\" class=\"preload-me lazy-load\" src=\"data:image\/svg+xml,%3Csvg%20xmlns%3D&#39;http%3A%2F%2Fwww.w3.org%2F2000%2Fsvg&#39;%20viewBox%3D&#39;0%200%20200%20200&#39;%2F%3E\" data-src=\"https:\/\/ayudasparatodos.com\/wp-content\/uploads\/2023\/05\/Wavy_Cst-01_Single-11-Pequeno2-200x200.jpg\" data-srcset=\"https:\/\/ayudasparatodos.com\/wp-content\/uploads\/2023\/05\/Wavy_Cst-01_Single-11-Pequeno2-200x200.jpg 200w, https:\/\/ayudasparatodos.com\/wp-content\/uploads\/2023\/05\/Wavy_Cst-01_Single-11-Pequeno2.jpg 354w\" width=\"200\" height=\"200\"  data-dt-location=\"https:\/\/ayudasparatodos.com\/index.php\/inicio\/accessible-environment-design-abstract-concept-vector-illustration-2\/\" alt=\"Consultor\u00eda y asesor\u00eda Servicio de consultor\u00eda en temas de accesibilidad e inclusi\u00f3n, Turismo accesible, y Emprendimiento e Innovaci\u00f3n. Se estudia estado actual, necesidades, y se acompa\u00f1a de un plan de asesor\u00eda personalizada + propuesta de plan de acci\u00f3n integral\" \/><\/a><\/div><\/div><\/div><div id=\"ultimate-heading-25069db9c27d8935\" class=\"uvc-heading ult-adjust-bottom-margin ultimate-heading-25069db9c27d8935 uvc-7097 \" data-hspacer=\"no_spacer\"  data-halign=\"center\" style=\"text-align:center\"><div class=\"uvc-heading-spacer no_spacer\" style=\"top\"><\/div><div class=\"uvc-main-heading ult-responsive\"  data-ultimate-target='.uvc-heading.ultimate-heading-25069db9c27d8935 h2'  data-responsive-json-new='{\"font-size\":\"desktop:24px;\",\"line-height\":\"desktop:34px;\"}' ><h2 style=\"font-weight:bold;margin-bottom:5px;\">Consultor\u00eda y Asesor\u00eda<\/h2><\/div><div class=\"uvc-sub-heading ult-responsive\"  data-ultimate-target='.uvc-heading.ultimate-heading-25069db9c27d8935 .uvc-sub-heading '  data-responsive-json-new='{\"font-size\":\"desktop:16px;\",\"line-height\":\"desktop:28px;\"}'  style=\"font-weight:normal;margin-bottom:20px;\">Servicio de consultor\u00eda en temas de accesibilidad e inclusi\u00f3n, Turismo Accesible, Emprendimiento e Innovaci\u00f3n. \u00a0Se estudia estado actual, necesidades, y se acompa\u00f1a de un plan de asesor\u00eda personalizada + propuesta de plan de acci\u00f3n integral.<\/div><\/div><style type=\"text\/css\" data-type=\"the7_shortcodes-inline-css\">#default-btn-04835ec4635728c108cf84a8956a5f85.ico-right-side > i {\n  margin-right: 0px;\n  margin-left: 8px;\n}\n#default-btn-04835ec4635728c108cf84a8956a5f85 > i {\n  margin-right: 8px;\n}\n<\/style><div class=\"btn-align-center\"><a href=\"https:\/\/ayudasparatodos.com\/index.php\/servicios\/consultoria-y-asesoria\/\" class=\"default-btn-shortcode dt-btn dt-btn-m link-hover-off \" id=\"default-btn-04835ec4635728c108cf84a8956a5f85\" title=\"Consultor\u00eda y Asesor\u00eda\"><span>Leer M\u00e1s<\/span><\/a><\/div>[\/vc_column_inner][vc_column_inner width=\u00bb1\/3&#8243; css=\u00bb.vc_custom_1560417805392{padding-bottom: 50px !important;}\u00bb]<style type=\"text\/css\" data-type=\"the7_shortcodes-inline-css\">.shortcode-single-image-wrap.shortcode-single-image-72c9df5afc5edeaf78ee9235df128f73.enable-bg-rollover .rollover i,\n.shortcode-single-image-wrap.shortcode-single-image-72c9df5afc5edeaf78ee9235df128f73.enable-bg-rollover .rollover-video i {\n  background: -webkit-linear-gradient();\n  background: linear-gradient();\n}\n.shortcode-single-image-wrap.shortcode-single-image-72c9df5afc5edeaf78ee9235df128f73 .rollover-icon {\n  font-size: 32px;\n  color: #ffffff;\n  min-width: 44px;\n  min-height: 44px;\n  line-height: 44px;\n  border-radius: 100px;\n  border-style: solid;\n  border-width: 0px;\n}\n.dt-icon-bg-on.shortcode-single-image-wrap.shortcode-single-image-72c9df5afc5edeaf78ee9235df128f73 .rollover-icon {\n  background: rgba(255,255,255,0.3);\n  box-shadow: none;\n}\n<\/style><div class=\"shortcode-single-image-wrap shortcode-single-image-72c9df5afc5edeaf78ee9235df128f73 alignnone  vc_custom_1684359555719 enable-bg-rollover dt-icon-bg-off\" ><div class=\"shortcode-single-image\"><div class=\"fancy-media-wrap\" style=\"\"><a href=\"\/modern-business\/services\/graphic-design\/\" class=\" layzr-bg rollover\" style=\"\" aria-label=\"Image\"><img decoding=\"async\" class=\"preload-me lazy-load\" src=\"data:image\/svg+xml,%3Csvg%20xmlns%3D&#39;http%3A%2F%2Fwww.w3.org%2F2000%2Fsvg&#39;%20viewBox%3D&#39;0%200%20200%20200&#39;%2F%3E\" data-src=\"https:\/\/ayudasparatodos.com\/wp-content\/uploads\/2023\/05\/3765669-Pequeno-200x200.jpg\" data-srcset=\"https:\/\/ayudasparatodos.com\/wp-content\/uploads\/2023\/05\/3765669-Pequeno-200x200.jpg 200w, https:\/\/ayudasparatodos.com\/wp-content\/uploads\/2023\/05\/3765669-Pequeno-400x400.jpg 400w\" width=\"200\" height=\"200\"  data-dt-location=\"https:\/\/ayudasparatodos.com\/index.php\/inicio\/3765669-pequeno\/\" alt=\"Talleres y Conferencias Formar, sensibilizar y motivar. De forma pr\u00e1ctica y con ejemplos de alto impacto\" \/><\/a><\/div><\/div><\/div><div id=\"ultimate-heading-345769db9c27d9387\" class=\"uvc-heading ult-adjust-bottom-margin ultimate-heading-345769db9c27d9387 uvc-4708 \" data-hspacer=\"no_spacer\"  data-halign=\"center\" style=\"text-align:center\"><div class=\"uvc-heading-spacer no_spacer\" style=\"top\"><\/div><div class=\"uvc-main-heading ult-responsive\"  data-ultimate-target='.uvc-heading.ultimate-heading-345769db9c27d9387 h2'  data-responsive-json-new='{\"font-size\":\"desktop:24px;\",\"line-height\":\"desktop:34px;\"}' ><h2 style=\"font-weight:bold;margin-bottom:5px;\">Talleres y Conferencias<\/h2><\/div><div class=\"uvc-sub-heading ult-responsive\"  data-ultimate-target='.uvc-heading.ultimate-heading-345769db9c27d9387 .uvc-sub-heading '  data-responsive-json-new='{\"font-size\":\"desktop:16px;\",\"line-height\":\"desktop:28px;\"}'  style=\"font-weight:normal;margin-bottom:20px;\">Formar, sensibilizar y motivar. De forma pr\u00e1ctica y con ejemplos de alto impacto.<\/div><\/div><style type=\"text\/css\" data-type=\"the7_shortcodes-inline-css\">#default-btn-e0cc199c8484fa83495b66a273f06816.ico-right-side > i {\n  margin-right: 0px;\n  margin-left: 8px;\n}\n#default-btn-e0cc199c8484fa83495b66a273f06816 > i {\n  margin-right: 8px;\n}\n<\/style><div class=\"btn-align-center\"><a href=\"https:\/\/ayudasparatodos.com\/index.php\/servicios\/talleres-y-conferencias\/\" class=\"default-btn-shortcode dt-btn dt-btn-m link-hover-off \" id=\"default-btn-e0cc199c8484fa83495b66a273f06816\" title=\"Talleres y Conferencias\"><span>Leer M\u00e1s<\/span><\/a><\/div>[\/vc_column_inner][vc_column_inner width=\u00bb1\/3&#8243; css=\u00bb.vc_custom_1560417810424{padding-bottom: 50px !important;}\u00bb]<style type=\"text\/css\" data-type=\"the7_shortcodes-inline-css\">.shortcode-single-image-wrap.shortcode-single-image-27da9c950aaf5355ffb9d407c3b89d63.enable-bg-rollover .rollover i,\n.shortcode-single-image-wrap.shortcode-single-image-27da9c950aaf5355ffb9d407c3b89d63.enable-bg-rollover .rollover-video i {\n  background: -webkit-linear-gradient();\n  background: linear-gradient();\n}\n.shortcode-single-image-wrap.shortcode-single-image-27da9c950aaf5355ffb9d407c3b89d63 .rollover-icon {\n  font-size: 32px;\n  color: #ffffff;\n  min-width: 44px;\n  min-height: 44px;\n  line-height: 44px;\n  border-radius: 100px;\n  border-style: solid;\n  border-width: 0px;\n}\n.dt-icon-bg-on.shortcode-single-image-wrap.shortcode-single-image-27da9c950aaf5355ffb9d407c3b89d63 .rollover-icon {\n  background: rgba(255,255,255,0.3);\n  box-shadow: none;\n}\n<\/style><div class=\"shortcode-single-image-wrap shortcode-single-image-27da9c950aaf5355ffb9d407c3b89d63 alignnone  vc_custom_1684360041284 enable-bg-rollover dt-icon-bg-off\" ><div class=\"shortcode-single-image\"><div class=\"fancy-media-wrap\" style=\"\"><a href=\"\/modern-business\/services\/video-photography\/\" class=\" layzr-bg rollover\" style=\"\" aria-label=\"Image\"><img decoding=\"async\" class=\"preload-me lazy-load\" src=\"data:image\/svg+xml,%3Csvg%20xmlns%3D&#39;http%3A%2F%2Fwww.w3.org%2F2000%2Fsvg&#39;%20viewBox%3D&#39;0%200%20200%20200&#39;%2F%3E\" data-src=\"https:\/\/ayudasparatodos.com\/wp-content\/uploads\/2023\/05\/Big_phone_with_cart-Pequeno-200x200.jpg\" data-srcset=\"https:\/\/ayudasparatodos.com\/wp-content\/uploads\/2023\/05\/Big_phone_with_cart-Pequeno-200x200.jpg 200w, https:\/\/ayudasparatodos.com\/wp-content\/uploads\/2023\/05\/Big_phone_with_cart-Pequeno-400x400.jpg 400w\" width=\"200\" height=\"200\"  data-dt-location=\"https:\/\/ayudasparatodos.com\/index.php\/inicio\/big_phone_with_cart-pequeno\/\" alt=\"Tienda Virtual El mayor Marketplace inclusivo a nivel mundial con m\u00e1s de 5.000 referencias de art\u00edculos especializados. discapacidad accesibilidad colombia\" \/><\/a><\/div><\/div><\/div><div id=\"ultimate-heading-179769db9c27d9c6a\" class=\"uvc-heading ult-adjust-bottom-margin ultimate-heading-179769db9c27d9c6a uvc-8291 \" data-hspacer=\"no_spacer\"  data-halign=\"center\" style=\"text-align:center\"><div class=\"uvc-heading-spacer no_spacer\" style=\"top\"><\/div><div class=\"uvc-main-heading ult-responsive\"  data-ultimate-target='.uvc-heading.ultimate-heading-179769db9c27d9c6a h2'  data-responsive-json-new='{\"font-size\":\"desktop:24px;\",\"line-height\":\"desktop:34px;\"}' ><h2 style=\"font-weight:bold;margin-bottom:5px;\">Tienda Virtual<\/h2><\/div><div class=\"uvc-sub-heading ult-responsive\"  data-ultimate-target='.uvc-heading.ultimate-heading-179769db9c27d9c6a .uvc-sub-heading '  data-responsive-json-new='{\"font-size\":\"desktop:16px;\",\"line-height\":\"desktop:28px;\"}'  style=\"font-weight:normal;margin-bottom:20px;\">El mayor Marketplace inclusivo a nivel mundial con m\u00e1s de 5.000 referencias de art\u00edculos especializados. Servicio de asesor\u00eda personalizado teniendo en cuenta las verdaderas necesidades del cliente, m\u00e1s que venderle lo m\u00e1s costoso y poco practic\u00f3, es una asesor\u00eda integral con soluciones funcionales y al mejor precio.<\/div><\/div><style type=\"text\/css\" data-type=\"the7_shortcodes-inline-css\">#default-btn-6df117f9a6db61be1a13326d0655af3a.ico-right-side > i {\n  margin-right: 0px;\n  margin-left: 8px;\n}\n#default-btn-6df117f9a6db61be1a13326d0655af3a > i {\n  margin-right: 8px;\n}\n<\/style><div class=\"btn-align-center\"><a href=\"https:\/\/ayudasparatodos.com\/index.php\/servicios\/tiendavirtual\/\" class=\"default-btn-shortcode dt-btn dt-btn-m link-hover-off \" id=\"default-btn-6df117f9a6db61be1a13326d0655af3a\" title=\"Tienda Virtual\"><span>Leer M\u00e1s<\/span><\/a><\/div>[\/vc_column_inner][vc_column_inner width=\u00bb1\/3&#8243; css=\u00bb.vc_custom_1560417825192{padding-bottom: 50px !important;}\u00bb]<style type=\"text\/css\" data-type=\"the7_shortcodes-inline-css\">.shortcode-single-image-wrap.shortcode-single-image-f96566a7a4e80e5be080c14866d1227b.enable-bg-rollover .rollover i,\n.shortcode-single-image-wrap.shortcode-single-image-f96566a7a4e80e5be080c14866d1227b.enable-bg-rollover .rollover-video i {\n  background: -webkit-linear-gradient();\n  background: linear-gradient();\n}\n.shortcode-single-image-wrap.shortcode-single-image-f96566a7a4e80e5be080c14866d1227b .rollover-icon {\n  font-size: 32px;\n  color: #ffffff;\n  min-width: 44px;\n  min-height: 44px;\n  line-height: 44px;\n  border-radius: 100px;\n  border-style: solid;\n  border-width: 0px;\n}\n.dt-icon-bg-on.shortcode-single-image-wrap.shortcode-single-image-f96566a7a4e80e5be080c14866d1227b .rollover-icon {\n  background: rgba(255,255,255,0.3);\n  box-shadow: none;\n}\n<\/style><div class=\"shortcode-single-image-wrap shortcode-single-image-f96566a7a4e80e5be080c14866d1227b alignnone  vc_custom_1684360334649 enable-bg-rollover dt-icon-bg-off\" ><div class=\"shortcode-single-image\"><div class=\"fancy-media-wrap\" style=\"\"><a href=\"\/modern-business\/services\/service-page\/\" class=\" layzr-bg rollover\" style=\"\" aria-label=\"Image\"><img decoding=\"async\" class=\"preload-me lazy-load\" src=\"data:image\/svg+xml,%3Csvg%20xmlns%3D&#39;http%3A%2F%2Fwww.w3.org%2F2000%2Fsvg&#39;%20viewBox%3D&#39;0%200%20200%20200&#39;%2F%3E\" data-src=\"https:\/\/ayudasparatodos.com\/wp-content\/uploads\/2023\/05\/Wavy_Ppl-06_Single-12-Pequeno-200x200.jpg\" data-srcset=\"https:\/\/ayudasparatodos.com\/wp-content\/uploads\/2023\/05\/Wavy_Ppl-06_Single-12-Pequeno-200x200.jpg 200w, https:\/\/ayudasparatodos.com\/wp-content\/uploads\/2023\/05\/Wavy_Ppl-06_Single-12-Pequeno-400x400.jpg 400w\" width=\"200\" height=\"200\"  data-dt-location=\"https:\/\/ayudasparatodos.com\/index.php\/inicio\/electronic-accessibility-abstract-concept-vector-illustration\/\" alt=\"Accesibilidad Digital Le ayudamos a lograr la accesibilidad en su p\u00e1gina web, redes sociales, contenidos digitales y campa\u00f1as marketing digital.\" \/><\/a><\/div><\/div><\/div><div id=\"ultimate-heading-352569db9c27da644\" class=\"uvc-heading ult-adjust-bottom-margin ultimate-heading-352569db9c27da644 uvc-1716 \" data-hspacer=\"no_spacer\"  data-halign=\"center\" style=\"text-align:center\"><div class=\"uvc-heading-spacer no_spacer\" style=\"top\"><\/div><div class=\"uvc-main-heading ult-responsive\"  data-ultimate-target='.uvc-heading.ultimate-heading-352569db9c27da644 h2'  data-responsive-json-new='{\"font-size\":\"desktop:24px;\",\"line-height\":\"desktop:34px;\"}' ><h2 style=\"font-weight:bold;margin-bottom:5px;\">Accesibilidad Digital<\/h2><\/div><div class=\"uvc-sub-heading ult-responsive\"  data-ultimate-target='.uvc-heading.ultimate-heading-352569db9c27da644 .uvc-sub-heading '  data-responsive-json-new='{\"font-size\":\"desktop:16px;\",\"line-height\":\"desktop:28px;\"}'  style=\"font-weight:normal;margin-bottom:20px;\">Le ayudamos a lograr la accesibilidad en su p\u00e1gina web, redes sociales, contenidos digitales y campa\u00f1as marketing digital.<\/div><\/div><style type=\"text\/css\" data-type=\"the7_shortcodes-inline-css\">#default-btn-3e8fced27f3ef18f4e25b4db03cc58b7.ico-right-side > i {\n  margin-right: 0px;\n  margin-left: 8px;\n}\n#default-btn-3e8fced27f3ef18f4e25b4db03cc58b7 > i {\n  margin-right: 8px;\n}\n<\/style><div class=\"btn-align-center\"><a href=\"https:\/\/ayudasparatodos.com\/index.php\/servicios\/accesibilidaddigital\/\" class=\"default-btn-shortcode dt-btn dt-btn-m link-hover-off \" id=\"default-btn-3e8fced27f3ef18f4e25b4db03cc58b7\" title=\"Accesibilidad Digital\"><span>Leer M\u00e1s<\/span><\/a><\/div>[\/vc_column_inner][vc_column_inner width=\u00bb1\/3&#8243; css=\u00bb.vc_custom_1560417820595{padding-bottom: 50px !important;}\u00bb]<style type=\"text\/css\" data-type=\"the7_shortcodes-inline-css\">.shortcode-single-image-wrap.shortcode-single-image-2b569b02c19d01aacdd9ab634240ea31.enable-bg-rollover .rollover i,\n.shortcode-single-image-wrap.shortcode-single-image-2b569b02c19d01aacdd9ab634240ea31.enable-bg-rollover .rollover-video i {\n  background: -webkit-linear-gradient();\n  background: linear-gradient();\n}\n.shortcode-single-image-wrap.shortcode-single-image-2b569b02c19d01aacdd9ab634240ea31 .rollover-icon {\n  font-size: 32px;\n  color: #ffffff;\n  min-width: 44px;\n  min-height: 44px;\n  line-height: 44px;\n  border-radius: 100px;\n  border-style: solid;\n  border-width: 0px;\n}\n.dt-icon-bg-on.shortcode-single-image-wrap.shortcode-single-image-2b569b02c19d01aacdd9ab634240ea31 .rollover-icon {\n  background: rgba(255,255,255,0.3);\n  box-shadow: none;\n}\n<\/style><div class=\"shortcode-single-image-wrap shortcode-single-image-2b569b02c19d01aacdd9ab634240ea31 alignnone  vc_custom_1684360484766 enable-bg-rollover dt-icon-bg-off\" ><div class=\"shortcode-single-image\"><div class=\"fancy-media-wrap\" style=\"\"><a href=\"\/modern-business\/services\/social-media-marketing\/\" class=\" layzr-bg rollover\" style=\"\" aria-label=\"Image\"><img decoding=\"async\" class=\"preload-me lazy-load\" src=\"data:image\/svg+xml,%3Csvg%20xmlns%3D&#39;http%3A%2F%2Fwww.w3.org%2F2000%2Fsvg&#39;%20viewBox%3D&#39;0%200%20200%20200&#39;%2F%3E\" data-src=\"https:\/\/ayudasparatodos.com\/wp-content\/uploads\/2023\/05\/6347770-Pequeno-200x200.jpg\" data-srcset=\"https:\/\/ayudasparatodos.com\/wp-content\/uploads\/2023\/05\/6347770-Pequeno-200x200.jpg 200w, https:\/\/ayudasparatodos.com\/wp-content\/uploads\/2023\/05\/6347770-Pequeno-400x400.jpg 400w\" width=\"200\" height=\"200\"  data-dt-location=\"https:\/\/ayudasparatodos.com\/index.php\/inicio\/6347770-pequeno\/\" alt=\"Innovaci\u00f3n Guiamos y apoyamos equipos de innovaci\u00f3n de empresas e instituciones, innovaci\u00f3n de productos y creatividad, innovaci\u00f3n social, innovaci\u00f3n educativa.\" \/><\/a><\/div><\/div><\/div><div id=\"ultimate-heading-650169db9c27daf9b\" class=\"uvc-heading ult-adjust-bottom-margin ultimate-heading-650169db9c27daf9b uvc-8316 \" data-hspacer=\"no_spacer\"  data-halign=\"center\" style=\"text-align:center\"><div class=\"uvc-heading-spacer no_spacer\" style=\"top\"><\/div><div class=\"uvc-main-heading ult-responsive\"  data-ultimate-target='.uvc-heading.ultimate-heading-650169db9c27daf9b h2'  data-responsive-json-new='{\"font-size\":\"desktop:24px;\",\"line-height\":\"desktop:34px;\"}' ><h2 style=\"font-weight:bold;margin-bottom:5px;\">Innovaci\u00f3n<\/h2><\/div><div class=\"uvc-sub-heading ult-responsive\"  data-ultimate-target='.uvc-heading.ultimate-heading-650169db9c27daf9b .uvc-sub-heading '  data-responsive-json-new='{\"font-size\":\"desktop:16px;\",\"line-height\":\"desktop:28px;\"}'  style=\"font-weight:normal;margin-bottom:20px;\">Guiamos y apoyamos equipos de innovaci\u00f3n de empresas e instituciones, innovaci\u00f3n de productos y creatividad, innovaci\u00f3n social, innovaci\u00f3n educativa.<\/div><\/div><style type=\"text\/css\" data-type=\"the7_shortcodes-inline-css\">#default-btn-2417baf6944c924654b24de920f657c4.ico-right-side > i {\n  margin-right: 0px;\n  margin-left: 8px;\n}\n#default-btn-2417baf6944c924654b24de920f657c4 > i {\n  margin-right: 8px;\n}\n<\/style><div class=\"btn-align-center\"><a href=\"https:\/\/ayudasparatodos.com\/index.php\/servicios\/innovacion\/\" class=\"default-btn-shortcode dt-btn dt-btn-m link-hover-off \" id=\"default-btn-2417baf6944c924654b24de920f657c4\" title=\"Innovaci\u00f3n\"><span>Leer M\u00e1s<\/span><\/a><\/div>[\/vc_column_inner][vc_column_inner width=\u00bb1\/3&#8243; css=\u00bb.vc_custom_1560417829847{padding-bottom: 50px !important;}\u00bb]<style type=\"text\/css\" data-type=\"the7_shortcodes-inline-css\">.shortcode-single-image-wrap.shortcode-single-image-d4df93f74b074df217aae5b7f545d46b.enable-bg-rollover .rollover i,\n.shortcode-single-image-wrap.shortcode-single-image-d4df93f74b074df217aae5b7f545d46b.enable-bg-rollover .rollover-video i {\n  background: -webkit-linear-gradient();\n  background: linear-gradient();\n}\n.shortcode-single-image-wrap.shortcode-single-image-d4df93f74b074df217aae5b7f545d46b .rollover-icon {\n  font-size: 32px;\n  color: #ffffff;\n  min-width: 44px;\n  min-height: 44px;\n  line-height: 44px;\n  border-radius: 100px;\n  border-style: solid;\n  border-width: 0px;\n}\n.dt-icon-bg-on.shortcode-single-image-wrap.shortcode-single-image-d4df93f74b074df217aae5b7f545d46b .rollover-icon {\n  background: rgba(255,255,255,0.3);\n  box-shadow: none;\n}\n<\/style><div class=\"shortcode-single-image-wrap shortcode-single-image-d4df93f74b074df217aae5b7f545d46b alignnone  vc_custom_1684360533076 enable-bg-rollover dt-icon-bg-off\" ><div class=\"shortcode-single-image\"><div class=\"fancy-media-wrap\" style=\"\"><a href=\"http:\/\/Vestibulum%20quis%20\u2013%20lorem%20euismod%20orci%20molestie.%20Praesent%20rutrum%20arcu%20sit%20amet%20tempus\" class=\" layzr-bg rollover\" style=\"\" aria-label=\"Image\"><img decoding=\"async\" class=\"preload-me lazy-load\" src=\"data:image\/svg+xml,%3Csvg%20xmlns%3D&#39;http%3A%2F%2Fwww.w3.org%2F2000%2Fsvg&#39;%20viewBox%3D&#39;0%200%20200%20200&#39;%2F%3E\" data-src=\"https:\/\/ayudasparatodos.com\/wp-content\/uploads\/2023\/05\/2403-Pequeno-200x200.jpg\" data-srcset=\"https:\/\/ayudasparatodos.com\/wp-content\/uploads\/2023\/05\/2403-Pequeno-200x200.jpg 200w, https:\/\/ayudasparatodos.com\/wp-content\/uploads\/2023\/05\/2403-Pequeno-400x400.jpg 400w\" width=\"200\" height=\"200\"  data-dt-location=\"https:\/\/ayudasparatodos.com\/index.php\/inicio\/printer-3d-icons-set-flat\/\" alt=\"Impresi\u00f3n 3D Servicio de modelado e impresi\u00f3n 3D de todo tipo de productos en general, y tambi\u00e9n de productos de apoyo especializados para adultos mayores y personas con discapacidad.\" \/><\/a><\/div><\/div><\/div><div id=\"ultimate-heading-654869db9c27db919\" class=\"uvc-heading ult-adjust-bottom-margin ultimate-heading-654869db9c27db919 uvc-2695 \" data-hspacer=\"no_spacer\"  data-halign=\"center\" style=\"text-align:center\"><div class=\"uvc-heading-spacer no_spacer\" style=\"top\"><\/div><div class=\"uvc-main-heading ult-responsive\"  data-ultimate-target='.uvc-heading.ultimate-heading-654869db9c27db919 h2'  data-responsive-json-new='{\"font-size\":\"desktop:24px;\",\"line-height\":\"desktop:34px;\"}' ><h2 style=\"font-weight:bold;margin-bottom:5px;\">Impresi\u00f3n 3D<\/h2><\/div><div class=\"uvc-sub-heading ult-responsive\"  data-ultimate-target='.uvc-heading.ultimate-heading-654869db9c27db919 .uvc-sub-heading '  data-responsive-json-new='{\"font-size\":\"desktop:16px;\",\"line-height\":\"desktop:28px;\"}'  style=\"font-weight:normal;margin-bottom:20px;\">Servicio de modelado e impresi\u00f3n 3D de todo tipo de productos en general, y tambi\u00e9n de productos de apoyo especializados para adultos mayores y personas con discapacidad.<\/div><\/div><style type=\"text\/css\" data-type=\"the7_shortcodes-inline-css\">#default-btn-9a0952dc93155a11450cb0a05e038800.ico-right-side > i {\n  margin-right: 0px;\n  margin-left: 8px;\n}\n#default-btn-9a0952dc93155a11450cb0a05e038800 > i {\n  margin-right: 8px;\n}\n<\/style><div class=\"btn-align-center\"><a href=\"https:\/\/ayudasparatodos.com\/index.php\/servicios\/impresion3d\/\" class=\"default-btn-shortcode dt-btn dt-btn-m link-hover-off \" id=\"default-btn-9a0952dc93155a11450cb0a05e038800\" title=\"Impresi\u00f3n 3D\"><span>Leer M\u00e1s<\/span><\/a><\/div>[\/vc_column_inner][\/vc_row_inner][\/vc_column][\/vc_row]<\/p>\n<\/section>","protected":false},"excerpt":{"rendered":"<p>[vc_row css=\u00bb.vc_custom_1560786853911{margin-bottom: -50px !important;}\u00bb][vc_column][vc_row_inner equal_height=\u00bbyes\u00bb][vc_column_inner width=\u00bb1\/3&#8243; css=\u00bb.vc_custom_1560417813494{padding-bottom: 50px !important;}\u00bb][\/vc_column_inner][vc_column_inner width=\u00bb1\/3&#8243; css=\u00bb.vc_custom_1560417805392{padding-bottom: 50px !important;}\u00bb][\/vc_column_inner][vc_column_inner width=\u00bb1\/3&#8243; css=\u00bb.vc_custom_1560417810424{padding-bottom: 50px !important;}\u00bb][\/vc_column_inner][vc_column_inner width=\u00bb1\/3&#8243; css=\u00bb.vc_custom_1560417825192{padding-bottom: 50px !important;}\u00bb][\/vc_column_inner][vc_column_inner width=\u00bb1\/3&#8243; css=\u00bb.vc_custom_1560417820595{padding-bottom: 50px !important;}\u00bb][\/vc_column_inner][vc_column_inner width=\u00bb1\/3&#8243; css=\u00bb.vc_custom_1560417829847{padding-bottom: 50px !important;}\u00bb][\/vc_column_inner][\/vc_row_inner][\/vc_column][\/vc_row]<\/p>\n","protected":false},"author":1,"featured_media":0,"parent":0,"menu_order":20,"comment_status":"closed","ping_status":"closed","template":"","meta":{"footnotes":""},"class_list":["post-249","page","type-page","status-publish","hentry","description-off"],"_links":{"self":[{"href":"https:\/\/ayudasparatodos.com\/index.php\/wp-json\/wp\/v2\/pages\/249"}],"collection":[{"href":"https:\/\/ayudasparatodos.com\/index.php\/wp-json\/wp\/v2\/pages"}],"about":[{"href":"https:\/\/ayudasparatodos.com\/index.php\/wp-json\/wp\/v2\/types\/page"}],"author":[{"embeddable":true,"href":"https:\/\/ayudasparatodos.com\/index.php\/wp-json\/wp\/v2\/users\/1"}],"replies":[{"embeddable":true,"href":"https:\/\/ayudasparatodos.com\/index.php\/wp-json\/wp\/v2\/comments?post=249"}],"version-history":[{"count":9,"href":"https:\/\/ayudasparatodos.com\/index.php\/wp-json\/wp\/v2\/pages\/249\/revisions"}],"predecessor-version":[{"id":51279,"href":"https:\/\/ayudasparatodos.com\/index.php\/wp-json\/wp\/v2\/pages\/249\/revisions\/51279"}],"wp:attachment":[{"href":"https:\/\/ayudasparatodos.com\/index.php\/wp-json\/wp\/v2\/media?parent=249"}],"curies":[{"name":"wp","href":"https:\/\/api.w.org\/{rel}","templated":true}]}}