{"id":51244,"date":"2023-05-18T02:50:34","date_gmt":"2023-05-18T02:50:34","guid":{"rendered":"https:\/\/ayudasparatodos.com\/?page_id=51244"},"modified":"2023-05-19T01:21:36","modified_gmt":"2023-05-19T01:21:36","slug":"consultoria-y-asesoria","status":"publish","type":"page","link":"https:\/\/ayudasparatodos.com\/index.php\/servicios\/consultoria-y-asesoria\/","title":{"rendered":"Consultor\u00eda y Asesor\u00eda"},"content":{"rendered":"<section class=\"wpb-content-wrapper\"><p>[vc_row][vc_column css=\u00bb.vc_custom_1560777659697{padding-bottom: 50px !important;}\u00bb]<div id=\"ultimate-heading-863869db971d636b1\" class=\"uvc-heading ult-adjust-bottom-margin ultimate-heading-863869db971d636b1 uvc-2121 accent-subtitle-color\" data-hspacer=\"no_spacer\"  data-halign=\"left\" style=\"text-align:left\"><div class=\"uvc-heading-spacer no_spacer\" style=\"top\"><\/div><div class=\"uvc-main-heading ult-responsive\"  data-ultimate-target='.uvc-heading.ultimate-heading-863869db971d636b1 h3'  data-responsive-json-new='{\"font-size\":\"desktop:30px;\",\"line-height\":\"desktop:40px;\"}' ><h3 style=\"font-weight:bold;margin-bottom:5px;\">Consultor\u00eda y Asesor\u00eda<\/h3><\/div><div class=\"uvc-sub-heading ult-responsive\"  data-ultimate-target='.uvc-heading.ultimate-heading-863869db971d636b1 .uvc-sub-heading '  data-responsive-json-new='{\"font-size\":\"desktop:20px;\",\"line-height\":\"desktop:30px;\"}'  style=\"font-weight:normal;margin-bottom:20px;\">Servicio de consultor\u00eda en temas de accesibilidad e inclusi\u00f3n, Turismo Accesible, Emprendimiento e Innovaci\u00f3n.<\/div><\/div>[vc_column_text]Se estudia estado actual, necesidades, y se acompa\u00f1a de un plan de asesor\u00eda personalizada + propuesta de plan de acci\u00f3n integral.<\/p>\n<p>Ofrecemos servicios de consultor\u00eda desde 2 l\u00edneas principales, que son \u00ab<strong>Consultor\u00eda en Accesibilidad e Inclusi\u00f3n<\/strong>\u00ab, y \u00ab<strong>Consultor\u00eda en Innovaci\u00f3n y Emprendimiento<\/strong>\u00ab.<\/p>\n<h2><\/h2>\n<p>&nbsp;<\/p>\n<h3 style=\"text-align: center;\"><strong>Consultor\u00eda en Accesibilidad e Inclusi\u00f3n<\/strong><\/h3>\n<p>Trabajamos con empresas, instituciones educativas, bibliotecas, atractivos tur\u00edsticos, cuidadores, directamente con familias y con cualquier entidad o persona interesada en apoyo para ser m\u00e1s inclusivos y mejorar la calidad de vida de personas con discapacidad.<\/p>\n<p>Con la consultor\u00eda podemos tener una radiograf\u00eda general de las condiciones y barreras de accesibilidad presentes. Seg\u00fan las necesidades detectadas, podemos cubrir temas de accesibilidad arquitectonica, accesibilidad digital, formaci\u00f3n el personal, dispositivos de tecnolog\u00eda asistiva, Marketing Inclusivo.<\/p>\n<p><strong>Recomendamos que realicen este test gratuito de 10 preguntas como autodiagn\u00f3stico de su nivel de accesibilidad actual<\/strong><\/p>\n<h3><img decoding=\"async\" class=\"alignnone wp-image-51298 size-thumbnail\" src=\"https:\/\/ayudasparatodos.com\/wp-content\/uploads\/2023\/05\/lista-de-verificacion-150x150.png\" alt=\"test de accesibilidad dibujo\" width=\"150\" height=\"150\" srcset=\"https:\/\/ayudasparatodos.com\/wp-content\/uploads\/2023\/05\/lista-de-verificacion-150x150.png 150w, https:\/\/ayudasparatodos.com\/wp-content\/uploads\/2023\/05\/lista-de-verificacion-300x300.png 300w, https:\/\/ayudasparatodos.com\/wp-content\/uploads\/2023\/05\/lista-de-verificacion-200x200.png 200w, https:\/\/ayudasparatodos.com\/wp-content\/uploads\/2023\/05\/lista-de-verificacion.png 512w\" sizes=\"(max-width: 150px) 100vw, 150px\" \/><strong>\u00a0<\/strong> <a href=\"https:\/\/forms.gle\/M2xDn9iGHevoKMnv5\"><span style=\"color: #3366ff;\">Presione Aqu\u00ed para realizar el test<\/span><\/a><\/h3>\n<p>La inclusi\u00f3n debe garantizarse por ley, pero adem\u00e1s tambi\u00e9n es buen negocio al poder diferenciarte de la competencia, y hasta estar en capacidad de ayudar a un familiar. Podemos ayudar a los hoteles ya tractivos tur\u00edsticos a ofrecer servicios de turismo accesible, a las empresas para implementar de forma adecuada programas de Inclusi\u00f3n laboral, a las instituciones educativas a implementar estrategias de inclusi\u00f3n educativa, y hasta ayudas a personas con discapacidad ya cuidadores para mejorar la accesibilidad de las tareas del d\u00eda a d\u00eda en sus hogares[\/vc_column_text][vc_column_text]<\/p>\n<p style=\"text-align: center;\"><strong><a href=\"https:\/\/ayudasparatodos.com\/index.php\/contact\/\">Contactanos<\/a>\u00a0 Si te interesa cotizar nuestros servicios, o tienes alguna duda<\/strong><\/p>\n<p>[\/vc_column_text][\/vc_column][\/vc_row][vc_row][vc_column css=\u00bb.vc_custom_1560778479070{padding-bottom: 50px !important;}\u00bb]<style type=\"text\/css\" data-type=\"the7_shortcodes-inline-css\">.shortcode-single-image-wrap.shortcode-single-image-ce342bd66409e0428b6f02690c0ff51f.enable-bg-rollover .rollover i,\n.shortcode-single-image-wrap.shortcode-single-image-ce342bd66409e0428b6f02690c0ff51f.enable-bg-rollover .rollover-video i {\n  background: -webkit-linear-gradient();\n  background: linear-gradient();\n}\n.shortcode-single-image-wrap.shortcode-single-image-ce342bd66409e0428b6f02690c0ff51f .rollover-icon {\n  font-size: 32px;\n  color: #ffffff;\n  min-width: 44px;\n  min-height: 44px;\n  line-height: 44px;\n  border-radius: 100px;\n  border-style: solid;\n  border-width: 0px;\n}\n.dt-icon-bg-on.shortcode-single-image-wrap.shortcode-single-image-ce342bd66409e0428b6f02690c0ff51f .rollover-icon {\n  background: rgba(255,255,255,0.3);\n  box-shadow: none;\n}\n<\/style><div class=\"shortcode-single-image-wrap shortcode-single-image-ce342bd66409e0428b6f02690c0ff51f alignnone  enable-bg-rollover dt-icon-bg-off\" style=\"margin-top:0px; margin-bottom:0px; margin-left:0px; margin-right:0px; width:1600px;\"><div class=\"shortcode-single-image\"><div class=\"fancy-media-wrap  layzr-bg\" style=\"\"><img decoding=\"async\" class=\"preload-me lazy-load\" src=\"data:image\/svg+xml,%3Csvg%20xmlns%3D&#39;http%3A%2F%2Fwww.w3.org%2F2000%2Fsvg&#39;%20viewBox%3D&#39;0%200%20720%20360&#39;%2F%3E\" data-src=\"https:\/\/ayudasparatodos.com\/wp-content\/uploads\/2023\/05\/6217503-Pequeno-720x360.jpg\" data-srcset=\"https:\/\/ayudasparatodos.com\/wp-content\/uploads\/2023\/05\/6217503-Pequeno-720x360.jpg 720w\" width=\"720\" height=\"360\"  data-dt-location=\"https:\/\/ayudasparatodos.com\/index.php\/inicio\/6217503-pequeno\/\" style=\"\" alt=\"Nuestro enfoque es practico Escuchar y comprender los retos y necesidades que nos plantean\" \/><\/div><\/div><\/div><div id=\"ultimate-heading-186769db971d6461c\" class=\"uvc-heading ult-adjust-bottom-margin ultimate-heading-186769db971d6461c uvc-5721  uvc-heading-default-font-sizes\" data-hspacer=\"no_spacer\"  data-halign=\"center\" style=\"text-align:center\"><div class=\"uvc-heading-spacer no_spacer\" style=\"top\"><\/div><div class=\"uvc-main-heading ult-responsive\"  data-ultimate-target='.uvc-heading.ultimate-heading-186769db971d6461c h3'  data-responsive-json-new='{\"font-size\":\"\",\"line-height\":\"\"}' ><h3 style=\"--font-weight:theme;margin-top:25px;\">Consultor\u00eda en Innovaci\u00f3n y Emprendimiento<\/h3><\/div><\/div>[vc_column_text]<\/p>\n<ul>\n<li>Servicio de consultor\u00eda con empresas para trabajar y fomentar la innovaci\u00f3n en productos, servicios y estrategias con equipos.<\/li>\n<li>Innovaci\u00f3n social con un enfoque de generar soluciones para la base de la pir\u00e1mide, que es donde hay la mayor parte de la poblaci\u00f3n y mayores necesidades.<\/li>\n<li>Innovaci\u00f3n educativa para implementar de forma sencilla proceso de Educaci\u00f3n STEAM + Maker y estar mejor preparados para las necesidades educativas actuales.<\/li>\n<li>Consultoria en emprendimiento, creatividad y prototipado r\u00e1pido, para acompa\u00f1ar unidades de emprendimiento, y emprendedores con estrategias y ajustes de alto impacto, y as\u00ed potenciar sus ideas.<\/li>\n<\/ul>\n<p>[\/vc_column_text][\/vc_column][\/vc_row][vc_row][vc_column css=\u00bb.vc_custom_1560778512548{padding-bottom: 50px !important;}\u00bb]<style type=\"text\/css\" data-type=\"the7_shortcodes-inline-css\">.shortcode-single-image-wrap.shortcode-single-image-5d48c70b61bbda641e68d938f52e6b87.enable-bg-rollover .rollover i,\n.shortcode-single-image-wrap.shortcode-single-image-5d48c70b61bbda641e68d938f52e6b87.enable-bg-rollover .rollover-video i {\n  background: -webkit-linear-gradient();\n  background: linear-gradient();\n}\n.shortcode-single-image-wrap.shortcode-single-image-5d48c70b61bbda641e68d938f52e6b87 .rollover-icon {\n  font-size: 32px;\n  color: #ffffff;\n  min-width: 44px;\n  min-height: 44px;\n  line-height: 44px;\n  border-radius: 100px;\n  border-style: solid;\n  border-width: 0px;\n}\n.dt-icon-bg-on.shortcode-single-image-wrap.shortcode-single-image-5d48c70b61bbda641e68d938f52e6b87 .rollover-icon {\n  background: rgba(255,255,255,0.3);\n  box-shadow: none;\n}\n<\/style><div class=\"shortcode-single-image-wrap shortcode-single-image-5d48c70b61bbda641e68d938f52e6b87 alignnone  vc_custom_1684439269622 enable-bg-rollover dt-icon-bg-off\" ><div class=\"shortcode-single-image\"><div class=\"fancy-media-wrap  layzr-bg\" style=\"\"><img decoding=\"async\" class=\"preload-me lazy-load\" src=\"data:image\/svg+xml,%3Csvg%20xmlns%3D&#39;http%3A%2F%2Fwww.w3.org%2F2000%2Fsvg&#39;%20viewBox%3D&#39;0%200%201600%20800&#39;%2F%3E\" data-src=\"https:\/\/ayudasparatodos.com\/wp-content\/uploads\/2022\/06\/conocenos-trabajo-realizado-1600x800.png\" data-srcset=\"https:\/\/ayudasparatodos.com\/wp-content\/uploads\/2022\/06\/conocenos-trabajo-realizado-1600x800.png 1600w, https:\/\/ayudasparatodos.com\/wp-content\/uploads\/2022\/06\/conocenos-trabajo-realizado-1606x803.png 1606w\" width=\"1600\" height=\"800\"  data-dt-location=\"https:\/\/ayudasparatodos.com\/conocenos-trabajo-realizado\/\" style=\"\" alt=\"oscar betancur feria colegios innovacion emprendimiento\" \/><\/div><\/div><\/div>[\/vc_column][\/vc_row][vc_row css=\u00bb.vc_custom_1560778311219{margin-bottom: -20px !important;}\u00bb][vc_column]<div id=\"ultimate-heading-604669db971d6529d\" class=\"uvc-heading ult-adjust-bottom-margin ultimate-heading-604669db971d6529d uvc-4062 accent-subtitle-color\" data-hspacer=\"no_spacer\"  data-halign=\"left\" style=\"text-align:left\"><div class=\"uvc-heading-spacer no_spacer\" style=\"top\"><\/div><div class=\"uvc-main-heading ult-responsive\"  data-ultimate-target='.uvc-heading.ultimate-heading-604669db971d6529d h3'  data-responsive-json-new='{\"font-size\":\"desktop:30px;\",\"line-height\":\"desktop:40px;\"}' ><h3 style=\"font-weight:bold;margin-bottom:5px;\">Servicio personalizado, a la medida<\/h3><\/div><div class=\"uvc-sub-heading ult-responsive\"  data-ultimate-target='.uvc-heading.ultimate-heading-604669db971d6529d .uvc-sub-heading '  data-responsive-json-new='{\"font-size\":\"desktop:20px;\",\"line-height\":\"desktop:30px;\"}'  style=\"font-weight:normal;margin-bottom:20px;\">Soluciones reales a problemas reales<\/div><\/div>[vc_column_text]Nuestro servicio es a la medida, escuchando sus necesidades y generando un informe con informaci\u00f3n muy clara, y acompa\u00f1ado de una propuesta con acciones que sean efectivas y f\u00e1ciles de implementar.<\/p>\n<p>Podemos realizar las consultor\u00edas de forma presencial, y tambi\u00e9n podemos preparar consultor\u00edas b\u00e1sicas de forma virtual, como un primer acercamiento para conocer su empresa, necesidades y generar un primer plan de acci\u00f3n. Comprendemos los sobrecostos que puede generar una visita presencial para consultor\u00eda en otra ciudad\/pa\u00eds. Las consultor\u00edas pueden complementarse de forma presencial o virtual con servicios de formaci\u00f3n y talleres, adem\u00e1s de ofrecerle la venta y asesor\u00eda para instalaci\u00f3n y uso de productos especializados que puedan necesitar.[\/vc_column_text][\/vc_column][\/vc_row][vc_row][vc_column][vc_column_text]<\/p>\n<p style=\"text-align: center;\"><strong><a href=\"https:\/\/ayudasparatodos.com\/index.php\/contact\/\">Contactanos<\/a>\u00a0 Si te interesa cotizar nuestros servicios, o tienes alguna duda<\/strong><\/p>\n<p>[\/vc_column_text][\/vc_column][\/vc_row]<\/p>\n<\/section>","protected":false},"excerpt":{"rendered":"<p>[vc_row][vc_column css=\u00bb.vc_custom_1560777659697{padding-bottom: 50px !important;}\u00bb][vc_column_text]Se estudia estado actual, necesidades, y se acompa\u00f1a de un plan de asesor\u00eda personalizada + propuesta de plan de acci\u00f3n integral. Ofrecemos servicios de consultor\u00eda desde 2 l\u00edneas principales, que son \u00abConsultor\u00eda en Accesibilidad e Inclusi\u00f3n\u00ab, y \u00abConsultor\u00eda en Innovaci\u00f3n y Emprendimiento\u00ab. &nbsp; Consultor\u00eda en Accesibilidad e Inclusi\u00f3n Trabajamos con empresas, instituciones&hellip;<\/p>\n","protected":false},"author":1,"featured_media":51298,"parent":249,"menu_order":2,"comment_status":"closed","ping_status":"closed","template":"","meta":{"footnotes":""},"class_list":["post-51244","page","type-page","status-publish","has-post-thumbnail","hentry","description-off"],"_links":{"self":[{"href":"https:\/\/ayudasparatodos.com\/index.php\/wp-json\/wp\/v2\/pages\/51244"}],"collection":[{"href":"https:\/\/ayudasparatodos.com\/index.php\/wp-json\/wp\/v2\/pages"}],"about":[{"href":"https:\/\/ayudasparatodos.com\/index.php\/wp-json\/wp\/v2\/types\/page"}],"author":[{"embeddable":true,"href":"https:\/\/ayudasparatodos.com\/index.php\/wp-json\/wp\/v2\/users\/1"}],"replies":[{"embeddable":true,"href":"https:\/\/ayudasparatodos.com\/index.php\/wp-json\/wp\/v2\/comments?post=51244"}],"version-history":[{"count":24,"href":"https:\/\/ayudasparatodos.com\/index.php\/wp-json\/wp\/v2\/pages\/51244\/revisions"}],"predecessor-version":[{"id":51278,"href":"https:\/\/ayudasparatodos.com\/index.php\/wp-json\/wp\/v2\/pages\/51244\/revisions\/51278"}],"up":[{"embeddable":true,"href":"https:\/\/ayudasparatodos.com\/index.php\/wp-json\/wp\/v2\/pages\/249"}],"wp:featuredmedia":[{"embeddable":true,"href":"https:\/\/ayudasparatodos.com\/index.php\/wp-json\/wp\/v2\/media\/51298"}],"wp:attachment":[{"href":"https:\/\/ayudasparatodos.com\/index.php\/wp-json\/wp\/v2\/media?parent=51244"}],"curies":[{"name":"wp","href":"https:\/\/api.w.org\/{rel}","templated":true}]}}