{"id":51249,"date":"2023-05-18T02:57:00","date_gmt":"2023-05-18T02:57:00","guid":{"rendered":"https:\/\/ayudasparatodos.com\/?page_id=51249"},"modified":"2023-05-19T04:16:47","modified_gmt":"2023-05-19T04:16:47","slug":"tiendavirtual","status":"publish","type":"page","link":"https:\/\/ayudasparatodos.com\/index.php\/servicios\/tiendavirtual\/","title":{"rendered":"Tienda Virtual"},"content":{"rendered":"<section class=\"wpb-content-wrapper\"><p>[vc_row][vc_column css=\u00bb.vc_custom_1560778504731{padding-bottom: 30px !important;}\u00bb]<div id=\"ultimate-heading-893669db97067a74d\" class=\"uvc-heading ult-adjust-bottom-margin ultimate-heading-893669db97067a74d uvc-7091 accent-subtitle-color\" data-hspacer=\"no_spacer\"  data-halign=\"left\" style=\"text-align:left\"><div class=\"uvc-heading-spacer no_spacer\" style=\"top\"><\/div><div class=\"uvc-main-heading ult-responsive\"  data-ultimate-target='.uvc-heading.ultimate-heading-893669db97067a74d h3'  data-responsive-json-new='{\"font-size\":\"desktop:30px;\",\"line-height\":\"desktop:40px;\"}' ><h3 style=\"font-weight:bold;margin-bottom:5px;\">Tienda Virtual<\/h3><\/div><div class=\"uvc-sub-heading ult-responsive\"  data-ultimate-target='.uvc-heading.ultimate-heading-893669db97067a74d .uvc-sub-heading '  data-responsive-json-new='{\"font-size\":\"desktop:20px;\",\"line-height\":\"desktop:30px;\"}'  style=\"font-weight:normal;margin-bottom:20px;\">El mayor Marketplace inclusivo a nivel mundial con m\u00e1s de 5.000 referencias de art\u00edculos especializados<\/div><\/div>[vc_column_text css=\u00bb.vc_custom_1684468261452{padding-bottom: 30px !important;}\u00bb]Desde Ayudas para TODOS, estamos trabajando para ofrecerles el mayor Marketplace inclusivo a nivel mundial. Reuniendo en 1 solo sitio todos los productos que puedan necesitar, m\u00e1s de 5.000 referencias de art\u00edculos especializados que puedan necesitar instituciones y personas con o sin discapacidad, para apoyar procesos de inclusi\u00f3n e innovaci\u00f3n, ayudando a superar las barreras que se pueden presentar al momento de estudiar, de trabajar, y en las dem\u00e1s actividades de la vida diaria.<\/p>\n<p>&nbsp;<\/p>\n<h3><img decoding=\"async\" class=\"alignnone wp-image-51271 size-thumbnail\" src=\"https:\/\/ayudasparatodos.com\/wp-content\/uploads\/2022\/06\/store-150x150.png\" alt=\"icono tienda virtual\" width=\"150\" height=\"150\" srcset=\"https:\/\/ayudasparatodos.com\/wp-content\/uploads\/2022\/06\/store-150x150.png 150w, https:\/\/ayudasparatodos.com\/wp-content\/uploads\/2022\/06\/store-200x200.png 200w, https:\/\/ayudasparatodos.com\/wp-content\/uploads\/2022\/06\/store.png 256w\" sizes=\"(max-width: 150px) 100vw, 150px\" \/> Presiona <a href=\"https:\/\/ayudasparatodos.com\/index.php\/tienda\/\">AQU\u00cd para ingresar a la Tienda Virtual<\/a><\/h3>\n<p>[\/vc_column_text][\/vc_column][\/vc_row][vc_row][vc_column css=\u00bb.vc_custom_1560778479070{padding-bottom: 50px !important;}\u00bb]<style type=\"text\/css\" data-type=\"the7_shortcodes-inline-css\">.shortcode-single-image-wrap.shortcode-single-image-428b65f3c317f5e8d7369002ec771bbd.enable-bg-rollover .rollover i,\n.shortcode-single-image-wrap.shortcode-single-image-428b65f3c317f5e8d7369002ec771bbd.enable-bg-rollover .rollover-video i {\n  background: -webkit-linear-gradient();\n  background: linear-gradient();\n}\n.shortcode-single-image-wrap.shortcode-single-image-428b65f3c317f5e8d7369002ec771bbd .rollover-icon {\n  font-size: 32px;\n  color: #ffffff;\n  min-width: 44px;\n  min-height: 44px;\n  line-height: 44px;\n  border-radius: 100px;\n  border-style: solid;\n  border-width: 0px;\n}\n.dt-icon-bg-on.shortcode-single-image-wrap.shortcode-single-image-428b65f3c317f5e8d7369002ec771bbd .rollover-icon {\n  background: rgba(255,255,255,0.3);\n  box-shadow: none;\n}\n<\/style><div class=\"shortcode-single-image-wrap shortcode-single-image-428b65f3c317f5e8d7369002ec771bbd alignnone  enable-bg-rollover dt-icon-bg-off\" style=\"margin-top:0px; margin-bottom:0px; margin-left:0px; margin-right:0px; width:1600px;\"><div class=\"shortcode-single-image\"><div class=\"fancy-media-wrap  layzr-bg\" style=\"\"><img decoding=\"async\" class=\"preload-me lazy-load\" src=\"data:image\/svg+xml,%3Csvg%20xmlns%3D&#39;http%3A%2F%2Fwww.w3.org%2F2000%2Fsvg&#39;%20viewBox%3D&#39;0%200%201363%20681&#39;%2F%3E\" data-src=\"https:\/\/ayudasparatodos.com\/wp-content\/uploads\/2019\/06\/IMG_20230503_122237_137-Mediano-Mediano-1363x681.jpg\" data-srcset=\"https:\/\/ayudasparatodos.com\/wp-content\/uploads\/2019\/06\/IMG_20230503_122237_137-Mediano-Mediano-1363x681.jpg 1363w\" width=\"1363\" height=\"681\"  data-dt-location=\"https:\/\/ayudasparatodos.com\/index.php\/dt_gallery\/gallery\/img_20230503_122237_137-mediano-mediano\/\" style=\"\" alt=\"elementos tecnologia asistiva tienda virtual\" \/><\/div><\/div><\/div>[\/vc_column][\/vc_row][vc_row][vc_column css=\u00bb.vc_custom_1560777659697{padding-bottom: 50px !important;}\u00bb]<div id=\"ultimate-heading-70069db97067b600\" class=\"uvc-heading ult-adjust-bottom-margin ultimate-heading-70069db97067b600 uvc-3198 accent-subtitle-color\" data-hspacer=\"no_spacer\"  data-halign=\"left\" style=\"text-align:left\"><div class=\"uvc-heading-spacer no_spacer\" style=\"top\"><\/div><div class=\"uvc-main-heading ult-responsive\"  data-ultimate-target='.uvc-heading.ultimate-heading-70069db97067b600 h3'  data-responsive-json-new='{\"font-size\":\"desktop:30px;\",\"line-height\":\"desktop:40px;\"}' ><h3 style=\"font-weight:bold;margin-bottom:5px;\">Cotizaciones y asesor\u00eda con un experto:<\/h3><\/div><\/div>[vc_column_text]Sabemos que, en la mayor\u00eda de los casos, para las empresas, instituciones educativas, bibliotecas y personas en general, es complicado el proceso de compra de productos de apoyo y tecnolog\u00eda asistiva. \u00bfQu\u00e9 tipo de dispositivo debo comprar? \u00bfcu\u00e1l escoger entre tantas alternativas? \u00bfrealmente van a usarlo y si va a servir?, Hay muchas dudas, y en la mayor\u00eda de casos son inversiones de alto costo, y les adelanto un dato \u201cNo siempre la ayuda m\u00e1s costosa es la mejor\u201d.<\/p>\n<p>Por eso desde Ayudas para TODOS ofrecemos el acompa\u00f1amiento VIP de asesor\u00eda por parte de un experto, lo asesoramos para conseguir las ayudas que usted realmente necesite, ya sea desde los productos que tenemos listados en la p\u00e1gina, o si necesita algo que no tenemos publicado, tambi\u00e9n haremos todo lo posible por conseguirlo con nuestros proveedores en Colombia y a nivel internacional. Podemos conseguir art\u00edculos nuevos, y si usted lo desea, para algunos art\u00edculos tambi\u00e9n podemos conseguirlos usados mucho m\u00e1s econ\u00f3micos, e igualmente con garant\u00eda. Nuestra propuesta ser\u00e1 las adecuada, y se ajustar\u00e1 a sus necesidades desde lo t\u00e9cnico, y a su presupuesto.<\/p>\n<p>Le hacemos llegar v\u00eda o correo o WhatsApp la cotizaci\u00f3n, donde se calcula el valor de los art\u00edculos + el valor del envi\u00f3 seg\u00fan su ubicaci\u00f3n exacta, y finalmente le generamos un enlace de pago personalizado con su moneda local.<\/p>\n<p style=\"vertical-align: baseline; margin: 0cm 0cm 11.25pt 0cm;\"><span style=\"font-size: 11.5pt; font-family: Roboto;\">Asesor\u00eda, cotizaciones dudas y comentarios: Si tiene cualquier duda o comentario, nos puede escribir o llamar via WhatsApp agregando el numero +57 3006000144 o directamente desde este enlace, <a href=\"https:\/\/wa.me\/+573006000144\">https:\/\/wa.me\/+573006000144<\/a><\/span><\/p>\n<p style=\"vertical-align: baseline; margin: 0cm 0cm 11.25pt 0cm;\"><span style=\"font-size: 11.5pt; font-family: Roboto;\">Tambi\u00e9n puede enviarnos un correo electr\u00f3nico a la direcci\u00f3n <a href=\"mailto:ventas@ayudasparatodos.com\">ventas@ayudasparatodos.com <\/a><\/span><\/p>\n<p>\u00bfEres emprendedor\/empresario y tienes un gran producto inclusivo que quisieras promocionar en nuestra plataforma? <a href=\"https:\/\/ayudasparatodos.com\/index.php\/contact\/\">Cont\u00e1ctanos<\/a>[\/vc_column_text][\/vc_column][\/vc_row][vc_row][vc_column css=\u00bb.vc_custom_1560778512548{padding-bottom: 50px !important;}\u00bb]<style type=\"text\/css\" data-type=\"the7_shortcodes-inline-css\">.shortcode-single-image-wrap.shortcode-single-image-a819a4d2691f776e714686788f1d2be5.enable-bg-rollover .rollover i,\n.shortcode-single-image-wrap.shortcode-single-image-a819a4d2691f776e714686788f1d2be5.enable-bg-rollover .rollover-video i {\n  background: -webkit-linear-gradient();\n  background: linear-gradient();\n}\n.shortcode-single-image-wrap.shortcode-single-image-a819a4d2691f776e714686788f1d2be5 .rollover-icon {\n  font-size: 32px;\n  color: #ffffff;\n  min-width: 44px;\n  min-height: 44px;\n  line-height: 44px;\n  border-radius: 100px;\n  border-style: solid;\n  border-width: 0px;\n}\n.dt-icon-bg-on.shortcode-single-image-wrap.shortcode-single-image-a819a4d2691f776e714686788f1d2be5 .rollover-icon {\n  background: rgba(255,255,255,0.3);\n  box-shadow: none;\n}\n<\/style><div class=\"shortcode-single-image-wrap shortcode-single-image-a819a4d2691f776e714686788f1d2be5 alignnone  enable-bg-rollover dt-icon-bg-off\" style=\"margin-top:0px; margin-bottom:0px; margin-left:0px; margin-right:0px; width:1600px;\"><div class=\"shortcode-single-image\"><div class=\"fancy-media-wrap  layzr-bg\" style=\"\"><img decoding=\"async\" class=\"preload-me lazy-load\" src=\"data:image\/svg+xml,%3Csvg%20xmlns%3D&#39;http%3A%2F%2Fwww.w3.org%2F2000%2Fsvg&#39;%20viewBox%3D&#39;0%200%201152%20576&#39;%2F%3E\" data-src=\"https:\/\/ayudasparatodos.com\/wp-content\/uploads\/2023\/05\/tienda-virtual-ayudas-para-todos-Mediano-1152x576.jpg\" data-srcset=\"https:\/\/ayudasparatodos.com\/wp-content\/uploads\/2023\/05\/tienda-virtual-ayudas-para-todos-Mediano-1152x576.jpg 1152w\" width=\"1152\" height=\"576\"  data-dt-location=\"https:\/\/ayudasparatodos.com\/index.php\/servicios\/tiendavirtual\/tienda-virtual-ayudas-para-todos-mediano\/\" style=\"\" alt=\"pagina web comercio electronico\" \/><\/div><\/div><\/div>[\/vc_column][\/vc_row][vc_row css=\u00bb.vc_custom_1560778311219{margin-bottom: -20px !important;}\u00bb][vc_column]<div id=\"ultimate-heading-950669db97067bf0a\" class=\"uvc-heading ult-adjust-bottom-margin ultimate-heading-950669db97067bf0a uvc-6491 accent-subtitle-color\" data-hspacer=\"no_spacer\"  data-halign=\"left\" style=\"text-align:left\"><div class=\"uvc-heading-spacer no_spacer\" style=\"top\"><\/div><div class=\"uvc-main-heading ult-responsive\"  data-ultimate-target='.uvc-heading.ultimate-heading-950669db97067bf0a h3'  data-responsive-json-new='{\"font-size\":\"desktop:30px;\",\"line-height\":\"desktop:40px;\"}' ><h3 style=\"font-weight:bold;margin-bottom:5px;\">M\u00e9todos de pago y envi\u00f3<\/h3><\/div><\/div>[vc_column_text]Tenemos diferentes medios de pago: En l\u00ednea con tarjeta d\u00e9bito o cr\u00e9dito, transferencia bancaria, giros locales \/ internacionales y Paypal. Cada pedido debe pagarse en su totalidad para iniciar el proceso de importaci\u00f3n de los productos importados, o el env\u00edo de los productos que est\u00e1n para entrega inmediata. No manejamos ventas con pagos parciales o contra entrega.<\/p>\n<p><strong>Env\u00edos nacionales e Internacionales:<\/strong> Todos los despachos para destinos nacionales e internacionales, se realizan desde Medell\u00edn \u2013 Colombia.<\/p>\n<p>Primero que todo, debe revisar en la descripci\u00f3n del producto si el articulo est\u00e1 disponible para entrega inmediata o cuales el tiempo de espera promedio que tardara la llegada de los art\u00edculos que deban ser importados, este plazo var\u00eda seg\u00fan el proveedor y el pa\u00eds desde el cual deba ser enviado.<\/p>\n<p>&nbsp;<\/p>\n<p>Precio en d\u00f3lares americanos USD. Favor contactarnos al correo ventas@ayudasparatodos.com para generarle un enlace de pago personalizado por el valor de los art\u00edculos + el valor del envi\u00f3 seg\u00fan su ubicaci\u00f3n y con su moneda local.\u00a0Despachos a nivel nacional e internacional desde Medell\u00edn \u2013 Colombia.<\/p>\n<p>&nbsp;<\/p>\n<p>Los art\u00edculos que est\u00e9n disponibles para entrega inmediata, se env\u00edan al siguiente d\u00eda de recibir el pedido. Para los art\u00edculos importados, el env\u00edo se realiza al siguiente d\u00eda de que le confirmemos al cliente la llegada del articulo al pa\u00eds.<\/p>\n<p>&nbsp;<\/p>\n<p>Para env\u00edos en Colombia normalmente usamos Interrapidisimo, es econ\u00f3mico, y tienen un tiempo de entrega promedio de entre 1 y 3 d\u00edas para las principales ciudades del pa\u00eds. Si desea tambi\u00e9n podemos enviar con otra transportadora.<\/p>\n<p>Para env\u00edos internacionales podemos usar entrega r\u00e1pida de 3-8 d\u00edas con FEDEX,DHL, o UPS o entrega com\u00fan con el servicio nacional de Colombia 4-72 que es mas econ\u00f3mico, y tarda entre 15 d\u00edas y 1 mes. \u00a0Usted decide al momento de hacer el pedido.[\/vc_column_text][\/vc_column][\/vc_row][vc_row][vc_column]<style type=\"text\/css\" data-type=\"the7_shortcodes-inline-css\">.shortcode-single-image-wrap.shortcode-single-image-fa8ddcea2b4694de75771209d657cf5d.enable-bg-rollover .rollover i,\n.shortcode-single-image-wrap.shortcode-single-image-fa8ddcea2b4694de75771209d657cf5d.enable-bg-rollover .rollover-video i {\n  background: -webkit-linear-gradient();\n  background: linear-gradient();\n}\n.shortcode-single-image-wrap.shortcode-single-image-fa8ddcea2b4694de75771209d657cf5d .rollover-icon {\n  font-size: 32px;\n  color: #ffffff;\n  min-width: 44px;\n  min-height: 44px;\n  line-height: 44px;\n  border-radius: 100px;\n  border-style: solid;\n  border-width: 0px;\n}\n.dt-icon-bg-on.shortcode-single-image-wrap.shortcode-single-image-fa8ddcea2b4694de75771209d657cf5d .rollover-icon {\n  background: rgba(255,255,255,0.3);\n  box-shadow: none;\n}\n<\/style><div class=\"shortcode-single-image-wrap shortcode-single-image-fa8ddcea2b4694de75771209d657cf5d alignnone  enable-bg-rollover dt-icon-bg-off\" style=\"margin-top:0px; margin-bottom:0px; margin-left:0px; margin-right:0px; width:1600px;\"><div class=\"shortcode-single-image\"><div class=\"fancy-media-wrap  layzr-bg\" style=\"\"><img decoding=\"async\" class=\"preload-me lazy-load\" src=\"data:image\/svg+xml,%3Csvg%20xmlns%3D&#39;http%3A%2F%2Fwww.w3.org%2F2000%2Fsvg&#39;%20viewBox%3D&#39;0%200%20691%20345&#39;%2F%3E\" data-src=\"https:\/\/ayudasparatodos.com\/wp-content\/uploads\/2023\/05\/servicio-postventa-ayudas-para-todos-691x345.jpg\" data-srcset=\"https:\/\/ayudasparatodos.com\/wp-content\/uploads\/2023\/05\/servicio-postventa-ayudas-para-todos-691x345.jpg 691w\" width=\"691\" height=\"345\"  data-dt-location=\"https:\/\/ayudasparatodos.com\/index.php\/servicios\/tiendavirtual\/business-leader-inserting-credit-card-into-cell\/\" style=\"\" alt=\"imagen persona al lado de telefono tarjetas y certificados\" \/><\/div><\/div><\/div><div id=\"ultimate-heading-92669db97067c7b5\" class=\"uvc-heading ult-adjust-bottom-margin ultimate-heading-92669db97067c7b5 uvc-9562 accent-subtitle-color\" data-hspacer=\"no_spacer\"  data-halign=\"left\" style=\"text-align:left\"><div class=\"uvc-heading-spacer no_spacer\" style=\"top\"><\/div><div class=\"uvc-main-heading ult-responsive\"  data-ultimate-target='.uvc-heading.ultimate-heading-92669db97067c7b5 h3'  data-responsive-json-new='{\"font-size\":\"desktop:30px;\",\"line-height\":\"desktop:40px;\"}' ><h3 style=\"font-weight:bold;margin-bottom:5px;\">Servicio Postventa y Garant\u00eda<\/h3><\/div><\/div>[vc_column_text]Cada comprador cuenta con 1 a\u00f1o de asesor\u00eda postventa, para tener acompa\u00f1amiento en todo el proceso de instalaci\u00f3n, configuraci\u00f3n, uso, soluci\u00f3n de problemas y cualquier duda relacionada. Nuestro objetivo no es simplemente lograr la venta, buscamos acompa\u00f1arlos para garantizar que el dispositivo realmente se use, y que cumpla con el objetivo para el cual fue comprado.<\/p>\n<p>&nbsp;<\/p>\n<p>Todos nuestros art\u00edculos cuentan con garant\u00eda. En el caso de art\u00edculos producidos localmente de nuestra marca Ayudas para TODOS, nosotros directamente cumplimos con garant\u00eda y nos encargamos de repuesto, reparaciones, cambios o seg\u00fan sea necesario. Para art\u00edculos con otros proveedores en Colombia o para art\u00edculos importados, cada art\u00edculo es probado antes de ser enviado, por lo cual una falla es muy poco probable, pero en caso de suceder, la garant\u00eda al cubre el fabricante o distribuidor. Los costos de env\u00edos de devoluci\u00f3n nacional \/ internacional por garant\u00eda los asume el cliente<\/p>\n<p>&nbsp;<\/p>\n<h3><img decoding=\"async\" class=\"alignnone wp-image-51271 size-thumbnail\" src=\"https:\/\/ayudasparatodos.com\/wp-content\/uploads\/2022\/06\/store-150x150.png\" alt=\"icono tienda virtual\" width=\"150\" height=\"150\" srcset=\"https:\/\/ayudasparatodos.com\/wp-content\/uploads\/2022\/06\/store-150x150.png 150w, https:\/\/ayudasparatodos.com\/wp-content\/uploads\/2022\/06\/store-200x200.png 200w, https:\/\/ayudasparatodos.com\/wp-content\/uploads\/2022\/06\/store.png 256w\" sizes=\"(max-width: 150px) 100vw, 150px\" \/> Presiona <a href=\"https:\/\/ayudasparatodos.com\/index.php\/tienda\/\">AQU\u00cd para ingresar a la Tienda Virtual<\/a><\/h3>\n<p>[\/vc_column_text][\/vc_column][\/vc_row]<\/p>\n<\/section>","protected":false},"excerpt":{"rendered":"<p>[vc_row][vc_column css=\u00bb.vc_custom_1560778504731{padding-bottom: 30px !important;}\u00bb][vc_column_text css=\u00bb.vc_custom_1684468261452{padding-bottom: 30px !important;}\u00bb]Desde Ayudas para TODOS, estamos trabajando para ofrecerles el mayor Marketplace inclusivo a nivel mundial. Reuniendo en 1 solo sitio todos los productos que puedan necesitar, m\u00e1s de 5.000 referencias de art\u00edculos especializados que puedan necesitar instituciones y personas con o sin discapacidad, para apoyar procesos de inclusi\u00f3n e&hellip;<\/p>\n","protected":false},"author":1,"featured_media":0,"parent":249,"menu_order":3,"comment_status":"closed","ping_status":"closed","template":"","meta":{"footnotes":""},"class_list":["post-51249","page","type-page","status-publish","hentry","description-off"],"_links":{"self":[{"href":"https:\/\/ayudasparatodos.com\/index.php\/wp-json\/wp\/v2\/pages\/51249"}],"collection":[{"href":"https:\/\/ayudasparatodos.com\/index.php\/wp-json\/wp\/v2\/pages"}],"about":[{"href":"https:\/\/ayudasparatodos.com\/index.php\/wp-json\/wp\/v2\/types\/page"}],"author":[{"embeddable":true,"href":"https:\/\/ayudasparatodos.com\/index.php\/wp-json\/wp\/v2\/users\/1"}],"replies":[{"embeddable":true,"href":"https:\/\/ayudasparatodos.com\/index.php\/wp-json\/wp\/v2\/comments?post=51249"}],"version-history":[{"count":8,"href":"https:\/\/ayudasparatodos.com\/index.php\/wp-json\/wp\/v2\/pages\/51249\/revisions"}],"predecessor-version":[{"id":51311,"href":"https:\/\/ayudasparatodos.com\/index.php\/wp-json\/wp\/v2\/pages\/51249\/revisions\/51311"}],"up":[{"embeddable":true,"href":"https:\/\/ayudasparatodos.com\/index.php\/wp-json\/wp\/v2\/pages\/249"}],"wp:attachment":[{"href":"https:\/\/ayudasparatodos.com\/index.php\/wp-json\/wp\/v2\/media?parent=51249"}],"curies":[{"name":"wp","href":"https:\/\/api.w.org\/{rel}","templated":true}]}}