{"id":51255,"date":"2023-05-18T03:08:35","date_gmt":"2023-05-18T03:08:35","guid":{"rendered":"https:\/\/ayudasparatodos.com\/?page_id=51255"},"modified":"2023-05-20T02:58:00","modified_gmt":"2023-05-20T02:58:00","slug":"impresion3d","status":"publish","type":"page","link":"https:\/\/ayudasparatodos.com\/index.php\/servicios\/impresion3d\/","title":{"rendered":"Impresi\u00f3n 3D"},"content":{"rendered":"<section class=\"wpb-content-wrapper\"><p>[vc_row][vc_column css=\u00bb.vc_custom_1560777659697{padding-bottom: 50px !important;}\u00bb]<div id=\"ultimate-heading-16069db971d64bbc\" class=\"uvc-heading ult-adjust-bottom-margin ultimate-heading-16069db971d64bbc uvc-4963 accent-subtitle-color\" data-hspacer=\"no_spacer\"  data-halign=\"left\" style=\"text-align:left\"><div class=\"uvc-heading-spacer no_spacer\" style=\"top\"><\/div><div class=\"uvc-main-heading ult-responsive\"  data-ultimate-target='.uvc-heading.ultimate-heading-16069db971d64bbc h3'  data-responsive-json-new='{\"font-size\":\"desktop:30px;\",\"line-height\":\"desktop:40px;\"}' ><h3 style=\"font-weight:bold;margin-bottom:5px;\">Impresi\u00f3n 3D<\/h3><\/div><div class=\"uvc-sub-heading ult-responsive\"  data-ultimate-target='.uvc-heading.ultimate-heading-16069db971d64bbc .uvc-sub-heading '  data-responsive-json-new='{\"font-size\":\"desktop:20px;\",\"line-height\":\"desktop:30px;\"}'  style=\"font-weight:normal;margin-bottom:20px;\">Venta de productos de apoyo impresos en 3d, Descarga gratuita de miles de dise\u00f1os para imprimir en 3D, programa de donaciones y padrinos, servicio de impresi\u00f3n 3D, servicio de modelado 3D<\/div><\/div>[vc_column_text]Presentamos \u201cAyudas para TODOS 3D\u201d un sitio web donde reunimos todos los servicios y recursos enfocados a impresi\u00f3n 3D.\u00a0 Hemos trabajado por 2 a\u00f1os para lograr reunir en nuestro sitio web, la mayor recopilaci\u00f3n a nivel mundial de ayudas y productos de apoyo impresos en 3D, para ayudar a personas con discapacidad, adultos mayores y tambi\u00e9n a cualquier persona que se le dificulte o le sea imposible realizar una tarea de forma tradicional. Contamos con m\u00e1s de 2.000 dise\u00f1os, organizados en 19 categor\u00edas, una gran variedad de ayudas desde dispositivos b\u00e1sicas, hasta ayudas m\u00e1s especializada seg\u00fan la necesidad de cada persona o instituci\u00f3n, para facilitar los procesos de inclusi\u00f3n y participar con independencia de todo tipo de actividades, contando con las herramientas y apoyos adecuados.<\/p>\n<p>&nbsp;<\/p>\n<h3><img decoding=\"async\" class=\"alignnone wp-image-51274 size-thumbnail\" src=\"https:\/\/ayudasparatodos.com\/wp-content\/uploads\/2022\/06\/3d-printer-150x150.png\" alt=\"logo impresora 3d\" width=\"150\" height=\"150\" srcset=\"https:\/\/ayudasparatodos.com\/wp-content\/uploads\/2022\/06\/3d-printer-150x150.png 150w, https:\/\/ayudasparatodos.com\/wp-content\/uploads\/2022\/06\/3d-printer-200x200.png 200w, https:\/\/ayudasparatodos.com\/wp-content\/uploads\/2022\/06\/3d-printer.png 256w\" sizes=\"(max-width: 150px) 100vw, 150px\" \/> Presiona <a href=\"https:\/\/ayudasparatodos3d.com\/\">AQU\u00cd para ingresar a Ayudas para Todos 3D<\/a><\/h3>\n<p>[\/vc_column_text][\/vc_column][\/vc_row][vc_row][vc_column css=\u00bb.vc_custom_1560778479070{padding-bottom: 50px !important;}\u00bb]<style type=\"text\/css\" data-type=\"the7_shortcodes-inline-css\">.shortcode-single-image-wrap.shortcode-single-image-abd15e127c95d9d0d3b500c03490b04d.enable-bg-rollover .rollover i,\n.shortcode-single-image-wrap.shortcode-single-image-abd15e127c95d9d0d3b500c03490b04d.enable-bg-rollover .rollover-video i {\n  background: -webkit-linear-gradient();\n  background: linear-gradient();\n}\n.shortcode-single-image-wrap.shortcode-single-image-abd15e127c95d9d0d3b500c03490b04d .rollover-icon {\n  font-size: 32px;\n  color: #ffffff;\n  min-width: 44px;\n  min-height: 44px;\n  line-height: 44px;\n  border-radius: 100px;\n  border-style: solid;\n  border-width: 0px;\n}\n.dt-icon-bg-on.shortcode-single-image-wrap.shortcode-single-image-abd15e127c95d9d0d3b500c03490b04d .rollover-icon {\n  background: rgba(255,255,255,0.3);\n  box-shadow: none;\n}\n<\/style><div class=\"shortcode-single-image-wrap shortcode-single-image-abd15e127c95d9d0d3b500c03490b04d alignnone  enable-bg-rollover dt-icon-bg-off\" style=\"margin-top:0px; margin-bottom:0px; margin-left:0px; margin-right:0px; width:1600px;\"><div class=\"shortcode-single-image\"><div class=\"fancy-media-wrap  layzr-bg\" style=\"\"><img decoding=\"async\" class=\"preload-me lazy-load\" src=\"data:image\/svg+xml,%3Csvg%20xmlns%3D&#39;http%3A%2F%2Fwww.w3.org%2F2000%2Fsvg&#39;%20viewBox%3D&#39;0%200%20972%20729&#39;%2F%3E\" data-src=\"https:\/\/ayudasparatodos.com\/wp-content\/uploads\/2023\/05\/ayudasparatodos3d-972x729.jpg\" data-srcset=\"https:\/\/ayudasparatodos.com\/wp-content\/uploads\/2023\/05\/ayudasparatodos3d-972x729.jpg 972w\" width=\"972\" height=\"729\"  data-dt-location=\"https:\/\/ayudasparatodos.com\/index.php\/servicios\/impresion3d\/ayudasparatodos3d\/\" style=\"\" alt=\"imagen pantallazo sitio web www.ayudasparatodos3d.com\" \/><\/div><\/div><\/div>[\/vc_column][\/vc_row][vc_row][vc_column css=\u00bb.vc_custom_1560778504731{padding-bottom: 30px !important;}\u00bb][vc_column_text]\u00bfSab\u00edan ustedes que 92% de las personas con discapacidad en Colombia son de escasos recursos?,\u00bfQu\u00e9 84% de ellas no tiene un empleo formal?, \u00bfQue una gran limitante para la inclusi\u00f3n educativa y laboral es la falta de productos de apoyo especializados, pues deben ser importados y son muy costosos? Desde la fundaci\u00f3n todos Podemos Ayudar hacemos parte de una gran alianza internacional, que mediante el proyecto \u201cImpresi\u00f3n 3D para la paz\u201d busca usar la tecnolog\u00eda para beneficio social de comunidades vulnerables.<\/p>\n<p>&nbsp;<\/p>\n<p><strong>Desde Ayudas para TODOS 3D puedes:<\/strong><\/p>\n<p><strong>1 &#8211; Descargar:<\/strong> Descargar dise\u00f1os de miles de ayudas especializadas, e imprimirlos si tienes acceso a una impresora 3D. Puedes descargar los modelos totalmente de forma gratuita desde la secci\u00f3n de \u201cDescarga\u201d de cada dise\u00f1o.<\/p>\n<p><strong>2 &#8211; Comprar:<\/strong> Puedes comprar la ayuda que desees, ya sea que no tengan acceso a una impresora 3D o que simplemente quieran la tranquilidad de recibir la ayuda ya impresa de forma correcta y personalizada seg\u00fan su necesidad, pueden usar la opci\u00f3n de \u201cCompra\u201d de los dispositivos. Esto se puede hacer comprando directamente en la p\u00e1gina del art\u00edculo que les interesa, o contact\u00e1ndonos para cotizar si desea comprar un paquete con diferentes ayudas. Un valor agregado al usted comprar, es que cuenta con asesor\u00eda de un equipo experto en productos de apoyo, que le aconsejara cual o cuales le sirven seg\u00fan sus necesidades espec\u00edficas, y tambi\u00e9n podemos realizarle ajustes o adaptaciones de forma personalizada para casos espec\u00edficos. Para la compra pueden pagar personalmente en efectivo en nuestra oficina en Medell\u00edn, o pagar por transferencia Bancolombia\/Nequi \/ PayPal o tarjeta de cr\u00e9dito; y le hacemos \u00e9l envi\u00f3 por transportadora a cualquier ciudad de Colombia o a otros pa\u00edses. Les aseguramos que el precio ser\u00e1 mucho mejor que el que pagar\u00edas por costosas soluciones que deben ser importadas, y con tu compra apoyaras nuestro programa de inclusi\u00f3n laboral y la sostenibilidad de la Fundaci\u00f3n todos Podemos Ayudar.[\/vc_column_text][\/vc_column][\/vc_row][vc_row][vc_column css=\u00bb.vc_custom_1560778479070{padding-bottom: 50px !important;}\u00bb]<style type=\"text\/css\" data-type=\"the7_shortcodes-inline-css\">.shortcode-single-image-wrap.shortcode-single-image-aade4b958372cbde1ecb363c6437d8e3.enable-bg-rollover .rollover i,\n.shortcode-single-image-wrap.shortcode-single-image-aade4b958372cbde1ecb363c6437d8e3.enable-bg-rollover .rollover-video i {\n  background: -webkit-linear-gradient();\n  background: linear-gradient();\n}\n.shortcode-single-image-wrap.shortcode-single-image-aade4b958372cbde1ecb363c6437d8e3 .rollover-icon {\n  font-size: 32px;\n  color: #ffffff;\n  min-width: 44px;\n  min-height: 44px;\n  line-height: 44px;\n  border-radius: 100px;\n  border-style: solid;\n  border-width: 0px;\n}\n.dt-icon-bg-on.shortcode-single-image-wrap.shortcode-single-image-aade4b958372cbde1ecb363c6437d8e3 .rollover-icon {\n  background: rgba(255,255,255,0.3);\n  box-shadow: none;\n}\n<\/style><div class=\"shortcode-single-image-wrap shortcode-single-image-aade4b958372cbde1ecb363c6437d8e3 alignnone  enable-bg-rollover dt-icon-bg-off\" style=\"margin-top:0px; margin-bottom:0px; margin-left:0px; margin-right:0px; width:1600px;\"><div class=\"shortcode-single-image\"><div class=\"fancy-media-wrap  layzr-bg\" style=\"\"><img decoding=\"async\" class=\"preload-me lazy-load\" src=\"data:image\/svg+xml,%3Csvg%20xmlns%3D&#39;http%3A%2F%2Fwww.w3.org%2F2000%2Fsvg&#39;%20viewBox%3D&#39;0%200%20756%20378&#39;%2F%3E\" data-src=\"https:\/\/ayudasparatodos.com\/wp-content\/uploads\/2023\/05\/Screenshot_44-756x378.png\" data-srcset=\"https:\/\/ayudasparatodos.com\/wp-content\/uploads\/2023\/05\/Screenshot_44-756x378.png 756w\" width=\"756\" height=\"378\"  data-dt-location=\"https:\/\/ayudasparatodos.com\/index.php\/servicios\/impresion3d\/screenshot_44\/\" style=\"\" alt=\"impersora 3d y texto promocionando ayudas para todos 3d\" \/><\/div><\/div><\/div>[vc_column_text]<strong>3 &#8211; Solicitar una donaci\u00f3n: <\/strong>Entendemos que es posible que no tengas acceso a una impresora 3D, y tampoco los recursos para comprar la ayuda impresa en 3D que necesitas. En ese caso tienes la opci\u00f3n de solicitar una donaci\u00f3n gratuita de uno o varios elementos a nivel personal o para una instituci\u00f3n. Debes diligenciar el formulario que vas a encontrar en la secci\u00f3n de \u00abSolicitar una Donaci\u00f3n\u00bb que encontraras en el sitio web http:\/\/www.ayudasparatodos3d.com *Recuerda ser honesto y solo aplicar si realmente no cuentas con los recursos para adquirir la ayuda, si puedes pagarla, mejor la compras, apoyas nuestro proyecto y as\u00ed tambi\u00e9n ayudamos otros m\u00e1s que si lo necesiten.<\/p>\n<p><strong>\u00a0<\/strong><\/p>\n<p><strong>4 -Realizar una donaci\u00f3n:<\/strong> T\u00fa tambi\u00e9n puedes apoyar este gran proyecto. Son muchas las personas y las instituciones que nos solicitan que les entreguemos ayudas en donaci\u00f3n, ya que no cuentan con impresora 3D o con los recursos para comprarnos las ayudas ya impresas.\u00a0 Nosotros como emprendimiento social, tenemos calculado mensualmente destinar un porcentaje de las ganancias de las ventas para ir entregando algunas donaciones, pero son muchas m\u00e1s las solicitudes de donaci\u00f3n, que lo que podemos cubrir por nosotros mismos.\u00a0 Por ese motivo y con la gran meta de cumplir con todas las solicitudes de donaci\u00f3n, es que hacemos un llamado a todas las personas y empresas que puedan unirse a esta iniciativa con un aporte de cualquier valor por Nequi, transferencia Bancolombia, o PayPal. tambi\u00e9n aplicar al plan padrino donde pueden tomar una solicitud de donaci\u00f3n de una persona o de una entidad que necesite varias ayudas y donarlas. Podemos entregar certificados de donaci\u00f3n las empresas que lo deseen. Tambi\u00e9n hacemos un llamado a las empresas, instituciones y particulares que tengan impresoras 3D, que se unan a esta iniciativa apoyando con la impresi\u00f3n de algunas de las ayudas que tengamos pendientes por entregar como donaci\u00f3n.<\/p>\n<p><strong>5 \u2013 Servicio de impresi\u00f3n y de modelado 3D<\/strong>: Si tienes alg\u00fan dise\u00f1o que desees que te modelemos en 3D podemos hacerlo con nuestro equipo de profesionales, igualmente si necesitas alg\u00fan dise\u00f1o impreso en 3D podemos imprimirlo en diferentes materiales y colores seg\u00fan tu necesidad.[\/vc_column_text][\/vc_column][\/vc_row][vc_row][vc_column css=\u00bb.vc_custom_1560778479070{padding-bottom: 50px !important;}\u00bb]<style type=\"text\/css\" data-type=\"the7_shortcodes-inline-css\">.shortcode-single-image-wrap.shortcode-single-image-de7d3c97c5ec3c93f2d3211a144cfcbb.enable-bg-rollover .rollover i,\n.shortcode-single-image-wrap.shortcode-single-image-de7d3c97c5ec3c93f2d3211a144cfcbb.enable-bg-rollover .rollover-video i {\n  background: -webkit-linear-gradient();\n  background: linear-gradient();\n}\n.shortcode-single-image-wrap.shortcode-single-image-de7d3c97c5ec3c93f2d3211a144cfcbb .rollover-icon {\n  font-size: 32px;\n  color: #ffffff;\n  min-width: 44px;\n  min-height: 44px;\n  line-height: 44px;\n  border-radius: 100px;\n  border-style: solid;\n  border-width: 0px;\n}\n.dt-icon-bg-on.shortcode-single-image-wrap.shortcode-single-image-de7d3c97c5ec3c93f2d3211a144cfcbb .rollover-icon {\n  background: rgba(255,255,255,0.3);\n  box-shadow: none;\n}\n<\/style><div class=\"shortcode-single-image-wrap shortcode-single-image-de7d3c97c5ec3c93f2d3211a144cfcbb alignnone  enable-bg-rollover dt-icon-bg-off\" style=\"margin-top:0px; margin-bottom:0px; margin-left:0px; margin-right:0px; width:1600px;\"><div class=\"shortcode-single-image\"><div class=\"fancy-media-wrap  layzr-bg\" style=\"\"><img decoding=\"async\" class=\"preload-me lazy-load\" src=\"data:image\/svg+xml,%3Csvg%20xmlns%3D&#39;http%3A%2F%2Fwww.w3.org%2F2000%2Fsvg&#39;%20viewBox%3D&#39;0%200%201160%20869&#39;%2F%3E\" data-src=\"https:\/\/ayudasparatodos.com\/wp-content\/uploads\/2023\/05\/ayudas-3d-agarre-1160x869.png\" data-srcset=\"https:\/\/ayudasparatodos.com\/wp-content\/uploads\/2023\/05\/ayudas-3d-agarre-1160x869.png 1160w\" width=\"1160\" height=\"869\"  data-dt-location=\"https:\/\/ayudasparatodos.com\/index.php\/servicios\/impresion3d\/ayudas-3d-agarre\/\" style=\"\" alt=\"catalogo ayduas dise\u00f1os ayudas para todos 3d\" \/><\/div><\/div><\/div>[vc_column_text]Entonces ya saben, son m\u00faltiples las opciones, ingresen en http:\/\/www.ayudasparatodos3d.com para conocer el cat\u00e1logo completo de los dise\u00f1os, y sacar provecho ya sea para ti, ayudar a alguien o apoyarnos para que podamos ayudar m\u00e1s.<\/p>\n<p>&nbsp;<\/p>\n<p>Entonces ya saben, son m\u00faltiples las opciones, ingresen en http:\/\/www.ayudasparatodos3d.com para conocer el cat\u00e1logo completo de los dise\u00f1os, y sacar provecho ya sea para ti, ayudar a alguien o apoyarnos para que podamos ayudar m\u00e1s.<\/p>\n<p>Este es un proyecto totalmente disruptivo, de alto impacto social, no hay en el mundo nada similar y ya de nuestra parte hemos investigado y montado la plataforma, ahora para la siguiente etapa necesitamos todo el apoyo de muchas personas y entidades (periodistas, empresas, alcald\u00edas, fundaciones, universidades, bibliotecas, personas naturales) para la difusi\u00f3n de esta herramienta y sacarle todo el provecho, y as\u00ed beneficiar a muchas personas.<\/p>\n<p>Lograr hacer realidad este proyecto no ha sido nada f\u00e1cil, es fruto de una gran alianza internacional con la universidad EPFL de Suiza como patrocinador, la Universidad de los Andes como liado para desarrollar un filamento ecol\u00f3gico, y nosotros como el proyecto Ayudas para Todos de la Fundaci\u00f3n Todos Podemos Ayudar adaptando el enfoque practico\/social para que ese nuevo material con nuestro cat\u00e1logo, logre beneficiar a muchas personas.[\/vc_column_text][\/vc_column][\/vc_row][vc_row][vc_column css=\u00bb.vc_custom_1560778512548{padding-bottom: 50px !important;}\u00bb][vc_column_text css=\u00bb.vc_custom_1684551409087{padding-bottom: 30px !important;}\u00bb]<\/p>\n<h3><img decoding=\"async\" class=\"alignnone wp-image-51274 size-thumbnail\" src=\"https:\/\/ayudasparatodos.com\/wp-content\/uploads\/2022\/06\/3d-printer-150x150.png\" alt=\"logo impresora 3d\" width=\"150\" height=\"150\" srcset=\"https:\/\/ayudasparatodos.com\/wp-content\/uploads\/2022\/06\/3d-printer-150x150.png 150w, https:\/\/ayudasparatodos.com\/wp-content\/uploads\/2022\/06\/3d-printer-200x200.png 200w, https:\/\/ayudasparatodos.com\/wp-content\/uploads\/2022\/06\/3d-printer.png 256w\" sizes=\"(max-width: 150px) 100vw, 150px\" \/> Presiona <a href=\"https:\/\/ayudasparatodos3d.com\/\">AQU\u00cd para ingresar a Ayudas para Todos 3D<\/a><\/h3>\n<p>[\/vc_column_text][\/vc_column][\/vc_row]<\/p>\n<\/section>","protected":false},"excerpt":{"rendered":"<p>[vc_row][vc_column css=\u00bb.vc_custom_1560777659697{padding-bottom: 50px !important;}\u00bb][vc_column_text]Presentamos \u201cAyudas para TODOS 3D\u201d un sitio web donde reunimos todos los servicios y recursos enfocados a impresi\u00f3n 3D.\u00a0 Hemos trabajado por 2 a\u00f1os para lograr reunir en nuestro sitio web, la mayor recopilaci\u00f3n a nivel mundial de ayudas y productos de apoyo impresos en 3D, para ayudar a personas con discapacidad,&hellip;<\/p>\n","protected":false},"author":1,"featured_media":0,"parent":249,"menu_order":6,"comment_status":"closed","ping_status":"closed","template":"","meta":{"footnotes":""},"class_list":["post-51255","page","type-page","status-publish","hentry","description-off"],"_links":{"self":[{"href":"https:\/\/ayudasparatodos.com\/index.php\/wp-json\/wp\/v2\/pages\/51255"}],"collection":[{"href":"https:\/\/ayudasparatodos.com\/index.php\/wp-json\/wp\/v2\/pages"}],"about":[{"href":"https:\/\/ayudasparatodos.com\/index.php\/wp-json\/wp\/v2\/types\/page"}],"author":[{"embeddable":true,"href":"https:\/\/ayudasparatodos.com\/index.php\/wp-json\/wp\/v2\/users\/1"}],"replies":[{"embeddable":true,"href":"https:\/\/ayudasparatodos.com\/index.php\/wp-json\/wp\/v2\/comments?post=51255"}],"version-history":[{"count":10,"href":"https:\/\/ayudasparatodos.com\/index.php\/wp-json\/wp\/v2\/pages\/51255\/revisions"}],"predecessor-version":[{"id":51368,"href":"https:\/\/ayudasparatodos.com\/index.php\/wp-json\/wp\/v2\/pages\/51255\/revisions\/51368"}],"up":[{"embeddable":true,"href":"https:\/\/ayudasparatodos.com\/index.php\/wp-json\/wp\/v2\/pages\/249"}],"wp:attachment":[{"href":"https:\/\/ayudasparatodos.com\/index.php\/wp-json\/wp\/v2\/media?parent=51255"}],"curies":[{"name":"wp","href":"https:\/\/api.w.org\/{rel}","templated":true}]}}