{"id":50734,"date":"2023-02-23T21:38:58","date_gmt":"2023-02-23T21:38:58","guid":{"rendered":"https:\/\/ayudasparatodos.com\/?post_type=product&#038;p=50734"},"modified":"2024-01-24T21:11:48","modified_gmt":"2024-01-24T21:11:48","slug":"juguetesonoro","status":"publish","type":"product","link":"https:\/\/ayudasparatodos.com\/index.php\/producto\/juguetesonoro\/","title":{"rendered":"Sistema sonoro intermitente para discapacidad visual adaptar a juguetes, deportes, objetos"},"content":{"rendered":"<p>Sistema sonoro intermitente para discapacidad visual adaptar a juguetes, deportes, objetos<\/p>\n<ul class=\"a-unordered-list a-vertical a-spacing-mini\">\n<li>\u00a1Aqu\u00ed hay una peque\u00f1a unidad ordenada! Mide menos de tres pulgadas de largo (y es lo suficientemente liviano como para que olvides que lo llevas contigo), nuestra caja de pitidos emite una serie de cuatro pitidos, hace una pausa por un segundo y luego suena un poco m\u00e1s. Puede guardarlo f\u00e1cilmente en su bolsillo o pegarlo a pr\u00e1cticamente cualquier objeto con cinta adhesiva, una banda el\u00e1stica o una tira de velcro.<\/li>\n<li>Este diminuto dispositivo tiene un mill\u00f3n de usos creativos. Cuando trabaje con ni\u00f1os peque\u00f1os ciegos o con discapacidad visual, puede esconder el localizador en alg\u00fan lugar y hacer que el ni\u00f1o lo localice, como en un juego de las escondidas. Y cuando los ni\u00f1os crecen y les est\u00e1 ense\u00f1ando habilidades de movilidad (c\u00f3mo usar el bast\u00f3n blanco), este peque\u00f1o localizador es muy \u00fatil para marcar de manera audible puntos de referencia, esquinas de calles, etc. un manillar en sus bicicletas, \u00a1para que sus amigos ciegos puedan seguirlos en sus bicicletas! (Utiliza una bater\u00eda AA, que no est\u00e1 incluida).<\/li>\n<\/ul>\n<p>&nbsp;<\/p>\n<ul class=\"a-unordered-list a-vertical a-spacing-mini\">\n<li>Precio de cada unidad: <strong>23USD (D\u00f3lares Americanos)<\/strong> En el carrito de compras su suma el 19% del IVA para generar factura oficial.<\/li>\n<li>Para compras en Colombia, el precio aproximado en pesos seria <strong>$111.000<\/strong>, el precio exacto en pesos se calcula seg\u00fan la TRM del d\u00eda que desee realizar la compra.<\/li>\n<li>Podemos ofrecerle descuentos en por la compra de 6 unidades o m\u00e1s.<\/li>\n<\/ul>\n<p>&nbsp;<\/p>\n<ul class=\"a-unordered-list a-vertical a-spacing-mini\">\n<li>Desde Ayudas para TODOS, estamos trabajando para ofrecerles el mayor Marketplace inclusivo a nivel mundial. Reuniendo en 1 solo sitio todos los productos que puedan necesitar, m\u00e1s de 5.000 referencias de art\u00edculos especializados que puedan necesitar instituciones y personas con o sin discapacidad, para apoyar procesos de inclusi\u00f3n, ayudando a superar las barreras que se pueden presentar al momento de estudiar, de trabajar, y en las dem\u00e1s actividades de la vida diaria.<\/li>\n<li>\u00bfNo est\u00e1 seguro sobre qu\u00e9 tipo de dispositivo o producto de apoyo debe comprar? Contamos con expertos para estudiar sus necesidades y asesorarlo recomend\u00e1ndole la ayuda o el conjunto de ayudas m\u00e1s adecuadas \u00bfNecesitas un producto y no lo encuentras en nuestro catalogo online? Cont\u00e1ctanos para ayudarte a conseguirlo. \u00bfEres emprendedor y tienes un gran producto inclusivo que quisieras promocionar en nuestra plataforma? <a href=\"https:\/\/ayudasparatodos.com\/index.php\/contact\/\">Cont\u00e1ctanos<\/a><\/li>\n<li>Visita la secci\u00f3n sobre <a href=\"https:\/\/ayudasparatodos.com\/index.php\/como-comprar-faq\/\">\u00bfC\u00f3mo Comprar? FAQ<\/a>, en la cual encontraras de forma m\u00e1s detallada las instrucciones de como comprar, servicio de asesor\u00eda y cotizaciones, formas de pago, env\u00edos a nivel nacional e internacional, garant\u00eda y otros temas relacionados.<\/li>\n<li><span style=\"font-size: 11.5pt; font-family: Roboto; color: #626262;\">Asesor\u00eda, cotizaciones dudas y comentarios: Si tiene cualquier duda o comentario, nos puede escribir o llamar via WhatsApp agregando el numero +57 3006000144 o directamente desde este <a href=\"https:\/\/wa.me\/+573006000144\">enlace<\/a>\u00a0 <\/span><a href=\"https:\/\/wa.me\/+573006000144\"><span style=\"font-size: 11.5pt; font-family: Roboto; color: #626262;\">https:\/\/wa.me\/+573006000144<\/span><\/a><span style=\"font-size: 11.5pt; font-family: Roboto; color: #626262;\">\u00a0 \u00a0 Tambi\u00e9n puede enviarnos un correo electr\u00f3nico a la direcci\u00f3n <a href=\"mailto:ventas@ayudasparatodos.com\">ventas@ayudasparatodos.com<\/a><\/span><\/li>\n<\/ul>\n","protected":false},"excerpt":{"rendered":"<p><strong>Encontraras la mayor variedad de productos especializados para apoyar al inclusi\u00f3n de personas con diferentes tipos de discapaciad, adultos mayores y todo el que pueda necestar ayuda apra realiar una tarea.<\/strong><\/p>\n<p><b>Articulo en venta bajo pedido, tiempo de entrega de 15-30 d\u00edas h\u00e1biles. Precio en d\u00f3lares americanos USD. Favor contactarnos al correo ventas@ayudasparatodos.com para generarle un enlace de pago personalizado por el valor de los art\u00edculos + el valor del envi\u00f3 seg\u00fan su ubicaci\u00f3n y con su moneda local. Despachos a nivel nacional e internacional desde Medell\u00edn &#8211; Colombia.<\/b><\/p>\n","protected":false},"featured_media":50735,"template":"","meta":[],"product_cat":[100],"product_tag":[133,136,134,138,137,135,140,139],"class_list":["post-50734","product","type-product","status-publish","has-post-thumbnail","hentry","product_cat-discapacidad-visual-deporte","product_tag-adaptar-juguetes-apra-persoans-con-discapacidad-visual","product_tag-adaptar-juguetes-y-actividades-con-sonido-para-ciegos","product_tag-deporte-adaptado-para-ciegos","product_tag-disposistivo-sonoro-actividades-deportivas-discapacidad-visual","product_tag-dispositivo-para-ayudar-a-adaptar-actividades-para-ciegos-y-baja-vision","product_tag-elementos-deportivos-adaptados-para-ciegos","product_tag-tienda-discapcidad-visual-colombia-productos-accesibles","product_tag-venta-de-ayudas-para-ciegos","description-off"],"_links":{"self":[{"href":"https:\/\/ayudasparatodos.com\/index.php\/wp-json\/wp\/v3\/product\/50734"}],"collection":[{"href":"https:\/\/ayudasparatodos.com\/index.php\/wp-json\/wp\/v3\/product"}],"about":[{"href":"https:\/\/ayudasparatodos.com\/index.php\/wp-json\/wp\/v2\/types\/product"}],"wp:featuredmedia":[{"embeddable":true,"href":"https:\/\/ayudasparatodos.com\/index.php\/wp-json\/wp\/v2\/media\/50735"}],"wp:attachment":[{"href":"https:\/\/ayudasparatodos.com\/index.php\/wp-json\/wp\/v2\/media?parent=50734"}],"wp:term":[{"taxonomy":"product_cat","embeddable":true,"href":"https:\/\/ayudasparatodos.com\/index.php\/wp-json\/wp\/v2\/product_cat?post=50734"},{"taxonomy":"product_tag","embeddable":true,"href":"https:\/\/ayudasparatodos.com\/index.php\/wp-json\/wp\/v2\/product_tag?post=50734"}],"curies":[{"name":"wp","href":"https:\/\/api.w.org\/{rel}","templated":true}]}}