{"id":51536,"date":"2024-01-17T20:54:55","date_gmt":"2024-01-17T20:54:55","guid":{"rendered":"https:\/\/ayudasparatodos.com\/?post_type=product&#038;p=51536"},"modified":"2024-02-15T20:09:46","modified_gmt":"2024-02-15T20:09:46","slug":"arnes_pie_grande","status":"publish","type":"product","link":"https:\/\/ayudasparatodos.com\/index.php\/producto\/arnes_pie_grande\/","title":{"rendered":"Arn\u00e9s Pie Grande Ayuda para caminar marcha ni\u00f1os con par\u00e1lisis cerebral y movilidad reducida discapacidad \u267f\ud83d\udcaa\ud83c\udffb"},"content":{"rendered":"<p>Arn\u00e9s Pie Grande Ayuda para caminar marcha ni\u00f1os con par\u00e1lisis cerebral y movilidad reducida discapacidad<\/p>\n<h2>Descripci\u00f3n del Producto<\/h2>\n<p>Arn\u00e9s Pie Grande\u267f\ud83d\udcaa\ud83c\udffb Una ayuda que permite a ni\u00f1os con dificultades de movilidad, ponerse de pie y caminar ayudados por un adulto. Imag\u00ednate la alegr\u00eda de una familia que gracias al arn\u00e9s pueda jugar f\u00fatbol con su hijo, participar de una coreograf\u00eda en el colegio, caminar y disfrutar del momento. El cerebro del ni\u00f1o con s\u00f3lo estar de pie ya tiene avances, se trabaja control cef\u00e1lico, postura, y caminar.<\/p>\n<p>Necesitamos bastante ayuda para que este mensaje pueda llegar a familiar que puedan necesitar de este dispositivo para mejorar calidad de vida del ni\u00f1o, y de toda la familia.<\/p>\n<p>Para realizar pedidos o si tienes dudas sobre el Arn\u00e9s Pie Grande, contactanos por WhatsApp al +57 3006000144 Correo electr\u00f3nico contacto@ayudasparatodos.com y desde el sitio web www.ayudasparatodos.com<\/p>\n<p>&nbsp;<\/p>\n<ul>\n<li>Para compras en Colombia, el precio aproximado en pesos seria <strong>$400.000<\/strong>, el precio exacto en pesos se calcula seg\u00fan la TRM del d\u00eda que desee realizar la compra.<\/li>\n<li>Precio de cada unidad en d\u00f3lares: 120<strong> USD (D\u00f3lares Americanos) <\/strong>\u00a0En el carrito de compras su suma el 19% del IVA para generar factura oficial.<\/li>\n<li>Si compras 6 unidades o m\u00e1s, podemos hacerte un buen descuento.<\/li>\n<li><strong>Articulo de producci\u00f3n nacional, si en el momento de su oferta tenemos disponible la cantidad que necesita, entonces procedemos al envi\u00f3 el d\u00eda siguiente al pago. Si es necesario fabricarlos, lo contactaremos inform\u00e1ndole de los tiempos para la entrega. <\/strong><\/li>\n<li><strong>Pagos en Colombia por transferencia Bancolombia o Nequi. Tambi\u00e9n recibimos pagos por tarjeta cr\u00e9dito o debito con Mercadopago . Si la alternativa de pago no esta disponible en su pa\u00eds, tambi\u00e9n puede pagar por Giro en western Union. Favor contactarnos al correo ventas@ayudasparatodos.com para generarle un enlace de pago personalizado por el valor de los art\u00edculos + el valor del envi\u00f3 seg\u00fan su ubicaci\u00f3n y con su moneda local. Despachos a nivel nacional e internacional desde Medell\u00edn &#8211; Colombia.<\/strong><\/li>\n<\/ul>\n","protected":false},"excerpt":{"rendered":"<p>Arn\u00e9s Pie Grande\u267f\ud83d\udcaa\ud83c\udffb Una ayuda que permite a ni\u00f1os con dificultades de movilidad, ponerse de pie y caminar ayudados por un adulto. Imag\u00ednate la alegr\u00eda de una familia que gracias al arn\u00e9s pueda jugar f\u00fatbol con su hijo, participar de una coreograf\u00eda en el colegio, caminar y disfrutar del momento. El cerebro del ni\u00f1o con s\u00f3lo estar de pie ya tiene avances, se trabaja control cef\u00e1lico, postura, y caminar.<\/p>\n","protected":false},"featured_media":51537,"template":"","meta":[],"product_cat":[220,49],"product_tag":[223,221,224,222],"class_list":["post-51536","product","type-product","status-publish","has-post-thumbnail","hentry","product_cat-movilidad","product_cat-topfisicatienda","product_tag-arnes-ayuda-marcha-caminar-ninos","product_tag-arnes-caminar-ninos-paralisis-cerebral","product_tag-arnes-pie-grande-discapacidad-paralasis-cerebral","product_tag-arnes-terapia-rehabilitacion-ninos-discapacidad","description-off"],"_links":{"self":[{"href":"https:\/\/ayudasparatodos.com\/index.php\/wp-json\/wp\/v3\/product\/51536"}],"collection":[{"href":"https:\/\/ayudasparatodos.com\/index.php\/wp-json\/wp\/v3\/product"}],"about":[{"href":"https:\/\/ayudasparatodos.com\/index.php\/wp-json\/wp\/v2\/types\/product"}],"wp:featuredmedia":[{"embeddable":true,"href":"https:\/\/ayudasparatodos.com\/index.php\/wp-json\/wp\/v2\/media\/51537"}],"wp:attachment":[{"href":"https:\/\/ayudasparatodos.com\/index.php\/wp-json\/wp\/v2\/media?parent=51536"}],"wp:term":[{"taxonomy":"product_cat","embeddable":true,"href":"https:\/\/ayudasparatodos.com\/index.php\/wp-json\/wp\/v2\/product_cat?post=51536"},{"taxonomy":"product_tag","embeddable":true,"href":"https:\/\/ayudasparatodos.com\/index.php\/wp-json\/wp\/v2\/product_tag?post=51536"}],"curies":[{"name":"wp","href":"https:\/\/api.w.org\/{rel}","templated":true}]}}