{"id":51564,"date":"2024-01-23T01:49:45","date_gmt":"2024-01-23T01:49:45","guid":{"rendered":"https:\/\/ayudasparatodos.com\/?post_type=product&#038;p=51564"},"modified":"2024-01-23T02:02:30","modified_gmt":"2024-01-23T02:02:30","slug":"kit-balon-sonoro-y-10-tapaojos","status":"publish","type":"product","link":"https:\/\/ayudasparatodos.com\/index.php\/producto\/kit-balon-sonoro-y-10-tapaojos\/","title":{"rendered":"Kit Bal\u00f3n sonoro y 10 gafas tapaojos futbol para ciegos discapacidad visual"},"content":{"rendered":"<p>Kit Bal\u00f3n sonoro y 10 gafas tapaojos futbol para ciegos discapacidad visual<\/p>\n<h2>Descripci\u00f3n del Producto<\/h2>\n<p>Kit de inicio | 10 m\u00e1scaras deportivas tapaojos ciegos de poli\u00e9ster y 1bal\u00f3n de f\u00fatbol sonoro de bajo rebote tama\u00f1o 3 \u00a0para ciegos, F\u00fatbol Talla 3,Terapia y Recreaci\u00f3n Deportes Adaptados<\/p>\n<p>\u26bd KIT DE INICIO \u2013 M\u00e1scaras y pelota: Nuestra pelota Apricot viene en tama\u00f1o 3 y tiene un rebote bajo. La pelota emite un sonido perfecto gracias a los 4 dispositivos de sonido situados debajo de los paneles hexagonales. La pelota est\u00e1 hecha de PU resistente. La circunferencia asciende a 23 5\/8\u201d \u2013 24 13\/32\u201d. Tenga en cuenta que el sonido proviene de dispositivos de sonido dentro de la pelota: la pelota emite un sonido cuando la agita o cuando rebota, se patea, etc. No es un dispositivo de sonido electr\u00f3nico.<\/p>\n<p>\u26bd BAL\u00d3N AUDIBLE: el f\u00fatbol 5 se juega con un bal\u00f3n de f\u00fatbol sala audible de tama\u00f1o 3 con rebote bajo. Los jugadores localizan el bal\u00f3n exclusivamente mediante el sonido y reciben instrucciones en el campo de los dem\u00e1s jugadores, del entrenador, de un asistente de tiro detr\u00e1s de la porter\u00eda contraria y del portero. 4 dispositivos de sonido debajo de los paneles del pent\u00e1gono.<\/p>\n<p>\u26bd F\u00daTBOL PARA CIEGOS: solo hay cinco jugadores en cada equipo y el \u00fanico jugador vidente es el portero. Todos, excepto el portero, llevan m\u00e1scaras faciales (por ejemplo, una m\u00e1scara deportiva Justa Blind o una m\u00e1scara de poli\u00e9ster) y algunos llevan equipo protector para la cabeza. El portero no podr\u00e1 salir del \u00e1rea de porter\u00eda. No hay reglas de fuera de juego en el f\u00fatbol 5 y el campo est\u00e1 revestido con tablas. Cada mitad tiene una duraci\u00f3n de 20 minutos.<\/p>\n<p>\u26bd M\u00c1SCARAS DE POLI\u00c9STER \u2013 8 mascarillas de poli\u00e9ster (4 rojas y 4 negras) &#8211; Las mascarillas de poli\u00e9ster son de talla \u00fanica con cierre Hook &amp; Loop y lavables. El grosor proporciona un ajuste ce\u00f1ido y c\u00f3modo y garantiza que quede bloqueada toda visi\u00f3n. Las m\u00e1scaras no dejan pasar la luz y garantizan una oscuridad total.<\/p>\n<p>\u26bd EXPERIENCIA PERSONAL \u2013 Como ex jugador de goalball paral\u00edmpico y ex vicepresidente del Comit\u00e9 Paral\u00edmpico Internacional, el presidente Jens Bromann aporta una profunda visi\u00f3n personal al comprender la necesidad de eliminar las barreras para que las personas discapacitadas participen en un estilo de vida activo.<\/p>\n<ul>\n<li>Producto importado, venta bajo pedido con pago previo por el valor total del art\u00edculo.<\/li>\n<li>FAVOR ANTES DE OFERTAR, confirmar precio actual (por variaciones del valor del d\u00f3lar) y tambi\u00e9n CONFIRMAR QUE PUEDE ESPERAR LOS TIEMPOS DE ENTREGA\u00a0 que normalmente son entre 2-4 semanas.<\/li>\n<li>Cuando recibamos el pedido en nuestra oficina en Medell\u00edn-Colombia, le enviaremos un mensaje al comprador, si se encuentra en Medell\u00edn puede pasar a recogerlo personalmente en nuestra oficina, o tambi\u00e9n podemos hacer el envios a nivel nacional o internacional (Valor del envio cargo del comprador).<\/li>\n<li>Desde Ayudas para TODOS, estamos trabajando para ofrecerles el mayor Marketplace inclusivo a nivel mundial. Reuniendo en 1 solo sitio todos los productos que puedan necesitar, m\u00e1s de 5.000 referencias de art\u00edculos especializados que puedan necesitar instituciones y personas con o sin discapacidad, para apoyar procesos de inclusi\u00f3n, ayudando a superar las barreras que se pueden presentar al momento de estudiar, de trabajar, y en las dem\u00e1s actividades de la vida diaria.<\/li>\n<li>\u00bfNo est\u00e1 seguro sobre qu\u00e9 tipo de dispositivo o producto de apoyo debe comprar? Contamos con expertos para estudiar sus necesidades y asesorarlo recomend\u00e1ndole la ayuda o el conjunto de ayudas m\u00e1s adecuadas \u00bfNecesitas un producto y no lo encuentras en nuestro catalogo online? Cont\u00e1ctanos para ayudarte a conseguirlo. \u00bfEres emprendedor y tienes un gran producto inclusivo que quisieras promocionar en nuestra plataforma? <a href=\"https:\/\/ayudasparatodos.com\/index.php\/contact\/\">Cont\u00e1ctanos<\/a><\/li>\n<li>Visita la secci\u00f3n sobre <a href=\"https:\/\/ayudasparatodos.com\/index.php\/como-comprar-faq\/\">\u00bfC\u00f3mo Comprar? FAQ<\/a>, en la cual encontraras de forma m\u00e1s detallada las instrucciones de como comprar, servicio de asesor\u00eda y cotizaciones, formas de pago, env\u00edos a nivel nacional e internacional, garant\u00eda y otros temas relacionados.<\/li>\n<li><span style=\"font-size: 11.5pt; font-family: Roboto; color: #626262;\">Asesor\u00eda, cotizaciones dudas y comentarios: Si tiene cualquier duda o comentario, nos puede escribir o llamar via WhatsApp agregando el numero +57 3006000144 o directamente desde este <a href=\"https:\/\/wa.me\/+573006000144\">enlace<\/a>\u00a0 <\/span><a href=\"https:\/\/wa.me\/+573006000144\"><span style=\"font-size: 11.5pt; font-family: Roboto; color: #626262;\">https:\/\/wa.me\/+573006000144<\/span><\/a><span style=\"font-size: 11.5pt; font-family: Roboto; color: #626262;\">\u00a0 \u00a0 Tambi\u00e9n puede enviarnos un correo electr\u00f3nico a la direcci\u00f3n <a href=\"mailto:ventas@ayudasparatodos.com\">ventas@ayudasparatodos.com<\/a><\/span><\/li>\n<li><\/li>\n<li><strong>Pagos en Colombia por transferencia Bancolombia o Nequi. Tambi\u00e9n recibimos pagos por tarjeta cr\u00e9dito o debito. Si la alternativa de pago no esta disponible en su pa\u00eds, tambi\u00e9n puede pagar por Giro en western Union o Paypal. Favor contactarnos al correo ventas@ayudasparatodos.com para generarle un enlace de pago personalizado por el valor de los art\u00edculos + el valor del envi\u00f3 seg\u00fan su ubicaci\u00f3n y con su moneda local. Despachos a nivel nacional e internacional desde Medell\u00edn &#8211; Colombia.<\/strong><\/li>\n<\/ul>\n","protected":false},"excerpt":{"rendered":"<p>Kit de inicio | 10 m\u00e1scaras deportivas tapaojos ciegos de poli\u00e9ster y 1bal\u00f3n de f\u00fatbol sonoro de bajo rebote tama\u00f1o 3 \u00a0para ciegos, F\u00fatbol Talla 3,Terapia y Recreaci\u00f3n Deportes Adaptados<\/p>\n","protected":false},"featured_media":51565,"template":"","meta":[],"product_cat":[100],"product_tag":[230,226,228,225,231,227],"class_list":["post-51564","product","type-product","status-publish","has-post-thumbnail","hentry","product_cat-discapacidad-visual-deporte","product_tag-balon-numero-3-para-ciegos","product_tag-balon-sonoro-adulto-mayor","product_tag-balon-sonoro-ciegos","product_tag-balon-sonoro-discapacidad-visual","product_tag-kit-balon-sonoro-ciegos-y-tapaojos-gafas","product_tag-pelota-sonora-rehabilitacion","description-off"],"_links":{"self":[{"href":"https:\/\/ayudasparatodos.com\/index.php\/wp-json\/wp\/v3\/product\/51564"}],"collection":[{"href":"https:\/\/ayudasparatodos.com\/index.php\/wp-json\/wp\/v3\/product"}],"about":[{"href":"https:\/\/ayudasparatodos.com\/index.php\/wp-json\/wp\/v2\/types\/product"}],"wp:featuredmedia":[{"embeddable":true,"href":"https:\/\/ayudasparatodos.com\/index.php\/wp-json\/wp\/v2\/media\/51565"}],"wp:attachment":[{"href":"https:\/\/ayudasparatodos.com\/index.php\/wp-json\/wp\/v2\/media?parent=51564"}],"wp:term":[{"taxonomy":"product_cat","embeddable":true,"href":"https:\/\/ayudasparatodos.com\/index.php\/wp-json\/wp\/v2\/product_cat?post=51564"},{"taxonomy":"product_tag","embeddable":true,"href":"https:\/\/ayudasparatodos.com\/index.php\/wp-json\/wp\/v2\/product_tag?post=51564"}],"curies":[{"name":"wp","href":"https:\/\/api.w.org\/{rel}","templated":true}]}}