{"id":51615,"date":"2024-01-25T02:55:21","date_gmt":"2024-01-25T02:55:21","guid":{"rendered":"https:\/\/ayudasparatodos.com\/?post_type=product&#038;p=51615"},"modified":"2024-01-25T02:55:21","modified_gmt":"2024-01-25T02:55:21","slug":"balon-de-futbol-sonido-electronico","status":"publish","type":"product","link":"https:\/\/ayudasparatodos.com\/index.php\/producto\/balon-de-futbol-sonido-electronico\/","title":{"rendered":"Bal\u00f3n de F\u00fatbol de espuma con sonido electr\u00f3nico constante deporte ciegos"},"content":{"rendered":"<h2>Descripci\u00f3n del Producto<\/h2>\n<p><strong>Bola de espuma que emite un pitido, ya sea que se est\u00e9 moviendo o no<\/strong><\/p>\n<p>La pepita de oro del mundo joven del juego de pelota, nuestro bal\u00f3n de f\u00fatbol de espuma con sonido blanco y negro nivela el campo de juego como nunca antes lo hab\u00edas visto.\u00a0Hecho de espuma sint\u00e9tica suave y cubierto con tela de PU resistente al agua, tiene aproximadamente el mismo tama\u00f1o que un bal\u00f3n de f\u00fatbol inflable est\u00e1ndar.\u00a0Esta bola, sin embargo, no tiene que moverse para hacer ruido.\u00a0El peque\u00f1o y robusto m\u00f3dulo de pitidos, escondido en lo profundo del centro de la espuma de alta calidad, emite pitidos durante todo el juego.<\/p>\n<p>Simplemente pase el dedo por debajo de una solapa especial que se encuentra en la parte superior de la bola y active el pitido.\u00a0Mientras dure tu juego de Kickball, Dodge Ball o Soccer, escuchar\u00e1s cuatro pitidos, seguidos de poco m\u00e1s de un segundo de silencio y luego otros cuatro pitidos r\u00e1pidos.\u00a0Esta serie de pitidos cuidadosamente dise\u00f1ada elimina los ecos confusos y permite a los jugadores continuar con sus charlas y bromas habituales, mientras mantiene a todos los jugadores conscientes de la ubicaci\u00f3n de la pelota&#8230; \u00a1en todo momento!<\/p>\n<p>La resistencia al viento, los campos inclinados, los jugadores contrarios y las estrategias cambiantes se compensan con esta pelota de valor incalculable.\u00a0Por primera vez, los ni\u00f1os sin visi\u00f3n pueden saltar al campo y hacer una contribuci\u00f3n significativa a su equipo, con un m\u00ednimo de entrenamiento u orientaci\u00f3n.<\/p>\n<p>Todo lo que necesitas para liberar todo el potencial de los j\u00f3venes ciegos es una pelota normal&#8230; con una peque\u00f1a pero extraordinaria modificaci\u00f3n.\u00a0(El m\u00f3dulo de pitidos funciona durante varias horas con una sola bater\u00eda AA, que, por supuesto, es f\u00e1cilmente reemplazable. Bater\u00eda AA incluida y reci\u00e9n instalada). Este es un bal\u00f3n de f\u00fatbol de tama\u00f1o est\u00e1ndar 4, que mide 8 pulgadas de di\u00e1metro.<\/p>\n<p>&nbsp;<\/p>\n<h2>Caracter\u00edsticas del producto<\/h2>\n<ul>\n<li>Color: Blanco y Negro.<\/li>\n<li>Bal\u00f3n de f\u00fatbol con pitido para partidos de todo tipo.<\/li>\n<li>El Beeper incorporado permite a los jugadores ciegos seguir la pelota a cualquier lugar.<\/li>\n<li>Hecho de espuma sint\u00e9tica suave y duradera para evitar lesiones.<\/li>\n<li>Cubierto con tela de PU resistente al agua, con estampado tradicional de bal\u00f3n de f\u00fatbol.<\/li>\n<li>Simplemente abra la solapa en la parte superior de la pelota y encienda el pitido.<\/li>\n<li>Escuchar\u00e1 4 pitidos, un segundo de silencio y luego otros 4 pitidos r\u00e1pidos.<\/li>\n<li>Permite que los ni\u00f1os ciegos y videntes jueguen juntos f\u00e1cilmente.<\/li>\n<li>Bola de tama\u00f1o 4, que mide 8&#8243; de di\u00e1metro.<\/li>\n<li>El m\u00f3dulo de pitidos funciona durante varias horas con 1 bater\u00eda AA.<\/li>\n<\/ul>\n<ul>\n<li>Producto importado, venta bajo pedido con pago previo por el valor total del articulo.<\/li>\n<li>FAVOR ANTES DE OFERTAR, confirmar precio actual (por variaciones del valor del d\u00f3lar) y tambi\u00e9n CONFIRMAR QUE PUEDE ESPERAR LOS TIEMPOS DE ENTREGA\u00a0 que normalmente son entre 2-4 semanas.<\/li>\n<li>Cuando recibamos el pedido en nuestra oficina en Medell\u00edn-Colombia, le enviaremos un mensaje al comprador, si se encuentra en Medell\u00edn puede pasar a recogerlo personalmente en nuestra oficina, o tambi\u00e9n podemos hacer el envios a nivel nacional o internacional (Valor del envio cargo del comprador).<\/li>\n<li>Desde Ayudas para TODOS, estamos trabajando para ofrecerles el mayor Marketplace inclusivo a nivel mundial. Reuniendo en 1 solo sitio todos los productos que puedan necesitar, m\u00e1s de 5.000 referencias de art\u00edculos especializados que puedan necesitar instituciones y personas con o sin discapacidad, para apoyar procesos de inclusi\u00f3n, ayudando a superar las barreras que se pueden presentar al momento de estudiar, de trabajar, y en las dem\u00e1s actividades de la vida diaria.<\/li>\n<li>\u00bfNo est\u00e1 seguro sobre qu\u00e9 tipo de dispositivo o producto de apoyo debe comprar? Contamos con expertos para estudiar sus necesidades y asesorarlo recomend\u00e1ndole la ayuda o el conjunto de ayudas m\u00e1s adecuadas \u00bfNecesitas un producto y no lo encuentras en nuestro catalogo online? Cont\u00e1ctanos para ayudarte a conseguirlo. \u00bfEres emprendedor y tienes un gran producto inclusivo que quisieras promocionar en nuestra plataforma? <a href=\"https:\/\/ayudasparatodos.com\/index.php\/contact\/\">Cont\u00e1ctanos<\/a><\/li>\n<li>Visita la secci\u00f3n sobre <a href=\"https:\/\/ayudasparatodos.com\/index.php\/como-comprar-faq\/\">\u00bfC\u00f3mo Comprar? FAQ<\/a>, en la cual encontraras de forma m\u00e1s detallada las instrucciones de como comprar, servicio de asesor\u00eda y cotizaciones, formas de pago, env\u00edos a nivel nacional e internacional, garant\u00eda y otros temas relacionados.<\/li>\n<li><span style=\"font-size: 11.5pt; font-family: Roboto; color: #626262;\">Asesor\u00eda, cotizaciones dudas y comentarios: Si tiene cualquier duda o comentario, nos puede escribir o llamar via WhatsApp agregando el numero +57 3006000144 o directamente desde este <a href=\"https:\/\/wa.me\/+573006000144\">enlace<\/a>\u00a0 <\/span><a href=\"https:\/\/wa.me\/+573006000144\"><span style=\"font-size: 11.5pt; font-family: Roboto; color: #626262;\">https:\/\/wa.me\/+573006000144<\/span><\/a><span style=\"font-size: 11.5pt; font-family: Roboto; color: #626262;\">\u00a0 \u00a0 Tambi\u00e9n puede enviarnos un correo electr\u00f3nico a la direcci\u00f3n <a href=\"mailto:ventas@ayudasparatodos.com\">ventas@ayudasparatodos.com<\/a><\/span><\/li>\n<li><\/li>\n<li><strong>Pagos en Colombia por transferencia Bancolombia o Nequi. Tambi\u00e9n recibimos pagos por tarjeta cr\u00e9dito o debito. Si la alternativa de pago no esta disponible en su pa\u00eds, tambi\u00e9n puede pagar por Giro en western Union o Paypal. Favor contactarnos al correo ventas@ayudasparatodos.com para generarle un enlace de pago personalizado por el valor de los art\u00edculos + el valor del envi\u00f3 seg\u00fan su ubicaci\u00f3n y con su moneda local. Despachos a nivel nacional e internacional desde Medell\u00edn &#8211; Colombia.<\/strong><\/li>\n<\/ul>\n","protected":false},"excerpt":{"rendered":"<p><b>Pelota de espuma que emite un pitido electr\u00f3nico, ya sea que se est\u00e9 moviendo o no. Ideal para personas ciegas o con baja visi\u00f3n<\/b><\/p>\n","protected":false},"featured_media":51616,"template":"","meta":[],"product_cat":[100],"product_tag":[248,226,228,225,247,227],"class_list":["post-51615","product","type-product","status-publish","has-post-thumbnail","hentry","product_cat-discapacidad-visual-deporte","product_tag-balon-futbol-ciegos-aprobado-ibsa","product_tag-balon-sonoro-adulto-mayor","product_tag-balon-sonoro-ciegos","product_tag-balon-sonoro-discapacidad-visual","product_tag-balon-sonoro-tamano-4-ciegos-baja-vision","product_tag-pelota-sonora-rehabilitacion","description-off"],"_links":{"self":[{"href":"https:\/\/ayudasparatodos.com\/index.php\/wp-json\/wp\/v3\/product\/51615"}],"collection":[{"href":"https:\/\/ayudasparatodos.com\/index.php\/wp-json\/wp\/v3\/product"}],"about":[{"href":"https:\/\/ayudasparatodos.com\/index.php\/wp-json\/wp\/v2\/types\/product"}],"wp:featuredmedia":[{"embeddable":true,"href":"https:\/\/ayudasparatodos.com\/index.php\/wp-json\/wp\/v2\/media\/51616"}],"wp:attachment":[{"href":"https:\/\/ayudasparatodos.com\/index.php\/wp-json\/wp\/v2\/media?parent=51615"}],"wp:term":[{"taxonomy":"product_cat","embeddable":true,"href":"https:\/\/ayudasparatodos.com\/index.php\/wp-json\/wp\/v2\/product_cat?post=51615"},{"taxonomy":"product_tag","embeddable":true,"href":"https:\/\/ayudasparatodos.com\/index.php\/wp-json\/wp\/v2\/product_tag?post=51615"}],"curies":[{"name":"wp","href":"https:\/\/api.w.org\/{rel}","templated":true}]}}