{"id":51854,"date":"2024-02-14T03:11:14","date_gmt":"2024-02-14T03:11:14","guid":{"rendered":"https:\/\/ayudasparatodos.com\/?post_type=product&#038;p=51854"},"modified":"2024-02-14T03:11:15","modified_gmt":"2024-02-14T03:11:15","slug":"lupa-digital-12pulgadas-magnificador-electronico-portable-baja-vision-eschenbach-visolux-digital-xl-fhd","status":"publish","type":"product","link":"https:\/\/ayudasparatodos.com\/index.php\/producto\/lupa-digital-12pulgadas-magnificador-electronico-portable-baja-vision-eschenbach-visolux-digital-xl-fhd\/","title":{"rendered":"Lupa Digital 12pulgadas magnificador electr\u00f3nico portable Baja visi\u00f3n Eschenbach Visolux Digital XL FHD"},"content":{"rendered":"<p>Eschenbach Visolux Digital XL FHD &#8211; Lupa de video port\u00e1til HD a color de 12 pulgadas<\/p>\n<p>Estos dispositivos facilitan que personas con baja visi\u00f3n puedan volver a leer un libro, una carta, una receta m\u00e9dica, cualquier texto impreso y hasta im\u00e1genes, lo cual ayuda a recuperar calidad de vida. Las lupas electr\u00f3nicas o magnificadores de im\u00e1genes, son dispositivos que ampl\u00edan el texto o las im\u00e1genes, para que las personas con baja visi\u00f3n puedan tener acceso a documentos impresos. Tambi\u00e9n ofrecen diferentes personalizaciones de colores en la letra y el fondo, para obtener un mayor contraste que se adapte a las necesidades del usuario.<\/p>\n<p>La Visolux Digital XL FHD es una lupa de video port\u00e1til avanzada que cuenta con una pantalla LCD TFT de 12&#8243; con interfaz de pantalla t\u00e1ctil, una c\u00e1mara FHD, soporte incorporado y muchas otras caracter\u00edsticas. La caracter\u00edstica \u00fanica de desplazamiento din\u00e1mico de l\u00ednea (DLS) del dispositivo permite al usuario desplazarse tanto horizontal como verticalmente cuando est\u00e1 en los niveles de aumento m\u00e1s altos sin tener que mover el dispositivo. Su c\u00e1mara FHD en realidad ve m\u00e1s de lo que se muestra en la pantalla, lo que hace que leer un libro o una revista sea m\u00e1s f\u00e1cil que nunca. Las im\u00e1genes se pueden capturar y almacenar en una tarjeta SD extra\u00edble de 8 GB. Los puertos HDMI y USB del Visolux Digital XL FHD permiten al usuario la opci\u00f3n de transmitir im\u00e1genes directamente a su computadora y transmitir en vivo a una pantalla de televisi\u00f3n. Y su opci\u00f3n HDMI-in permite a los usuarios la posibilidad de conectar una c\u00e1mara de video para que la imagen de la c\u00e1mara aparezca en la pantalla. Sus inigualables opciones de conectividad y calidad de imagen superior hacen de este el dispositivo de aumento definitivo. Caracter\u00edsticas: * Ampliaci\u00f3n: 2x a 22x en pasos o zoom continuo * Iluminaci\u00f3n: iluminaci\u00f3n LED con 3 ajustes de brillo (100%, 75%, 50%) * Fuente de alimentaci\u00f3n: Tiempo de funcionamiento de la bater\u00eda: 2.5 horas. \/ Tiempo de carga: 4.5hrs. * Tama\u00f1o de pantalla\/pantalla: pantalla LCD TFT no reflectante de 12 pulgadas, formato de pantalla ancha 16:9 * Tarjeta de memoria extra\u00edble: 8 GB SanDisk Edge (soporta m\u00e1s de 2,000 im\u00e1genes) * Modos de visi\u00f3n: 14 modos de contraste de color * Resoluci\u00f3n de imagen: 1920 x 1080 p\u00edxeles con una c\u00e1mara FHD * Accesorios: funda protectora con cremallera incluida * Varios: bot\u00f3n o operaci\u00f3n de pantalla t\u00e1ctil con salida de voz en todas las opciones de men\u00fa, cable HDMI incluido para transmisi\u00f3n en vivo a un televisor, cable USB incluido para descargar im\u00e1genes a un MAC\/PC. Peso: 2.2 libras<\/p>\n<p>&nbsp;<\/p>\n<ul>\n<li>Producto importado, venta bajo pedido con pago previo por el valor total del articulo.<\/li>\n<li>FAVOR ANTES DE OFERTAR, confirmar precio actual (por variaciones del valor del d\u00f3lar) y tambi\u00e9n CONFIRMAR QUE PUEDE ESPERAR LOS TIEMPOS DE ENTREGA\u00a0 que normalmente son entre 2-4 semanas.<\/li>\n<li>Cuando recibamos el pedido en nuestra oficina en Medell\u00edn-Colombia, le enviaremos un mensaje al comprador, si se encuentra en Medell\u00edn puede pasar a recogerlo personalmente en nuestra oficina, o tambi\u00e9n podemos hacer el envios a nivel nacional o internacional (Valor del envio cargo del comprador).<\/li>\n<li>Desde Ayudas para TODOS, estamos trabajando para ofrecerles el mayor Marketplace inclusivo a nivel mundial. Reuniendo en 1 solo sitio todos los productos que puedan necesitar, m\u00e1s de 5.000 referencias de art\u00edculos especializados que puedan necesitar instituciones y personas con o sin discapacidad, para apoyar procesos de inclusi\u00f3n, ayudando a superar las barreras que se pueden presentar al momento de estudiar, de trabajar, y en las dem\u00e1s actividades de la vida diaria.<\/li>\n<li>\u00bfNo est\u00e1 seguro sobre qu\u00e9 tipo de dispositivo o producto de apoyo debe comprar? Contamos con expertos para estudiar sus necesidades y asesorarlo recomend\u00e1ndole la ayuda o el conjunto de ayudas m\u00e1s adecuadas \u00bfNecesitas un producto y no lo encuentras en nuestro catalogo online? Cont\u00e1ctanos para ayudarte a conseguirlo. \u00bfEres emprendedor y tienes un gran producto inclusivo que quisieras promocionar en nuestra plataforma? <a href=\"https:\/\/ayudasparatodos.com\/index.php\/contact\/\">Cont\u00e1ctanos<\/a><\/li>\n<li>Visita la secci\u00f3n sobre <a href=\"https:\/\/ayudasparatodos.com\/index.php\/como-comprar-faq\/\">\u00bfC\u00f3mo Comprar? FAQ<\/a>, en la cual encontraras de forma m\u00e1s detallada las instrucciones de como comprar, servicio de asesor\u00eda y cotizaciones, formas de pago, env\u00edos a nivel nacional e internacional, garant\u00eda y otros temas relacionados.<\/li>\n<li><span style=\"font-size: 11.5pt; font-family: Roboto; color: #626262;\">Asesor\u00eda, cotizaciones dudas y comentarios: Si tiene cualquier duda o comentario, nos puede escribir o llamar via WhatsApp agregando el numero +57 3006000144 o directamente desde este <a href=\"https:\/\/wa.me\/+573006000144\">enlace<\/a>\u00a0 <\/span><a href=\"https:\/\/wa.me\/+573006000144\"><span style=\"font-size: 11.5pt; font-family: Roboto; color: #626262;\">https:\/\/wa.me\/+573006000144<\/span><\/a><span style=\"font-size: 11.5pt; font-family: Roboto; color: #626262;\">\u00a0 \u00a0 Tambi\u00e9n puede enviarnos un correo electr\u00f3nico a la direcci\u00f3n <a href=\"mailto:ventas@ayudasparatodos.com\">ventas@ayudasparatodos.com<\/a><\/span><\/li>\n<li><strong>Pagos en Colombia por transferencia Bancolombia o Nequi. Tambi\u00e9n recibimos pagos por tarjeta cr\u00e9dito o debito. Si la alternativa de pago no esta disponible en su pa\u00eds, tambi\u00e9n puede pagar por Giro en western Union o Paypal. Favor contactarnos al correo ventas@ayudasparatodos.com para generarle un enlace de pago personalizado por el valor de los art\u00edculos + el valor del envi\u00f3 seg\u00fan su ubicaci\u00f3n y con su moneda local. Despachos a nivel nacional e internacional desde Medell\u00edn &#8211; Colombia.<\/strong><\/li>\n<\/ul>\n","protected":false},"excerpt":{"rendered":"<ul>\n<li>Estos dispositivos facilitan que personas con baja visi\u00f3n puedan volver a leer un libro, una carta, una receta m\u00e9dica, cualquier texto impreso y hasta im\u00e1genes, lo cual ayuda a recuperar calidad de vida<\/li>\n<\/ul>\n","protected":false},"featured_media":0,"template":"","meta":[],"product_cat":[303],"product_tag":[309,310,305,306,308,307,304],"class_list":["post-51854","product","type-product","status-publish","hentry","product_cat-lupas-y-magnificadores-baja-vision","product_tag-ayudas-para-lectura-baja-vision","product_tag-lupa-electronica-ayuda-leer-textos-impresos","product_tag-lupa-magnificadora-digital","product_tag-lupa-portable-magnificadora-baja-vision","product_tag-venta-de-productos-para-adultos-mayores","product_tag-venta-de-productos-para-personas-con-baja-vision","product_tag-videomagnificador-portable","description-off"],"_links":{"self":[{"href":"https:\/\/ayudasparatodos.com\/index.php\/wp-json\/wp\/v3\/product\/51854"}],"collection":[{"href":"https:\/\/ayudasparatodos.com\/index.php\/wp-json\/wp\/v3\/product"}],"about":[{"href":"https:\/\/ayudasparatodos.com\/index.php\/wp-json\/wp\/v2\/types\/product"}],"wp:attachment":[{"href":"https:\/\/ayudasparatodos.com\/index.php\/wp-json\/wp\/v2\/media?parent=51854"}],"wp:term":[{"taxonomy":"product_cat","embeddable":true,"href":"https:\/\/ayudasparatodos.com\/index.php\/wp-json\/wp\/v2\/product_cat?post=51854"},{"taxonomy":"product_tag","embeddable":true,"href":"https:\/\/ayudasparatodos.com\/index.php\/wp-json\/wp\/v2\/product_tag?post=51854"}],"curies":[{"name":"wp","href":"https:\/\/api.w.org\/{rel}","templated":true}]}}