{"id":52026,"date":"2024-02-20T01:39:08","date_gmt":"2024-02-20T01:39:08","guid":{"rendered":"https:\/\/ayudasparatodos.com\/?post_type=product&#038;p=52026"},"modified":"2024-02-20T01:39:09","modified_gmt":"2024-02-20T01:39:09","slug":"3-timbre-de-emergencia-portables-sos-con-2-receptores-para-cuidadores-discapacidad-adulto-mayor-pacientes","status":"publish","type":"product","link":"https:\/\/ayudasparatodos.com\/index.php\/producto\/3-timbre-de-emergencia-portables-sos-con-2-receptores-para-cuidadores-discapacidad-adulto-mayor-pacientes\/","title":{"rendered":"3 Timbre de emergencia Portables SOS con 2 receptores para cuidadores discapacidad adulto mayor pacientes"},"content":{"rendered":"<p>Buscapersonas de cuidador Bot\u00f3n inal\u00e1mbrico de llamada de enfermer\u00eda para monitoreo de ancianos Sistema de alerta SOS alarma port\u00e1til Campana de llamada para atenci\u00f3n domiciliaria, pacientes<\/p>\n<p>Caracter\u00edsticas:<\/p>\n<p>El sistema de localizaci\u00f3n inal\u00e1mbrico SYNLETT viene con 3 botones de llamada inal\u00e1mbricos y 2 buscapersonas port\u00e1tiles. Permite al cuidador o cuidador la libertad de asistir a otras tareas mientras recibe alerta de residentes, personas mayores, timbre para ancianos y seres queridos.<\/p>\n<p>F\u00e1cil cuidado: hace que el cuidado de tu ser querido sea m\u00e1s f\u00e1cil. Con un simple toque del bot\u00f3n de llamada SOS o alarmas de pacientes para buscar ayuda y asistencia del cuidador.<\/p>\n<p>El sistema de localizaci\u00f3n de botones de llamada para cuidadores viene con un clip para cintur\u00f3n, que se puede enganchar en el cintur\u00f3n o colocar en una superficie plana. Cada bot\u00f3n de llamada viene con un soporte que se puede fijar a una pared. Los botones de llamada de enfermera tambi\u00e9n se pueden llevar alrededor del cuello como colgante de llamada o bot\u00f3n de alerta con cord\u00f3n proporcionado o montado en la cabecera de la cabecera o pared del ba\u00f1o.<\/p>\n<p>Puedes cambiar a DINGDONG para una alerta de timbre fuerte\/timbre en 3 niveles de volumen ajustables. C\u00e1mbielo a ALARMA para una sirena de alarma continua cuando reciba la se\u00f1al del bot\u00f3n de llamada. Mantenga pulsado el bot\u00f3n de volumen en el lateral para pausar la alarma cuando sea necesario. Un sencillo sistema de localizaci\u00f3n inal\u00e1mbrico para personas mayores o bot\u00f3n de emergencia para ancianos en casa.<\/p>\n<p>El sistema de alerta de enfermera funciona para el hogar familiar peque\u00f1o o la unidad de cuidado. El rango de se\u00f1al inal\u00e1mbrica entre el buscapersonas y los beepers o el bot\u00f3n de p\u00e1nico es de hasta 300 pies en \u00e1rea abierta. Monitores de adultos efectivos y compactos para ancianos y personas mayores.<\/p>\n<ul>\n<li>Producto importado, venta bajo pedido con pago previo por el valor total del art\u00edculo.<\/li>\n<li>FAVOR ANTES DE OFERTAR, confirmar precio actual (por variaciones del valor del d\u00f3lar) y tambi\u00e9n CONFIRMAR QUE PUEDE ESPERAR LOS TIEMPOS DE ENTREGA\u00a0 que normalmente son entre 2-4 semanas.<\/li>\n<li>Cuando recibamos el pedido en nuestra oficina en Medell\u00edn-Colombia, le enviaremos un mensaje al comprador, si se encuentra en Medell\u00edn puede pasar a recogerlo personalmente en nuestra oficina, o tambi\u00e9n podemos hacer el envios a nivel nacional o internacional (Valor del envio cargo del comprador).<\/li>\n<li>Desde Ayudas para TODOS, estamos trabajando para ofrecerles el mayor Marketplace inclusivo a nivel mundial. Reuniendo en 1 solo sitio todos los productos que puedan necesitar, m\u00e1s de 5.000 referencias de art\u00edculos especializados que puedan necesitar instituciones y personas con o sin discapacidad, para apoyar procesos de inclusi\u00f3n, ayudando a superar las barreras que se pueden presentar al momento de estudiar, de trabajar, y en las dem\u00e1s actividades de la vida diaria.<\/li>\n<li>\u00bfNo est\u00e1 seguro sobre qu\u00e9 tipo de dispositivo o producto de apoyo debe comprar? Contamos con expertos para estudiar sus necesidades y asesorarlo recomend\u00e1ndole la ayuda o el conjunto de ayudas m\u00e1s adecuadas \u00bfNecesitas un producto y no lo encuentras en nuestro catalogo online? Cont\u00e1ctanos para ayudarte a conseguirlo. \u00bfEres emprendedor y tienes un gran producto inclusivo que quisieras promocionar en nuestra plataforma? <a href=\"https:\/\/ayudasparatodos.com\/index.php\/contact\/\">Cont\u00e1ctanos<\/a><\/li>\n<li>Visita la secci\u00f3n sobre <a href=\"https:\/\/ayudasparatodos.com\/index.php\/como-comprar-faq\/\">\u00bfC\u00f3mo Comprar? FAQ<\/a>, en la cual encontraras de forma m\u00e1s detallada las instrucciones de como comprar, servicio de asesor\u00eda y cotizaciones, formas de pago, env\u00edos a nivel nacional e internacional, garant\u00eda y otros temas relacionados.<\/li>\n<li><span style=\"font-size: 11.5pt; font-family: Roboto; color: #626262;\">Asesor\u00eda, cotizaciones dudas y comentarios: Si tiene cualquier duda o comentario, nos puede escribir o llamar via WhatsApp agregando el numero +57 3006000144 o directamente desde este <a href=\"https:\/\/wa.me\/+573006000144\">enlace<\/a>\u00a0 <\/span><a href=\"https:\/\/wa.me\/+573006000144\"><span style=\"font-size: 11.5pt; font-family: Roboto; color: #626262;\">https:\/\/wa.me\/+573006000144<\/span><\/a><span style=\"font-size: 11.5pt; font-family: Roboto; color: #626262;\">\u00a0 \u00a0 Tambi\u00e9n puede enviarnos un correo electr\u00f3nico a la direcci\u00f3n <a href=\"mailto:ventas@ayudasparatodos.com\">ventas@ayudasparatodos.com<\/a><\/span><\/li>\n<li><strong>Pagos en Colombia por transferencia Bancolombia o Nequi. Tambi\u00e9n recibimos pagos por tarjeta cr\u00e9dito o debito. Si la alternativa de pago no esta disponible en su pa\u00eds, tambi\u00e9n puede pagar por Giro en western Union o Paypal. Favor contactarnos al correo ventas@ayudasparatodos.com para generarle un enlace de pago personalizado por el valor de los art\u00edculos + el valor del envi\u00f3 seg\u00fan su ubicaci\u00f3n y con su moneda local. Despachos a nivel nacional e internacional desde Medell\u00edn &#8211; Colombia.<\/strong><\/li>\n<\/ul>\n<ul>\n<li style=\"list-style-type: none;\"><\/li>\n<\/ul>\n","protected":false},"excerpt":{"rendered":"<ul>\n<li>Buscapersonas de cuidador Bot\u00f3n inal\u00e1mbrico de llamada de enfermer\u00eda para monitoreo de ancianos Sistema de alerta SOS alarma port\u00e1til Campana de llamada para atenci\u00f3n domiciliaria, pacientes<\/li>\n<\/ul>\n","protected":false},"featured_media":0,"template":"","meta":[],"product_cat":[331,335,49],"product_tag":[337,336,338],"class_list":["post-52026","product","type-product","status-publish","hentry","product_cat-adulto-mayor","product_cat-timbres-emergencia","product_cat-topfisicatienda","product_tag-sistema-alerta-adulto-mayor-cuidador-timbre-sos-alerta-ayuda-emergencia","product_tag-sistema-timbre-de-emergencia-sos-cuidadores-pacientes-adultos-mayores-discapacidad","product_tag-sistema-timbre-sos-alerta-enfermera-cuidadores-hospitales-ancianatos-discapacidad","description-off"],"_links":{"self":[{"href":"https:\/\/ayudasparatodos.com\/index.php\/wp-json\/wp\/v3\/product\/52026"}],"collection":[{"href":"https:\/\/ayudasparatodos.com\/index.php\/wp-json\/wp\/v3\/product"}],"about":[{"href":"https:\/\/ayudasparatodos.com\/index.php\/wp-json\/wp\/v2\/types\/product"}],"wp:attachment":[{"href":"https:\/\/ayudasparatodos.com\/index.php\/wp-json\/wp\/v2\/media?parent=52026"}],"wp:term":[{"taxonomy":"product_cat","embeddable":true,"href":"https:\/\/ayudasparatodos.com\/index.php\/wp-json\/wp\/v2\/product_cat?post=52026"},{"taxonomy":"product_tag","embeddable":true,"href":"https:\/\/ayudasparatodos.com\/index.php\/wp-json\/wp\/v2\/product_tag?post=52026"}],"curies":[{"name":"wp","href":"https:\/\/api.w.org\/{rel}","templated":true}]}}