{"id":52360,"date":"2024-03-06T16:49:21","date_gmt":"2024-03-06T16:49:21","guid":{"rendered":"https:\/\/ayudasparatodos.com\/?post_type=product&#038;p=52360"},"modified":"2024-03-06T16:49:22","modified_gmt":"2024-03-06T16:49:22","slug":"vaso-anti-derrames-pitillo-discapacidad-adulto-mayor-parkinson-demencia-pacientes-temblores-alimentacion-comer","status":"publish","type":"product","link":"https:\/\/ayudasparatodos.com\/index.php\/producto\/vaso-anti-derrames-pitillo-discapacidad-adulto-mayor-parkinson-demencia-pacientes-temblores-alimentacion-comer\/","title":{"rendered":"Vaso anti derrames pitillo discapacidad adulto mayor Parkinson demencia pacientes temblores alimentaci\u00f3n comer"},"content":{"rendered":"<p>Vasos a prueba de derrames para adultos Juego de 5 piezas con pitillo de acero inoxidable y lavavajillas<\/p>\n<p>Mejor calidad de vida, Cuida a tu ser querido con problemas de movilidad. Estas tazas cuidadosamente dise\u00f1adas para adultos ayudan a reducir los derrames para ancianos, discapacitados y acostados. Haz que beber y alimentar sea f\u00e1cil con estas tazas casi a prueba de derrames para adultos.<\/p>\n<p>Nueva y mejor independencia Ay\u00fadalos a sentirse como ellos mismos de nuevo con este vaso para adultos. Las personas mayores y discapacitadas ya no necesitan depender plenamente de los cuidadores para esta necesidad b\u00e1sica. Esta taza para ancianos les ayuda a beber con facilidad.<\/p>\n<p>Dise\u00f1o inteligente No m\u00e1s ca\u00eddas. Esta taza de f\u00e1cil agarre est\u00e1 construida con dos asas ergon\u00f3micas y una base ancha para mayor estabilidad. Elija entre dos tipos de tapas convenientes para adaptarse a sus necesidades. Beba de la tapa del vaso con boquilla o inserte una pajita en la tapa antisalpicaduras.<\/p>\n<p>Versatilidad discreta Con esta taza para adultos a prueba de derrames, puedes beber una variedad de bebidas calientes o fr\u00edas en estas tazas para adultos Prepare f\u00e1cilmente sopas y batidos para aquellos que no pueden comer s\u00f3lidos.<\/p>\n<p>Utensilios adaptativos complementarios disponibles] Estos utensilios de alimentaci\u00f3n adaptativos tambi\u00e9n est\u00e1n disponibles como un paquete con otros equipos adaptativos \u00fatiles para comer, como juegos de cubiertos, platos y cuencos, todos especialmente dise\u00f1ados como utensilios construidos para adultos.<\/p>\n<ul>\n<li>Producto importado, venta bajo pedido con pago previo por el valor total del art\u00edculo.<\/li>\n<li>FAVOR ANTES DE OFERTAR, confirmar precio actual (por variaciones del valor del d\u00f3lar) y tambi\u00e9n CONFIRMAR QUE PUEDE ESPERAR LOS TIEMPOS DE ENTREGA\u00a0 que normalmente son entre 2-4 semanas.<\/li>\n<li>Cuando recibamos el pedido en nuestra oficina en Medell\u00edn-Colombia, le enviaremos un mensaje al comprador, si se encuentra en Medell\u00edn puede pasar a recogerlo personalmente en nuestra oficina, o tambi\u00e9n podemos hacer el envios a nivel nacional o internacional (Valor del envio cargo del comprador).<\/li>\n<li>Desde Ayudas para TODOS, estamos trabajando para ofrecerles el mayor Marketplace inclusivo a nivel mundial. Reuniendo en 1 solo sitio todos los productos que puedan necesitar, m\u00e1s de 5.000 referencias de art\u00edculos especializados que puedan necesitar instituciones y personas con o sin discapacidad, para apoyar procesos de inclusi\u00f3n, ayudando a superar las barreras que se pueden presentar al momento de estudiar, de trabajar, y en las dem\u00e1s actividades de la vida diaria.<\/li>\n<li>\u00bfNo est\u00e1 seguro sobre qu\u00e9 tipo de dispositivo o producto de apoyo debe comprar? Contamos con expertos para estudiar sus necesidades y asesorarlo recomend\u00e1ndole la ayuda o el conjunto de ayudas m\u00e1s adecuadas \u00bfNecesitas un producto y no lo encuentras en nuestro catalogo online? Cont\u00e1ctanos para ayudarte a conseguirlo. \u00bfEres emprendedor y tienes un gran producto inclusivo que quisieras promocionar en nuestra plataforma? <a href=\"https:\/\/ayudasparatodos.com\/index.php\/contact\/\">Cont\u00e1ctanos<\/a><\/li>\n<li>Visita la secci\u00f3n sobre <a href=\"https:\/\/ayudasparatodos.com\/index.php\/como-comprar-faq\/\">\u00bfC\u00f3mo Comprar? FAQ<\/a>, en la cual encontraras de forma m\u00e1s detallada las instrucciones de como comprar, servicio de asesor\u00eda y cotizaciones, formas de pago, env\u00edos a nivel nacional e internacional, garant\u00eda y otros temas relacionados.<\/li>\n<li><span style=\"font-size: 11.5pt; font-family: Roboto; color: #626262;\">Asesor\u00eda, cotizaciones dudas y comentarios: Si tiene cualquier duda o comentario, nos puede escribir o llamar via WhatsApp agregando el numero +57 3006000144 o directamente desde este <a href=\"https:\/\/wa.me\/+573006000144\">enlace<\/a>\u00a0 <\/span><a href=\"https:\/\/wa.me\/+573006000144\"><span style=\"font-size: 11.5pt; font-family: Roboto; color: #626262;\">https:\/\/wa.me\/+573006000144<\/span><\/a><span style=\"font-size: 11.5pt; font-family: Roboto; color: #626262;\">\u00a0 \u00a0 Tambi\u00e9n puede enviarnos un correo electr\u00f3nico a la direcci\u00f3n <a href=\"mailto:ventas@ayudasparatodos.com\">ventas@ayudasparatodos.com<\/a><\/span><\/li>\n<li><strong>Pagos en Colombia por transferencia Bancolombia o Nequi. Tambi\u00e9n recibimos pagos por tarjeta cr\u00e9dito o debito. Si la alternativa de pago no esta disponible en su pa\u00eds, tambi\u00e9n puede pagar por Giro en western Union o Paypal. Favor contactarnos al correo ventas@ayudasparatodos.com para generarle un enlace de pago personalizado por el valor de los art\u00edculos + el valor del envi\u00f3 seg\u00fan su ubicaci\u00f3n y con su moneda local. Despachos a nivel nacional e internacional desde Medell\u00edn &#8211; Colombia.<\/strong><\/li>\n<\/ul>\n<ul>\n<li style=\"list-style-type: none;\"><\/li>\n<\/ul>\n","protected":false},"excerpt":{"rendered":"<p>Vasos a prueba de derrames para adultos Juego de 5 piezas con pitillo de acero inoxidable y lavavajillas<\/p>\n","protected":false},"featured_media":0,"template":"","meta":[],"product_cat":[331,344,362,49],"product_tag":[379,349,348,360,350,346,345,347,361,376,377,378],"class_list":["post-52360","product","type-product","status-publish","hentry","product_cat-adulto-mayor","product_cat-comer-alimentacion","product_cat-comer-alimentacion-topfisicatienda","product_cat-topfisicatienda","product_tag-ayuda-comer-alimentacion-paralisis-cerebral","product_tag-ayuda-para-comer-alimentacion-adulto-mayor","product_tag-ayuda-para-comer-alimentacion-artritis-problemas-de-agarre","product_tag-ayuda-para-comer-alimentacion-paciente-derrame-cerebral-acv-accidente-cerebro-vascular","product_tag-ayuda-para-comer-alimentacion-pacientes-hospital-centro-adulto-mayor-genrontologico","product_tag-ayuda-para-comer-alimentacion-pacientes-parkinson","product_tag-ayuda-para-comer-alimentacion-personas-con-discapacidad","product_tag-ayuda-para-comer-alimentacion-personas-con-movilidad-reducida","product_tag-restaurante-accesible-alimentacion-personas-con-discapacidad","product_tag-taza-vaso-de-alimentacion-adulto-mayor-discapacidad-cuidador-paciente-enfermo","product_tag-vaso-para-alimentar-en-cama-discapacidad-adulto-mayor","product_tag-vaso-pitillo-discapacidad-hospital-adulto-mayor-hospital-terapia-ocupacional","description-off"],"_links":{"self":[{"href":"https:\/\/ayudasparatodos.com\/index.php\/wp-json\/wp\/v3\/product\/52360"}],"collection":[{"href":"https:\/\/ayudasparatodos.com\/index.php\/wp-json\/wp\/v3\/product"}],"about":[{"href":"https:\/\/ayudasparatodos.com\/index.php\/wp-json\/wp\/v2\/types\/product"}],"wp:attachment":[{"href":"https:\/\/ayudasparatodos.com\/index.php\/wp-json\/wp\/v2\/media?parent=52360"}],"wp:term":[{"taxonomy":"product_cat","embeddable":true,"href":"https:\/\/ayudasparatodos.com\/index.php\/wp-json\/wp\/v2\/product_cat?post=52360"},{"taxonomy":"product_tag","embeddable":true,"href":"https:\/\/ayudasparatodos.com\/index.php\/wp-json\/wp\/v2\/product_tag?post=52360"}],"curies":[{"name":"wp","href":"https:\/\/api.w.org\/{rel}","templated":true}]}}