{"id":52508,"date":"2024-04-01T17:00:43","date_gmt":"2024-04-01T17:00:43","guid":{"rendered":"https:\/\/ayudasparatodos.com\/?post_type=product&#038;p=52508"},"modified":"2024-04-01T17:21:04","modified_gmt":"2024-04-01T17:21:04","slug":"cuchillo-seguro-nylon","status":"publish","type":"product","link":"https:\/\/ayudasparatodos.com\/index.php\/producto\/cuchillo-seguro-nylon\/","title":{"rendered":"Cuchillo seguro Nylon Cocina discapacidad Visual baja visi\u00f3n"},"content":{"rendered":"<div>Caracter\u00edsticas del producto<\/div>\n<div>Color verde.<\/div>\n<div>La hoja de pl\u00e1stico dentada no te cortar\u00e1 los dedos.<\/div>\n<div>Seguro para usar en utensilios para hornear antiadherentes.<\/div>\n<div>Aptas para el lavavajillas.<\/div>\n<div>Mide alrededor de 11-3\/4 pulgadas por 2-1\/4 pulgadas por 1\/2 pulgadas.<\/div>\n<div>Peso del paquete: aproximadamente 3,2 onzas.<\/div>\n<div><\/div>\n<div>Descripci\u00f3n del Producto<\/div>\n<div>Lo suficientemente afilado como para cortar patatas, lo suficientemente preciso como para cortar pan&#8230; \u00a1y lo suficientemente inteligente como para no cortarte los dedos! Este incre\u00edble cuchillo est\u00e1 hecho de un pl\u00e1stico especial endurecido que corta f\u00e1cilmente frutas, verduras y pan de forma segura, sin riesgo de cortarse gravemente. A diferencia de un cuchillo de cocina de metal tradicional, no es el fin del mundo si tocas tus dedos mientras aprendes a preparar un plato de frutas para la cena. La mayor\u00eda de las veces, ni siquiera romper\u00e1s la piel.<\/div>\n<div>Pero hay muchos otros usos para este cuchillo adem\u00e1s de la seguridad. Puede usarlo en utensilios para hornear antiadherentes, lo que significa que finalmente es posible cortar brownies, pasteles e incluso pastel de carne directamente en la sart\u00e9n sin dejar marcas. Es fant\u00e1stico para los ni\u00f1os que quieren ayudar en la cocina, porque no tienes que preocuparte de que se lastimen gravemente. Por \u00faltimo, este cuchillo corta limpiamente la lechuga&#8230; sin dejar un feo borde marr\u00f3n.<\/div>\n<div><\/div>\n<div>La hoja dentada del cuchillo de nailon hace rebanadas perfectas, finas o gruesas. Fue dise\u00f1ado por chefs profesionales, pero es la elecci\u00f3n perfecta para las personas que est\u00e1n aprendiendo a preparar comida sin ver. Por supuesto, es totalmente apto para lavavajillas.<\/div>\n<ul>\n<li>Producto importado, venta bajo pedido con pago previo por el valor total del art\u00edculo.<\/li>\n<li>FAVOR ANTES DE OFERTAR, confirmar precio actual (por variaciones del valor del d\u00f3lar) y tambi\u00e9n CONFIRMAR QUE PUEDE ESPERAR LOS TIEMPOS DE ENTREGA\u00a0 que normalmente son entre 2-4 semanas.<\/li>\n<li>Cuando recibamos el pedido en nuestra oficina en Medell\u00edn-Colombia, le enviaremos un mensaje al comprador, si se encuentra en Medell\u00edn puede pasar a recogerlo personalmente en nuestra oficina, o tambi\u00e9n podemos hacer el envios a nivel nacional o internacional (Valor del envio cargo del comprador).<\/li>\n<li>Desde Ayudas para TODOS, estamos trabajando para ofrecerles el mayor Marketplace inclusivo a nivel mundial. Reuniendo en 1 solo sitio todos los productos que puedan necesitar, m\u00e1s de 5.000 referencias de art\u00edculos especializados que puedan necesitar instituciones y personas con o sin discapacidad, para apoyar procesos de inclusi\u00f3n, ayudando a superar las barreras que se pueden presentar al momento de estudiar, de trabajar, y en las dem\u00e1s actividades de la vida diaria.<\/li>\n<li>\u00bfNo est\u00e1 seguro sobre qu\u00e9 tipo de dispositivo o producto de apoyo debe comprar? Contamos con expertos para estudiar sus necesidades y asesorarlo recomend\u00e1ndole la ayuda o el conjunto de ayudas m\u00e1s adecuadas \u00bfNecesitas un producto y no lo encuentras en nuestro catalogo online? Cont\u00e1ctanos para ayudarte a conseguirlo. \u00bfEres emprendedor y tienes un gran producto inclusivo que quisieras promocionar en nuestra plataforma? <a href=\"https:\/\/ayudasparatodos.com\/index.php\/contact\/\">Cont\u00e1ctanos<\/a><\/li>\n<li>Visita la secci\u00f3n sobre <a href=\"https:\/\/ayudasparatodos.com\/index.php\/como-comprar-faq\/\">\u00bfC\u00f3mo Comprar? FAQ<\/a>, en la cual encontraras de forma m\u00e1s detallada las instrucciones de como comprar, servicio de asesor\u00eda y cotizaciones, formas de pago, env\u00edos a nivel nacional e internacional, garant\u00eda y otros temas relacionados.<\/li>\n<li><span style=\"font-size: 11.5pt; font-family: Roboto; color: #626262;\">Asesor\u00eda, cotizaciones dudas y comentarios: Si tiene cualquier duda o comentario, nos puede escribir o llamar via WhatsApp agregando el numero +57 3006000144 o directamente desde este <a href=\"https:\/\/wa.me\/+573006000144\">enlace<\/a>\u00a0 <\/span><a href=\"https:\/\/wa.me\/+573006000144\"><span style=\"font-size: 11.5pt; font-family: Roboto; color: #626262;\">https:\/\/wa.me\/+573006000144<\/span><\/a><span style=\"font-size: 11.5pt; font-family: Roboto; color: #626262;\">\u00a0 \u00a0 Tambi\u00e9n puede enviarnos un correo electr\u00f3nico a la direcci\u00f3n <a href=\"mailto:ventas@ayudasparatodos.com\">ventas@ayudasparatodos.com<\/a><\/span><\/li>\n<li><strong>Pagos en Colombia por transferencia Bancolombia o Nequi. Tambi\u00e9n recibimos pagos por tarjeta cr\u00e9dito o debito. Si la alternativa de pago no esta disponible en su pa\u00eds, tambi\u00e9n puede pagar por Giro en western Union o Paypal. Favor contactarnos al correo ventas@ayudasparatodos.com para generarle un enlace de pago personalizado por el valor de los art\u00edculos + el valor del envi\u00f3 seg\u00fan su ubicaci\u00f3n y con su moneda local. Despachos a nivel nacional e internacional desde Medell\u00edn &#8211; Colombia.<\/strong><\/li>\n<\/ul>\n<ul>\n<li style=\"list-style-type: none;\"><\/li>\n<\/ul>\n","protected":false},"excerpt":{"rendered":"<p>Corta todo tipo de alimentos sin cortarte los dedos<\/p>\n","protected":false},"featured_media":52514,"template":"","meta":[],"product_cat":[437],"product_tag":[473,472,471,475,480,474],"class_list":["post-52508","product","type-product","status-publish","has-post-thumbnail","hentry","product_cat-utensilios-y-ayudas-para-cocinar-discapacidad-visual","product_tag-ayuda-cocinar-ciegos-baja-vision-discapacidad-visual","product_tag-ayuda-comer-baja-vision","product_tag-ayuda-comer-discapacidad-visual","product_tag-ayudas-tecnicas-cocinar-alimentacion-ciegos-discapacidad-visual-baja-vision","product_tag-cuchillo-seguro-nylon-cocina-discapacidad-visual-baja-vision","product_tag-productos-de-apoyo-cocianr-comer-discapacidad-visual-ciegos","description-off"],"_links":{"self":[{"href":"https:\/\/ayudasparatodos.com\/index.php\/wp-json\/wp\/v3\/product\/52508"}],"collection":[{"href":"https:\/\/ayudasparatodos.com\/index.php\/wp-json\/wp\/v3\/product"}],"about":[{"href":"https:\/\/ayudasparatodos.com\/index.php\/wp-json\/wp\/v2\/types\/product"}],"wp:featuredmedia":[{"embeddable":true,"href":"https:\/\/ayudasparatodos.com\/index.php\/wp-json\/wp\/v2\/media\/52514"}],"wp:attachment":[{"href":"https:\/\/ayudasparatodos.com\/index.php\/wp-json\/wp\/v2\/media?parent=52508"}],"wp:term":[{"taxonomy":"product_cat","embeddable":true,"href":"https:\/\/ayudasparatodos.com\/index.php\/wp-json\/wp\/v2\/product_cat?post=52508"},{"taxonomy":"product_tag","embeddable":true,"href":"https:\/\/ayudasparatodos.com\/index.php\/wp-json\/wp\/v2\/product_tag?post=52508"}],"curies":[{"name":"wp","href":"https:\/\/api.w.org\/{rel}","templated":true}]}}