{"id":52550,"date":"2024-04-01T21:28:25","date_gmt":"2024-04-01T21:28:25","guid":{"rendered":"https:\/\/ayudasparatodos.com\/?post_type=product&#038;p=52550"},"modified":"2024-04-01T21:28:26","modified_gmt":"2024-04-01T21:28:26","slug":"glucometro-diabetes-prodigy-autocode","status":"publish","type":"product","link":"https:\/\/ayudasparatodos.com\/index.php\/producto\/glucometro-diabetes-prodigy-autocode\/","title":{"rendered":"Glucometro Diabetes Prodigy Autocode habla en espa\u00f1ol para ciegos y personas con baja visi\u00f3n"},"content":{"rendered":"<p>DESCRIPCI\u00d3N DEL PRODUCTO<\/p>\n<p>El medidor de glucosa parlante Autocode PRODIGY anuncia sus resultados con una voz f\u00e1cil de entender. Cada sesi\u00f3n comienza con el monitor indicando su n\u00famero de control y la temperatura y emite un pitido cuando se ha absorbido suficiente sangre. La funci\u00f3n Autocode codifica autom\u00e1ticamente cada nuevo vial de tiras. Este medidor parlante es ideal para usuarios con baja visi\u00f3n \/ ciegos. Tambi\u00e9n puede descargar los resultados a su computadora para almacenarlos y revisarlos. Prodigy Autocode solo se puede utilizar con las tiras reactivas Prodigy Autocode QuickDraw y la soluci\u00f3n de control Prodigy .<\/p>\n<p>Caracter\u00edsticas<\/p>\n<p>Utiliza s\u00f3lo 0,6 microlitros de sangre para cada prueba.<\/p>\n<p>Te avisa cuando termina la prueba.<\/p>\n<p>Almacena 450 resultados y mantiene promedios de 7, 14, 21, 28, 60 y 90 d\u00edas.<\/p>\n<p>Los resultados est\u00e1n disponibles r\u00e1pidamente<\/p>\n<p>Especificaciones<\/p>\n<p>Se puede configurar para hablar en ingl\u00e9s, espa\u00f1ol, franc\u00e9s o \u00e1rabe.<\/p>\n<p>Viene con 2 pilas AAA, libro de registro, medidor, diez tiras reactivas, soluci\u00f3n de control, dispositivo de punci\u00f3n y estuche de transporte.<\/p>\n<p>Garant\u00eda de un a\u00f1o<\/p>\n<p>&nbsp;<\/p>\n<ul>\n<li>Producto importado, venta bajo pedido con pago previo por el valor total del articulo.<\/li>\n<li>FAVOR ANTES DE OFERTAR, confirmar precio actual (por variaciones del valor del d\u00f3lar) y tambi\u00e9n CONFIRMAR QUE PUEDE ESPERAR LOS TIEMPOS DE ENTREGA\u00a0 que normalmente son entre 2-4 semanas.<\/li>\n<li>Cuando recibamos el pedido en nuestra oficina en Medell\u00edn-Colombia, le enviaremos un mensaje al comprador, si se encuentra en Medell\u00edn puede pasar a recogerlo personalmente en nuestra oficina, o tambi\u00e9n podemos hacer el envios a nivel nacional o internacional (Valor del envio cargo del comprador).<\/li>\n<li>Desde Ayudas para TODOS, estamos trabajando para ofrecerles el mayor Marketplace inclusivo a nivel mundial. Reuniendo en 1 solo sitio todos los productos que puedan necesitar, m\u00e1s de 5.000 referencias de art\u00edculos especializados que puedan necesitar instituciones y personas con o sin discapacidad, para apoyar procesos de inclusi\u00f3n, ayudando a superar las barreras que se pueden presentar al momento de estudiar, de trabajar, y en las dem\u00e1s actividades de la vida diaria.<\/li>\n<li>\u00bfNo est\u00e1 seguro sobre qu\u00e9 tipo de dispositivo o producto de apoyo debe comprar? Contamos con expertos para estudiar sus necesidades y asesorarlo recomend\u00e1ndole la ayuda o el conjunto de ayudas m\u00e1s adecuadas \u00bfNecesitas un producto y no lo encuentras en nuestro catalogo online? Cont\u00e1ctanos para ayudarte a conseguirlo. \u00bfEres emprendedor y tienes un gran producto inclusivo que quisieras promocionar en nuestra plataforma? <a href=\"https:\/\/ayudasparatodos.com\/index.php\/contact\/\">Cont\u00e1ctanos<\/a><\/li>\n<li>Visita la secci\u00f3n sobre <a href=\"https:\/\/ayudasparatodos.com\/index.php\/como-comprar-faq\/\">\u00bfC\u00f3mo Comprar? FAQ<\/a>, en la cual encontraras de forma m\u00e1s detallada las instrucciones de como comprar, servicio de asesor\u00eda y cotizaciones, formas de pago, env\u00edos a nivel nacional e internacional, garant\u00eda y otros temas relacionados.<\/li>\n<li><span style=\"font-size: 11.5pt; font-family: Roboto; color: #626262;\">Asesor\u00eda, cotizaciones dudas y comentarios: Si tiene cualquier duda o comentario, nos puede escribir o llamar via WhatsApp agregando el numero +57 3006000144 o directamente desde este <a href=\"https:\/\/wa.me\/+573006000144\">enlace<\/a>\u00a0 <\/span><a href=\"https:\/\/wa.me\/+573006000144\"><span style=\"font-size: 11.5pt; font-family: Roboto; color: #626262;\">https:\/\/wa.me\/+573006000144<\/span><\/a><span style=\"font-size: 11.5pt; font-family: Roboto; color: #626262;\">\u00a0 \u00a0 Tambi\u00e9n puede enviarnos un correo electr\u00f3nico a la direcci\u00f3n <a href=\"mailto:ventas@ayudasparatodos.com\">ventas@ayudasparatodos.com<\/a><\/span><\/li>\n<li><strong>Pagos en Colombia por transferencia Bancolombia o Nequi. Tambi\u00e9n recibimos pagos por tarjeta cr\u00e9dito o debito. Si la alternativa de pago no esta disponible en su pa\u00eds, tambi\u00e9n puede pagar por Giro en western Union o Paypal. Favor contactarnos al correo ventas@ayudasparatodos.com para generarle un enlace de pago personalizado por el valor de los art\u00edculos + el valor del envi\u00f3 seg\u00fan su ubicaci\u00f3n y con su moneda local. Despachos a nivel nacional e internacional desde Medell\u00edn &#8211; Colombia.<\/strong><\/li>\n<\/ul>\n","protected":false},"excerpt":{"rendered":"<p>El medidor de glucosa parlante Autocode PRODIGY anuncia sus resultados con una voz f\u00e1cil de entender.<\/p>\n","protected":false},"featured_media":0,"template":"","meta":[],"product_cat":[435],"product_tag":[490,499,316,488,489,318,317],"class_list":["post-52550","product","type-product","status-publish","hentry","product_cat-ayudas-parlantes-que-hablan","product_tag-dispositivo-productode-apoyo-ciegos-baja-vision-habla-en-espanol","product_tag-glucometro-diabetes-prodigy-autocode-habla-en-espanol-para-ciegos-y-personas-con-baja-vision","product_tag-herramientas-y-productos-adaptados-para-ciegos","product_tag-sistema-parlante-habla-en-espanol-para-ciegos-baja-vision-discapacidad-visual","product_tag-tecnologia-asistiva-ciegos-parlante-habla-en-espanol","product_tag-venta-de-productos-de-apoyo-discapacidad-visual","product_tag-venta-de-productos-especializados-para-personas-ciegas-o-con-baja-vision","description-off"],"_links":{"self":[{"href":"https:\/\/ayudasparatodos.com\/index.php\/wp-json\/wp\/v3\/product\/52550"}],"collection":[{"href":"https:\/\/ayudasparatodos.com\/index.php\/wp-json\/wp\/v3\/product"}],"about":[{"href":"https:\/\/ayudasparatodos.com\/index.php\/wp-json\/wp\/v2\/types\/product"}],"wp:attachment":[{"href":"https:\/\/ayudasparatodos.com\/index.php\/wp-json\/wp\/v2\/media?parent=52550"}],"wp:term":[{"taxonomy":"product_cat","embeddable":true,"href":"https:\/\/ayudasparatodos.com\/index.php\/wp-json\/wp\/v2\/product_cat?post=52550"},{"taxonomy":"product_tag","embeddable":true,"href":"https:\/\/ayudasparatodos.com\/index.php\/wp-json\/wp\/v2\/product_tag?post=52550"}],"curies":[{"name":"wp","href":"https:\/\/api.w.org\/{rel}","templated":true}]}}