{"id":52687,"date":"2024-04-03T19:34:54","date_gmt":"2024-04-03T19:34:54","guid":{"rendered":"https:\/\/ayudasparatodos.com\/?post_type=product&#038;p=52687"},"modified":"2024-04-03T19:34:54","modified_gmt":"2024-04-03T19:34:54","slug":"tabla-con-el-abecedario-braille-en-madera-aprender-estudiar-braille","status":"publish","type":"product","link":"https:\/\/ayudasparatodos.com\/index.php\/producto\/tabla-con-el-abecedario-braille-en-madera-aprender-estudiar-braille\/","title":{"rendered":"Tabla con el Abecedario Braille en madera Aprender estudiar braille"},"content":{"rendered":"<p>Placa de madera con ABC y 123, es un gran regalo<\/p>\n<p>&nbsp;<\/p>\n<p>Caracter\u00edsticas del producto<\/p>\n<p>Maravillosa herramienta de ense\u00f1anza de Braille.<\/p>\n<p>Caracteres impresos grabados con l\u00e1ser sobre puntos Braille en relieve.<\/p>\n<p>Hecho a mano en los EE.UU.<\/p>\n<p>Hecho de madera de abedul b\u00e1ltico de 1\/4&#8243;.<\/p>\n<p>Construido para durar, perfecto para el aula o la educaci\u00f3n en casa.<\/p>\n<p>Cuatro filas de 10 caracteres, A-Z, 1-9 y 0, m\u00e1s cuatro s\u00edmbolos comunes.<\/p>\n<p>Celdas Braille grandes, puntos Braille gigantes.<\/p>\n<p>Punto de partida l\u00f3gico para aprender a leer mediante el tacto.<\/p>\n<p>Impresionante regalo para entusiastas del Braille de todas las edades, ciegos o videntes.<\/p>\n<p>Mide aproximadamente 9 por 6 por 1\/4 de pulgada.<\/p>\n<p>Peso del paquete: aproximadamente 4,2 onzas.<\/p>\n<p>&nbsp;<\/p>\n<p>Descripci\u00f3n del Producto<\/p>\n<p>Una maravillosa herramienta de ense\u00f1anza, nuestro tablero del alfabeto Braille presenta caracteres impresos grabados sobre los correspondientes puntos Braille en relieve. Hecho a mano en los EE. UU., este tablero es un regalo impresionante para estudiantes de Braille ciegos o videntes, ya que luce elegante en una mesa de caf\u00e9 o como ayuda de aprendizaje en la clase de Braille.<\/p>\n<p>Hecho de madera de abedul b\u00e1ltico de un cuarto de pulgada, el tablero presenta Braille grabado con l\u00e1ser e letras y n\u00fameros impresos. Dise\u00f1ado para durar, es perfecto para el aula o la educaci\u00f3n en casa. Si usted es profesor en una escuela tradicional o educa a sus hijos en casa, esta pizarra encajar\u00e1 perfectamente en el plan de estudios de su hijo.<\/p>\n<p>&nbsp;<\/p>\n<p>El tablero, que sirve como referencia r\u00e1pida invaluable y duradera, tiene cuatro filas de 10 caracteres, con letras impresas grabadas encima de los puntos Braille correspondientes. El alfabeto se divide en tres filas: A-J, K-T y U-Z. A la derecha de Z hay cuatro s\u00edmbolos de uso com\u00fan: coma, punto, signo may\u00fascula y signo num\u00e9rico. La cuarta fila presenta los n\u00fameros del 1 al 9 y el 0.<\/p>\n<p>&nbsp;<\/p>\n<p>Se utilizan celdas Braille grandes y puntos gigantes, lo que convierte al tablero en un punto de partida l\u00f3gico para que las personas ciegas aprendan a leer mediante el tacto. Las letras impresas con sangr\u00eda se pueden trazar con los dedos o verse visualmente.<\/p>\n<p>&nbsp;<\/p>\n<p>Si desea mejorar su juego de Braille o mantenerse alejado de los recursos de aprendizaje de Braille comunes y corrientes, acaba de encontrar algo muy especial. Con unas medidas de 9&#8243; X 6&#8243; X 1\/4&#8243;, esta tabla totalmente de madera es un gran regalo para los entusiastas del Braille de todas las edades, ya sean videntes o ciegos.<\/p>\n<p>&nbsp;<\/p>\n<ul>\n<li>Producto importado, venta bajo pedido con pago previo por el valor total del articulo.<\/li>\n<li>FAVOR ANTES DE OFERTAR, confirmar precio actual (por variaciones del valor del d\u00f3lar) y tambi\u00e9n CONFIRMAR QUE PUEDE ESPERAR LOS TIEMPOS DE ENTREGA\u00a0 que normalmente son entre 2-4 semanas.<\/li>\n<li>Cuando recibamos el pedido en nuestra oficina en Medell\u00edn-Colombia, le enviaremos un mensaje al comprador, si se encuentra en Medell\u00edn puede pasar a recogerlo personalmente en nuestra oficina, o tambi\u00e9n podemos hacer el envios a nivel nacional o internacional (Valor del envio cargo del comprador).<\/li>\n<li>Desde Ayudas para TODOS, estamos trabajando para ofrecerles el mayor Marketplace inclusivo a nivel mundial. Reuniendo en 1 solo sitio todos los productos que puedan necesitar, m\u00e1s de 5.000 referencias de art\u00edculos especializados que puedan necesitar instituciones y personas con o sin discapacidad, para apoyar procesos de inclusi\u00f3n, ayudando a superar las barreras que se pueden presentar al momento de estudiar, de trabajar, y en las dem\u00e1s actividades de la vida diaria.<\/li>\n<li>\u00bfNo est\u00e1 seguro sobre qu\u00e9 tipo de dispositivo o producto de apoyo debe comprar? Contamos con expertos para estudiar sus necesidades y asesorarlo recomend\u00e1ndole la ayuda o el conjunto de ayudas m\u00e1s adecuadas \u00bfNecesitas un producto y no lo encuentras en nuestro catalogo online? Cont\u00e1ctanos para ayudarte a conseguirlo. \u00bfEres emprendedor y tienes un gran producto inclusivo que quisieras promocionar en nuestra plataforma? <a href=\"https:\/\/ayudasparatodos.com\/index.php\/contact\/\">Cont\u00e1ctanos<\/a><\/li>\n<li>Visita la secci\u00f3n sobre <a href=\"https:\/\/ayudasparatodos.com\/index.php\/como-comprar-faq\/\">\u00bfC\u00f3mo Comprar? FAQ<\/a>, en la cual encontraras de forma m\u00e1s detallada las instrucciones de como comprar, servicio de asesor\u00eda y cotizaciones, formas de pago, env\u00edos a nivel nacional e internacional, garant\u00eda y otros temas relacionados.<\/li>\n<li><span style=\"font-size: 11.5pt; font-family: Roboto; color: #626262;\">Asesor\u00eda, cotizaciones dudas y comentarios: Si tiene cualquier duda o comentario, nos puede escribir o llamar via WhatsApp agregando el numero +57 3006000144 o directamente desde este <a href=\"https:\/\/wa.me\/+573006000144\">enlace<\/a>\u00a0 <\/span><a href=\"https:\/\/wa.me\/+573006000144\"><span style=\"font-size: 11.5pt; font-family: Roboto; color: #626262;\">https:\/\/wa.me\/+573006000144<\/span><\/a><span style=\"font-size: 11.5pt; font-family: Roboto; color: #626262;\">\u00a0 \u00a0 Tambi\u00e9n puede enviarnos un correo electr\u00f3nico a la direcci\u00f3n <a href=\"mailto:ventas@ayudasparatodos.com\">ventas@ayudasparatodos.com<\/a><\/span><\/li>\n<li><strong>Pagos en Colombia por transferencia Bancolombia o Nequi. Tambi\u00e9n recibimos pagos por tarjeta cr\u00e9dito o debito. Si la alternativa de pago no esta disponible en su pa\u00eds, tambi\u00e9n puede pagar por Giro en western Union o Paypal. Favor contactarnos al correo ventas@ayudasparatodos.com para generarle un enlace de pago personalizado por el valor de los art\u00edculos + el valor del envi\u00f3 seg\u00fan su ubicaci\u00f3n y con su moneda local. Despachos a nivel nacional e internacional desde Medell\u00edn &#8211; Colombia.<\/strong><\/li>\n<\/ul>\n","protected":false},"excerpt":{"rendered":"<p>Placa de madera con ABC y 123, es un gran regalo<\/p>\n","protected":false},"featured_media":52707,"template":"","meta":[],"product_cat":[558,443],"product_tag":[561,560,559,562,563],"class_list":["post-52687","product","type-product","status-publish","has-post-thumbnail","hentry","product_cat-aprender-y-practicar-braille","product_cat-educacion-y-manualidades-discapacidad-visual","product_tag-aprender-y-practicar-braille-ciegos-baja-vision-educacion-especial","product_tag-ayudas-y-productos-para-aprendizaje-y-practica-sistema-braille","product_tag-productos-aprender-y-practicar-braille","product_tag-productos-braille-para-usar-en-salonde-clase-inclusion-educativa-ciegos-baja-vision","product_tag-tabla-con-el-abecedario-braille-en-madera-aprender-estudiar-braille","description-off"],"_links":{"self":[{"href":"https:\/\/ayudasparatodos.com\/index.php\/wp-json\/wp\/v3\/product\/52687"}],"collection":[{"href":"https:\/\/ayudasparatodos.com\/index.php\/wp-json\/wp\/v3\/product"}],"about":[{"href":"https:\/\/ayudasparatodos.com\/index.php\/wp-json\/wp\/v2\/types\/product"}],"wp:featuredmedia":[{"embeddable":true,"href":"https:\/\/ayudasparatodos.com\/index.php\/wp-json\/wp\/v2\/media\/52707"}],"wp:attachment":[{"href":"https:\/\/ayudasparatodos.com\/index.php\/wp-json\/wp\/v2\/media?parent=52687"}],"wp:term":[{"taxonomy":"product_cat","embeddable":true,"href":"https:\/\/ayudasparatodos.com\/index.php\/wp-json\/wp\/v2\/product_cat?post=52687"},{"taxonomy":"product_tag","embeddable":true,"href":"https:\/\/ayudasparatodos.com\/index.php\/wp-json\/wp\/v2\/product_tag?post=52687"}],"curies":[{"name":"wp","href":"https:\/\/api.w.org\/{rel}","templated":true}]}}