{"id":52728,"date":"2024-04-05T16:53:01","date_gmt":"2024-04-05T16:53:01","guid":{"rendered":"https:\/\/ayudasparatodos.com\/?post_type=product&#038;p=52728"},"modified":"2024-04-05T16:53:01","modified_gmt":"2024-04-05T16:53:01","slug":"rook-juego-de-cartas-con-braille-baja-vision-ciegos","status":"publish","type":"product","link":"https:\/\/ayudasparatodos.com\/index.php\/producto\/rook-juego-de-cartas-con-braille-baja-vision-ciegos\/","title":{"rendered":"Rook Juego de Cartas con Braille Baja visi\u00f3n ciegos"},"content":{"rendered":"<p>Un cl\u00e1sico juego de cartas familiar, repleto de diversi\u00f3n<\/p>\n<p>&nbsp;<\/p>\n<p>Caracter\u00edsticas del producto<\/p>\n<p>El mejor juego de cartas que no est\u00e1s jugando.<\/p>\n<p>Reglas simples, pero estrategia compleja.<\/p>\n<p>Aprenda en minutos y luego \u00fanase directamente.<\/p>\n<p>La baraja incluye 56 naipes de marca.<\/p>\n<p>Las tarjetas tienen Braille en dos esquinas e impresi\u00f3n a todo color.<\/p>\n<p>La plataforma viene empaquetada en un estuche de pl\u00e1stico duro.<\/p>\n<p>Recomendado para mayores de 8 a\u00f1os.<\/p>\n<p>Peso del paquete: alrededor de 4 onzas.<\/p>\n<p>&nbsp;<\/p>\n<p>Descripci\u00f3n del Producto<\/p>\n<p>\u00a1El mejor juego de cartas que no est\u00e1s jugando! \u00a1Desde 1906, los jugadores de cartas han disfrutado de este incre\u00edble juego familiar! Es m\u00e1s f\u00e1cil que Bridge, m\u00e1s desafiante que Hearts e impredecible hasta la \u00faltima carta. Puja, nombra triunfo y haz tantas bazas como puedas&#8230; \u00a1pero cuidado con esa torre! \u00a1El comod\u00edn definitivo, este gran p\u00e1jaro puede atacar y cambiarlo todo!<\/p>\n<p>Esta baraja incluye 56 cartas, en cuatro colores, m\u00e1s la Torre. Cada conjunto de colores est\u00e1 numerado del 1 al 14, y los n\u00fameros y colores est\u00e1n marcados en Braille claro y n\u00edtido. Las reglas que hemos publicado aqu\u00ed hacen que el juego sea sencillo, incluso para los novatos. Viene en una caja resistente de pl\u00e1stico duro para un f\u00e1cil almacenamiento.<\/p>\n<p>&nbsp;<\/p>\n<p>As\u00ed que toma una baraja de cartas de Torre y r\u00f3mpela la pr\u00f3xima vez que tengas una reuni\u00f3n con familiares o amigos. Incluso si algunos o todos nunca han jugado, las reglas de Torre se pueden ense\u00f1ar en unos pocos minutos, y la mayor\u00eda de los jugadores las encuentran interesantes y divertidas de inmediato. Los juegos de cartas han sido tradicionalmente una excelente manera de socializar, \u00a1y la variedad \u00fanica de reglas simples y estrategias complejas de Rooks atraer\u00e1 a casi todos! Recomendado para mayores de 8 a\u00f1os.<\/p>\n<p>&nbsp;<\/p>\n<ul>\n<li>Producto importado, venta bajo pedido con pago previo por el valor total del articulo.<\/li>\n<li>FAVOR ANTES DE OFERTAR, confirmar precio actual (por variaciones del valor del d\u00f3lar) y tambi\u00e9n CONFIRMAR QUE PUEDE ESPERAR LOS TIEMPOS DE ENTREGA\u00a0 que normalmente son entre 2-4 semanas.<\/li>\n<li>Cuando recibamos el pedido en nuestra oficina en Medell\u00edn-Colombia, le enviaremos un mensaje al comprador, si se encuentra en Medell\u00edn puede pasar a recogerlo personalmente en nuestra oficina, o tambi\u00e9n podemos hacer el envios a nivel nacional o internacional (Valor del envio cargo del comprador).<\/li>\n<li>Desde Ayudas para TODOS, estamos trabajando para ofrecerles el mayor Marketplace inclusivo a nivel mundial. Reuniendo en 1 solo sitio todos los productos que puedan necesitar, m\u00e1s de 5.000 referencias de art\u00edculos especializados que puedan necesitar instituciones y personas con o sin discapacidad, para apoyar procesos de inclusi\u00f3n, ayudando a superar las barreras que se pueden presentar al momento de estudiar, de trabajar, y en las dem\u00e1s actividades de la vida diaria.<\/li>\n<li>\u00bfNo est\u00e1 seguro sobre qu\u00e9 tipo de dispositivo o producto de apoyo debe comprar? Contamos con expertos para estudiar sus necesidades y asesorarlo recomend\u00e1ndole la ayuda o el conjunto de ayudas m\u00e1s adecuadas \u00bfNecesitas un producto y no lo encuentras en nuestro catalogo online? Cont\u00e1ctanos para ayudarte a conseguirlo. \u00bfEres emprendedor y tienes un gran producto inclusivo que quisieras promocionar en nuestra plataforma? <a href=\"https:\/\/ayudasparatodos.com\/index.php\/contact\/\">Cont\u00e1ctanos<\/a><\/li>\n<li>Visita la secci\u00f3n sobre <a href=\"https:\/\/ayudasparatodos.com\/index.php\/como-comprar-faq\/\">\u00bfC\u00f3mo Comprar? FAQ<\/a>, en la cual encontraras de forma m\u00e1s detallada las instrucciones de como comprar, servicio de asesor\u00eda y cotizaciones, formas de pago, env\u00edos a nivel nacional e internacional, garant\u00eda y otros temas relacionados.<\/li>\n<li><span style=\"font-size: 11.5pt; font-family: Roboto; color: #626262;\">Asesor\u00eda, cotizaciones dudas y comentarios: Si tiene cualquier duda o comentario, nos puede escribir o llamar via WhatsApp agregando el numero +57 3006000144 o directamente desde este <a href=\"https:\/\/wa.me\/+573006000144\">enlace<\/a>\u00a0 <\/span><a href=\"https:\/\/wa.me\/+573006000144\"><span style=\"font-size: 11.5pt; font-family: Roboto; color: #626262;\">https:\/\/wa.me\/+573006000144<\/span><\/a><span style=\"font-size: 11.5pt; font-family: Roboto; color: #626262;\">\u00a0 \u00a0 Tambi\u00e9n puede enviarnos un correo electr\u00f3nico a la direcci\u00f3n <a href=\"mailto:ventas@ayudasparatodos.com\">ventas@ayudasparatodos.com<\/a><\/span><\/li>\n<li><strong>Pagos en Colombia por transferencia Bancolombia o Nequi. Tambi\u00e9n recibimos pagos por tarjeta cr\u00e9dito o debito. Si la alternativa de pago no esta disponible en su pa\u00eds, tambi\u00e9n puede pagar por Giro en western Union o Paypal. Favor contactarnos al correo ventas@ayudasparatodos.com para generarle un enlace de pago personalizado por el valor de los art\u00edculos + el valor del envi\u00f3 seg\u00fan su ubicaci\u00f3n y con su moneda local. Despachos a nivel nacional e internacional desde Medell\u00edn &#8211; Colombia.<\/strong><\/li>\n<\/ul>\n","protected":false},"excerpt":{"rendered":"<p>Un cl\u00e1sico juego de cartas familiar, repleto de diversi\u00f3n<\/p>\n","protected":false},"featured_media":52748,"template":"","meta":[],"product_cat":[442,434],"product_tag":[582,586,581,583,580],"class_list":["post-52728","product","type-product","status-publish","has-post-thumbnail","hentry","product_cat-juegos-y-juguetes-discapacidad-visual","product_cat-juegos-y-juguetes-con-braille","product_tag-juegos-y-juguetes-ocio-y-recreacion-personas-con-discapacidad-visual-baja-vision-ciegos-invidentes","product_tag-rook-juego-de-cartas-con-braille-baja-vision-ciegos","product_tag-venta-de-jeugos-y-juguetes-para-adultos-ciegos-discapacidad-visual-baja-vision","product_tag-venta-de-juegos-para-adultos-mayores-con-baja-vision-discapacidad-visual","product_tag-venta-de-juegos-y-juguetes-para-ninos-ciegos-discapacidad-visual-baja-vision","description-off"],"_links":{"self":[{"href":"https:\/\/ayudasparatodos.com\/index.php\/wp-json\/wp\/v3\/product\/52728"}],"collection":[{"href":"https:\/\/ayudasparatodos.com\/index.php\/wp-json\/wp\/v3\/product"}],"about":[{"href":"https:\/\/ayudasparatodos.com\/index.php\/wp-json\/wp\/v2\/types\/product"}],"wp:featuredmedia":[{"embeddable":true,"href":"https:\/\/ayudasparatodos.com\/index.php\/wp-json\/wp\/v2\/media\/52748"}],"wp:attachment":[{"href":"https:\/\/ayudasparatodos.com\/index.php\/wp-json\/wp\/v2\/media?parent=52728"}],"wp:term":[{"taxonomy":"product_cat","embeddable":true,"href":"https:\/\/ayudasparatodos.com\/index.php\/wp-json\/wp\/v2\/product_cat?post=52728"},{"taxonomy":"product_tag","embeddable":true,"href":"https:\/\/ayudasparatodos.com\/index.php\/wp-json\/wp\/v2\/product_tag?post=52728"}],"curies":[{"name":"wp","href":"https:\/\/api.w.org\/{rel}","templated":true}]}}