{"id":52776,"date":"2024-04-08T14:55:03","date_gmt":"2024-04-08T14:55:03","guid":{"rendered":"https:\/\/ayudasparatodos.com\/?post_type=product&#038;p=52776"},"modified":"2024-04-08T14:55:04","modified_gmt":"2024-04-08T14:55:04","slug":"juego-de-sudoku-con-braille-para-personas-con-baja-vision-ciegos","status":"publish","type":"product","link":"https:\/\/ayudasparatodos.com\/index.php\/producto\/juego-de-sudoku-con-braille-para-personas-con-baja-vision-ciegos\/","title":{"rendered":"Juego de Sudoku con Braille para personas con Baja visi\u00f3n ciegos"},"content":{"rendered":"<div>Tablero de juego de madera &#8211; Con fichas num\u00e9ricas en Braille<\/div>\n<div><\/div>\n<div>Caracter\u00edsticas del producto<\/div>\n<div>Un juego de estrategia num\u00e9rica.<\/div>\n<div>Genialmente dise\u00f1ado para facilitar el juego t\u00e1ctil.<\/div>\n<div>Incluye tablero de juego de madera con fichas de n\u00fameros en braille.<\/div>\n<div>Consta de un tablero cuadriculado de 9X9 dividido en 9 cuadrados individuales de 3X3.<\/div>\n<div>Tablero de juego de madera de calidad; aproximadamente 10&#8243; cuadrados y 1\/2&#8243; de espesor.<\/div>\n<div>Cada clavija num\u00e9rica en braille est\u00e1 marcada con una l\u00ednea elevada en la parte superior y una sangr\u00eda en la parte inferior.<\/div>\n<div>El pin central en cada clavija ayuda a distinguir entre los n\u00fameros de un rompecabezas y los n\u00fameros que usted ha completado.<\/div>\n<div>De tama\u00f1o compacto; guardarlo f\u00e1cilmente en una mochila.<\/div>\n<div>Los jugadores ciegos probablemente tambi\u00e9n necesitar\u00e1n un libro complementario en Braille de Sudoku (se vende por separado).<\/div>\n<div>Peso del paquete: alrededor de 1,9 libras.<\/div>\n<div><\/div>\n<div>Descripci\u00f3n del Producto<\/div>\n<div>SUDOKU&#8230; S\u00f3lo la menci\u00f3n de esta palabra entusiasma a millones de aficionados a la resoluci\u00f3n de acertijos en todo el mundo. Introducido por primera vez en 1986 y popularizado por una empresa japonesa en 2005, el Sudoku es un juego de estrategia num\u00e9rica que consta de una cuadr\u00edcula de 9X9, dividida en nueve cuadrados individuales que miden 3X3. La idea es tomar un Sudoku impreso (que tiene algunos n\u00fameros completados y otros cuadrados en blanco) y resolverlo de tal manera que cada columna y cada fila contenga los d\u00edgitos del 1 al 9 solo una vez. Adem\u00e1s, no puede haber n\u00fameros duplicados en cada uno de los nueve cuadrados individuales de 3X3.<\/div>\n<div>Todo esto ha ido muy bien, hasta que los jugadores ciegos intentaron jugar o resolver un rompecabezas. Pero lograr la tarea de hacer un Sudoku en Braille ha sido un desaf\u00edo, por decir lo m\u00ednimo, porque nunca ha habido una manera f\u00e1cil para que los jugadores ciegos escriban un n\u00famero en su rompecabezas, luego lo borren y lo muevan a otro lugar cuando sea necesario. \u00a1Pero ahora, por fin, ese enigma est\u00e1 resuelto!<\/div>\n<div><\/div>\n<div>\u00a1Descubre el primer juego de Sudoku port\u00e1til y totalmente accesible del mundo para jugadores ciegos! Es un concepto sencillo, pero revolucionario al mismo tiempo. Con nuestro juego de Sudoku en braille, recibir\u00e1s un tablero de madera de calidad de aproximadamente diez pulgadas cuadradas y media pulgada de grosor. El tablero tiene agujeros para los ochenta y un n\u00fameros, divididos en los nueve cuadrados separados de 3X3 necesarios con divisores sangrados. Tambi\u00e9n se incluye una bolsa con cord\u00f3n que contiene montones de n\u00fameros en braille con una clavija en la parte inferior. As\u00ed es, para configurar un nuevo Sudoku o completar n\u00fameros mientras trabaja en \u00e9l, todo lo que debe hacer es insertar el n\u00famero braille apropiado en el agujero deseado en su cuadr\u00edcula de madera. Las clavijas num\u00e9ricas encajan perfectamente en los agujeros del tablero, pero no son dif\u00edciles de sacar para moverlas a otro lugar. Cada clavija de n\u00fameros braille est\u00e1 marcada con una l\u00ednea elevada en la parte superior y una sangr\u00eda en la parte inferior para ayudarlo a orientarla r\u00e1pidamente e insertarla en el tablero para que todos los n\u00fameros braille se puedan leer directamente de arriba a abajo.<\/div>\n<div><\/div>\n<div>Est\u00e1 bien, est\u00e1s pensando, todo eso suena bastante bien. Pero, \u00bfc\u00f3mo puedes diferenciar entre un n\u00famero que se present\u00f3 en el rompecabezas original que copiaste en el tablero y un n\u00famero que completaste t\u00fa mismo? \u00a1Aj\u00e1, eso tambi\u00e9n lo hemos resuelto! Las clavijas num\u00e9ricas braille tienen un alfiler en el centro, que tiene dos posiciones t\u00e1ctiles. Mientras configuras un rompecabezas del libro, aseg\u00farate de que el alfiler central est\u00e9 hacia arriba, creando un punto t\u00e1ctil n\u00edtido debajo de cada n\u00famero. Luego, mientras intentas hacer n\u00fameros, empuja el pasador central hacia abajo antes de presionar la pieza num\u00e9rica en su lugar. De esta manera, los n\u00fameros del rompecabezas original tienen un punto debajo y los n\u00fameros que agregaste no tienen punto.<\/div>\n<div><\/div>\n<div>Lo suficientemente peque\u00f1o como para guardarlo f\u00e1cilmente en una mochila; el tama\u00f1o justo para colocarlo en una mesa tipo bandeja mientras est\u00e1s en un tren o avi\u00f3n, y lo suficientemente grande como para permitirte resolver un Sudoku completo por tu cuenta&#8230; \u00a1Ese es nuestro nuevo juego de Sudoku Braille! Lleve consigo el tablero y las piezas (junto con un libro en braille de Sudokus, que se vende por separado, para copiar un nuevo rompecabezas) y podr\u00e1 resolver un rompecabezas en cualquier lugar, en cualquier momento y a su propio ritmo.<\/div>\n<p>&nbsp;<\/p>\n<ul>\n<li>Producto importado, venta bajo pedido con pago previo por el valor total del articulo.<\/li>\n<li>FAVOR ANTES DE OFERTAR, confirmar precio actual (por variaciones del valor del d\u00f3lar) y tambi\u00e9n CONFIRMAR QUE PUEDE ESPERAR LOS TIEMPOS DE ENTREGA\u00a0 que normalmente son entre 2-4 semanas.<\/li>\n<li>Cuando recibamos el pedido en nuestra oficina en Medell\u00edn-Colombia, le enviaremos un mensaje al comprador, si se encuentra en Medell\u00edn puede pasar a recogerlo personalmente en nuestra oficina, o tambi\u00e9n podemos hacer el envios a nivel nacional o internacional (Valor del envio cargo del comprador).<\/li>\n<li>Desde Ayudas para TODOS, estamos trabajando para ofrecerles el mayor Marketplace inclusivo a nivel mundial. Reuniendo en 1 solo sitio todos los productos que puedan necesitar, m\u00e1s de 5.000 referencias de art\u00edculos especializados que puedan necesitar instituciones y personas con o sin discapacidad, para apoyar procesos de inclusi\u00f3n, ayudando a superar las barreras que se pueden presentar al momento de estudiar, de trabajar, y en las dem\u00e1s actividades de la vida diaria.<\/li>\n<li>\u00bfNo est\u00e1 seguro sobre qu\u00e9 tipo de dispositivo o producto de apoyo debe comprar? Contamos con expertos para estudiar sus necesidades y asesorarlo recomend\u00e1ndole la ayuda o el conjunto de ayudas m\u00e1s adecuadas \u00bfNecesitas un producto y no lo encuentras en nuestro catalogo online? Cont\u00e1ctanos para ayudarte a conseguirlo. \u00bfEres emprendedor y tienes un gran producto inclusivo que quisieras promocionar en nuestra plataforma? <a href=\"https:\/\/ayudasparatodos.com\/index.php\/contact\/\">Cont\u00e1ctanos<\/a><\/li>\n<li>Visita la secci\u00f3n sobre <a href=\"https:\/\/ayudasparatodos.com\/index.php\/como-comprar-faq\/\">\u00bfC\u00f3mo Comprar? FAQ<\/a>, en la cual encontraras de forma m\u00e1s detallada las instrucciones de como comprar, servicio de asesor\u00eda y cotizaciones, formas de pago, env\u00edos a nivel nacional e internacional, garant\u00eda y otros temas relacionados.<\/li>\n<li><span style=\"font-size: 11.5pt; font-family: Roboto; color: #626262;\">Asesor\u00eda, cotizaciones dudas y comentarios: Si tiene cualquier duda o comentario, nos puede escribir o llamar via WhatsApp agregando el numero +57 3006000144 o directamente desde este <a href=\"https:\/\/wa.me\/+573006000144\">enlace<\/a>\u00a0 <\/span><a href=\"https:\/\/wa.me\/+573006000144\"><span style=\"font-size: 11.5pt; font-family: Roboto; color: #626262;\">https:\/\/wa.me\/+573006000144<\/span><\/a><span style=\"font-size: 11.5pt; font-family: Roboto; color: #626262;\">\u00a0 \u00a0 Tambi\u00e9n puede enviarnos un correo electr\u00f3nico a la direcci\u00f3n <a href=\"mailto:ventas@ayudasparatodos.com\">ventas@ayudasparatodos.com<\/a><\/span><\/li>\n<li><strong>Pagos en Colombia por transferencia Bancolombia o Nequi. Tambi\u00e9n recibimos pagos por tarjeta cr\u00e9dito o debito. Si la alternativa de pago no esta disponible en su pa\u00eds, tambi\u00e9n puede pagar por Giro en western Union o Paypal. Favor contactarnos al correo ventas@ayudasparatodos.com para generarle un enlace de pago personalizado por el valor de los art\u00edculos + el valor del envi\u00f3 seg\u00fan su ubicaci\u00f3n y con su moneda local. Despachos a nivel nacional e internacional desde Medell\u00edn &#8211; Colombia.<\/strong><\/li>\n<\/ul>\n","protected":false},"excerpt":{"rendered":"<p>Tablero de juego de madera &#8211; Con fichas num\u00e9ricas en Braille<\/p>\n","protected":false},"featured_media":52803,"template":"","meta":[],"product_cat":[442,434],"product_tag":[617,582,581,583,580],"class_list":["post-52776","product","type-product","status-publish","has-post-thumbnail","hentry","product_cat-juegos-y-juguetes-discapacidad-visual","product_cat-juegos-y-juguetes-con-braille","product_tag-juego-de-sudoku-con-braille-para-personas-con-baja-vision-ciegos","product_tag-juegos-y-juguetes-ocio-y-recreacion-personas-con-discapacidad-visual-baja-vision-ciegos-invidentes","product_tag-venta-de-jeugos-y-juguetes-para-adultos-ciegos-discapacidad-visual-baja-vision","product_tag-venta-de-juegos-para-adultos-mayores-con-baja-vision-discapacidad-visual","product_tag-venta-de-juegos-y-juguetes-para-ninos-ciegos-discapacidad-visual-baja-vision","description-off"],"_links":{"self":[{"href":"https:\/\/ayudasparatodos.com\/index.php\/wp-json\/wp\/v3\/product\/52776"}],"collection":[{"href":"https:\/\/ayudasparatodos.com\/index.php\/wp-json\/wp\/v3\/product"}],"about":[{"href":"https:\/\/ayudasparatodos.com\/index.php\/wp-json\/wp\/v2\/types\/product"}],"wp:featuredmedia":[{"embeddable":true,"href":"https:\/\/ayudasparatodos.com\/index.php\/wp-json\/wp\/v2\/media\/52803"}],"wp:attachment":[{"href":"https:\/\/ayudasparatodos.com\/index.php\/wp-json\/wp\/v2\/media?parent=52776"}],"wp:term":[{"taxonomy":"product_cat","embeddable":true,"href":"https:\/\/ayudasparatodos.com\/index.php\/wp-json\/wp\/v2\/product_cat?post=52776"},{"taxonomy":"product_tag","embeddable":true,"href":"https:\/\/ayudasparatodos.com\/index.php\/wp-json\/wp\/v2\/product_tag?post=52776"}],"curies":[{"name":"wp","href":"https:\/\/api.w.org\/{rel}","templated":true}]}}