{"id":52778,"date":"2024-04-08T15:13:36","date_gmt":"2024-04-08T15:13:36","guid":{"rendered":"https:\/\/ayudasparatodos.com\/?post_type=product&#038;p=52778"},"modified":"2024-04-08T15:13:36","modified_gmt":"2024-04-08T15:13:36","slug":"cubo-rubik-con-texturas-en-relieve-para-personas-con-baja-vision-ciegos","status":"publish","type":"product","link":"https:\/\/ayudasparatodos.com\/index.php\/producto\/cubo-rubik-con-texturas-en-relieve-para-personas-con-baja-vision-ciegos\/","title":{"rendered":"Cubo Rubik con texturas en relieve para personas con Baja visi\u00f3n ciegos"},"content":{"rendered":"<div>Cubo Rubik de pl\u00e1stico de colores con formas elevadas a juego<\/div>\n<div><\/div>\n<div>Caracter\u00edsticas del producto<\/div>\n<div>Un juego port\u00e1til aut\u00f3nomo que se asemeja a un cubo de Rubik.<\/div>\n<div>El cubo mide aproximadamente 3 pulgadas de alto.<\/div>\n<div>Los bloques de cada lado est\u00e1n marcados con su propio color y forma elevada.<\/div>\n<div>Las diferentes secciones del cubo se pueden girar para crear casi cualquier patr\u00f3n.<\/div>\n<div>El objetivo es que cada lado muestre solo un color y una forma.<\/div>\n<div>Mide alrededor de 3 pulgadas de di\u00e1metro.<\/div>\n<div><\/div>\n<div>Descripci\u00f3n del Producto<\/div>\n<div>\u00a1El mejor destructor de bordum para cada familia! Los cubos de Rubik han conquistado el mundo con su dise\u00f1o ingenioso pero simple: gira y gira el cubo de pl\u00e1stico hasta que cada lado muestre un color s\u00f3lido. Puede que sea el mayor desaf\u00edo para la mente de todos los tiempos, y ahora, \u00a1los ni\u00f1os y adultos ciegos pueden unirse a la diversi\u00f3n!<\/div>\n<div>Nuestro Tactile Turn-a-Cube es un cubo de pl\u00e1stico que mide aproximadamente 3 pulgadas de alto y se puede girar, torcer e invertir de todas las formas imaginables. Y cada borde de cada bloque est\u00e1 marcado con una forma elevada y distintiva, para que siempre puedas sentir con los dedos qu\u00e9 bloque pertenece a cada lugar. Naturalmente, el color del borde tambi\u00e9n es visible junto con dise\u00f1os \u00fanicos, para que amigos ciegos y videntes puedan jugar juntos a este incre\u00edble juego port\u00e1til.<\/div>\n<div><\/div>\n<div>Tal como era de esperar, los bloques giran libremente alrededor del cubo, pero todas las piezas est\u00e1n unidas entre s\u00ed. Es un juego completamente aut\u00f3nomo, del tama\u00f1o de la palma de la mano, por lo que nunca tendr\u00e1s que preocuparte por perder piezas. Infinitamente entretenido, imposible de dejar de lado y jugable para todos&#8230; \u00a1ese es nuestro Tactile Turn-a-Cube! Para mayores de 4 a\u00f1os.<\/div>\n<p>&nbsp;<\/p>\n<ul>\n<li>Producto importado, venta bajo pedido con pago previo por el valor total del articulo.<\/li>\n<li>FAVOR ANTES DE OFERTAR, confirmar precio actual (por variaciones del valor del d\u00f3lar) y tambi\u00e9n CONFIRMAR QUE PUEDE ESPERAR LOS TIEMPOS DE ENTREGA\u00a0 que normalmente son entre 2-4 semanas.<\/li>\n<li>Cuando recibamos el pedido en nuestra oficina en Medell\u00edn-Colombia, le enviaremos un mensaje al comprador, si se encuentra en Medell\u00edn puede pasar a recogerlo personalmente en nuestra oficina, o tambi\u00e9n podemos hacer el envios a nivel nacional o internacional (Valor del envio cargo del comprador).<\/li>\n<li>Desde Ayudas para TODOS, estamos trabajando para ofrecerles el mayor Marketplace inclusivo a nivel mundial. Reuniendo en 1 solo sitio todos los productos que puedan necesitar, m\u00e1s de 5.000 referencias de art\u00edculos especializados que puedan necesitar instituciones y personas con o sin discapacidad, para apoyar procesos de inclusi\u00f3n, ayudando a superar las barreras que se pueden presentar al momento de estudiar, de trabajar, y en las dem\u00e1s actividades de la vida diaria.<\/li>\n<li>\u00bfNo est\u00e1 seguro sobre qu\u00e9 tipo de dispositivo o producto de apoyo debe comprar? Contamos con expertos para estudiar sus necesidades y asesorarlo recomend\u00e1ndole la ayuda o el conjunto de ayudas m\u00e1s adecuadas \u00bfNecesitas un producto y no lo encuentras en nuestro catalogo online? Cont\u00e1ctanos para ayudarte a conseguirlo. \u00bfEres emprendedor y tienes un gran producto inclusivo que quisieras promocionar en nuestra plataforma? <a href=\"https:\/\/ayudasparatodos.com\/index.php\/contact\/\">Cont\u00e1ctanos<\/a><\/li>\n<li>Visita la secci\u00f3n sobre <a href=\"https:\/\/ayudasparatodos.com\/index.php\/como-comprar-faq\/\">\u00bfC\u00f3mo Comprar? FAQ<\/a>, en la cual encontraras de forma m\u00e1s detallada las instrucciones de como comprar, servicio de asesor\u00eda y cotizaciones, formas de pago, env\u00edos a nivel nacional e internacional, garant\u00eda y otros temas relacionados.<\/li>\n<li><span style=\"font-size: 11.5pt; font-family: Roboto; color: #626262;\">Asesor\u00eda, cotizaciones dudas y comentarios: Si tiene cualquier duda o comentario, nos puede escribir o llamar via WhatsApp agregando el numero +57 3006000144 o directamente desde este <a href=\"https:\/\/wa.me\/+573006000144\">enlace<\/a>\u00a0 <\/span><a href=\"https:\/\/wa.me\/+573006000144\"><span style=\"font-size: 11.5pt; font-family: Roboto; color: #626262;\">https:\/\/wa.me\/+573006000144<\/span><\/a><span style=\"font-size: 11.5pt; font-family: Roboto; color: #626262;\">\u00a0 \u00a0 Tambi\u00e9n puede enviarnos un correo electr\u00f3nico a la direcci\u00f3n <a href=\"mailto:ventas@ayudasparatodos.com\">ventas@ayudasparatodos.com<\/a><\/span><\/li>\n<li><strong>Pagos en Colombia por transferencia Bancolombia o Nequi. Tambi\u00e9n recibimos pagos por tarjeta cr\u00e9dito o debito. Si la alternativa de pago no esta disponible en su pa\u00eds, tambi\u00e9n puede pagar por Giro en western Union o Paypal. Favor contactarnos al correo ventas@ayudasparatodos.com para generarle un enlace de pago personalizado por el valor de los art\u00edculos + el valor del envi\u00f3 seg\u00fan su ubicaci\u00f3n y con su moneda local. Despachos a nivel nacional e internacional desde Medell\u00edn &#8211; Colombia.<\/strong><\/li>\n<\/ul>\n","protected":false},"excerpt":{"rendered":"<p>Cubo Rubik de pl\u00e1stico de colores con formas elevadas a juego<\/p>\n","protected":false},"featured_media":52805,"template":"","meta":[],"product_cat":[442],"product_tag":[619,582,581,583,580],"class_list":["post-52778","product","type-product","status-publish","has-post-thumbnail","hentry","product_cat-juegos-y-juguetes-discapacidad-visual","product_tag-cubo-rubik-con-texturas-en-relieve-para-personas-con-baja-vision-ciegos","product_tag-juegos-y-juguetes-ocio-y-recreacion-personas-con-discapacidad-visual-baja-vision-ciegos-invidentes","product_tag-venta-de-jeugos-y-juguetes-para-adultos-ciegos-discapacidad-visual-baja-vision","product_tag-venta-de-juegos-para-adultos-mayores-con-baja-vision-discapacidad-visual","product_tag-venta-de-juegos-y-juguetes-para-ninos-ciegos-discapacidad-visual-baja-vision","description-off"],"_links":{"self":[{"href":"https:\/\/ayudasparatodos.com\/index.php\/wp-json\/wp\/v3\/product\/52778"}],"collection":[{"href":"https:\/\/ayudasparatodos.com\/index.php\/wp-json\/wp\/v3\/product"}],"about":[{"href":"https:\/\/ayudasparatodos.com\/index.php\/wp-json\/wp\/v2\/types\/product"}],"wp:featuredmedia":[{"embeddable":true,"href":"https:\/\/ayudasparatodos.com\/index.php\/wp-json\/wp\/v2\/media\/52805"}],"wp:attachment":[{"href":"https:\/\/ayudasparatodos.com\/index.php\/wp-json\/wp\/v2\/media?parent=52778"}],"wp:term":[{"taxonomy":"product_cat","embeddable":true,"href":"https:\/\/ayudasparatodos.com\/index.php\/wp-json\/wp\/v2\/product_cat?post=52778"},{"taxonomy":"product_tag","embeddable":true,"href":"https:\/\/ayudasparatodos.com\/index.php\/wp-json\/wp\/v2\/product_tag?post=52778"}],"curies":[{"name":"wp","href":"https:\/\/api.w.org\/{rel}","templated":true}]}}