{"id":52827,"date":"2024-04-08T21:48:19","date_gmt":"2024-04-08T21:48:19","guid":{"rendered":"https:\/\/ayudasparatodos.com\/?post_type=product&#038;p=52827"},"modified":"2024-04-08T21:48:22","modified_gmt":"2024-04-08T21:48:22","slug":"baston-guia-blanco-y-rojo-clasico-en-diferentes-tamanos-ciegos-baja-vision","status":"publish","type":"product","link":"https:\/\/ayudasparatodos.com\/index.php\/producto\/baston-guia-blanco-y-rojo-clasico-en-diferentes-tamanos-ciegos-baja-vision\/","title":{"rendered":"Bast\u00f3n Gu\u00eda blanco y rojo cl\u00e1sico en diferentes tama\u00f1os, ciegos baja visi\u00f3n"},"content":{"rendered":"<p>Bast\u00f3n peque\u00f1o y asequible, ligero pero duradero.<\/p>\n<p>&nbsp;<\/p>\n<p>Caracter\u00edsticas del producto<\/p>\n<p>Dise\u00f1ado para durar kil\u00f3metros de viaje.<\/p>\n<p>Disponible en tama\u00f1o de 40 \u2013 48 \u00a052 pulgadas (confirmar disponibilidad del tama\u00f1o deseado antes de comprar)<\/p>\n<p>Fabricado en aluminio de gran calibre.<\/p>\n<p>El dise\u00f1o de articulaci\u00f3n resistente proporciona una transmisi\u00f3n t\u00e1ctil superior.<\/p>\n<p>Cane tiene una punta de pl\u00e1stico b\u00e1sica en la parte superior y una punta de l\u00e1piz corta en la parte inferior.<\/p>\n<p>Las secciones m\u00e1s cortas de 9 pulgadas hacen que el bast\u00f3n sea m\u00e1s compacto.<\/p>\n<p>Un el\u00e1stico en la secci\u00f3n superior evita que el bast\u00f3n se despliegue accidentalmente.<\/p>\n<p>Peso del paquete: alrededor de 7 onzas.<\/p>\n<p>&nbsp;<\/p>\n<p>Descripci\u00f3n del Producto<\/p>\n<p>\u00a1Una revoluci\u00f3n en ayudas a la movilidad para ciegos! Este duradero bast\u00f3n de aluminio ha sido dise\u00f1ado para ser port\u00e1til y asequible, sin sacrificar la calidad.<\/p>\n<p>Este bast\u00f3n liviano y de bolsillo es tan peque\u00f1o y liviano que puede llevarlo f\u00e1cilmente a donde quiera que vaya. M\u00e9telo en un bolsillo, gu\u00e1rdalo en un bolso o m\u00e9telo en una maleta abultada. Olvidar\u00e1s que incluso lo tienes contigo&#8230; hasta que lo necesites. Luego, simplemente s\u00e1calo, quita el el\u00e1stico y su\u00e9ltalo. Con un r\u00e1pido movimiento de mu\u00f1eca, el bast\u00f3n se extiende en toda su longitud y podr\u00e1 viajar con confianza y seguridad una vez m\u00e1s.<\/p>\n<p>&nbsp;<\/p>\n<p>En la parte superior del bast\u00f3n encontrar\u00e1s un simple bot\u00f3n de pl\u00e1stico. Esto le brinda algo c\u00f3modo donde descansar la mano cuando espera cruzar la calle y asegura que no se le caiga accidentalmente el bast\u00f3n mientras viaja. Un el\u00e1stico aproximadamente a la mitad de la primera secci\u00f3n se usa para mantener el bast\u00f3n doblado cuando no se usa y ayuda a mantener la mano en el mismo lugar sobre la empu\u00f1adura de aluminio. Este dise\u00f1o, en lugar del pesado agarre de golf, reduce tanto el precio de su nuevo bast\u00f3n como su peso.<\/p>\n<p>&nbsp;<\/p>\n<p>Su nuevo bast\u00f3n compacto no tendr\u00e1 m\u00e1s de diez pulgadas de largo cuando est\u00e9 plegado y estar\u00e1 compuesto de seis secciones. Esto marca una gran diferencia cuando el bast\u00f3n no est\u00e1 en uso, ya que cabe f\u00e1cilmente en esos espacios reducidos.<\/p>\n<p>&nbsp;<\/p>\n<p>Finalmente, en el extremo del bast\u00f3n plegable compacto, encontrar\u00e1s una simple punta de l\u00e1piz. Buena para kil\u00f3metros de viaje, esta punta de pl\u00e1stico endurecido aumenta la portabilidad y el bajo costo del bast\u00f3n. Sin embargo, si prefieres un tipo diferente de propina, \u00a1no desesperes! Nuestros bastones Compact tienen el mismo di\u00e1metro que los bastones tradicionales AmbuTech, por lo que sus puntas encajan perfectamente en nuestros bastones Compact.<\/p>\n<p>&nbsp;<\/p>\n<ul>\n<li>Producto importado, venta bajo pedido con pago previo por el valor total del articulo.<\/li>\n<li>FAVOR ANTES DE OFERTAR, confirmar precio actual (por variaciones del valor del d\u00f3lar) y tambi\u00e9n CONFIRMAR QUE PUEDE ESPERAR LOS TIEMPOS DE ENTREGA\u00a0 que normalmente son entre 2-4 semanas.<\/li>\n<li>Cuando recibamos el pedido en nuestra oficina en Medell\u00edn-Colombia, le enviaremos un mensaje al comprador, si se encuentra en Medell\u00edn puede pasar a recogerlo personalmente en nuestra oficina, o tambi\u00e9n podemos hacer el envios a nivel nacional o internacional (Valor del envio cargo del comprador).<\/li>\n<li>Desde Ayudas para TODOS, estamos trabajando para ofrecerles el mayor Marketplace inclusivo a nivel mundial. Reuniendo en 1 solo sitio todos los productos que puedan necesitar, m\u00e1s de 5.000 referencias de art\u00edculos especializados que puedan necesitar instituciones y personas con o sin discapacidad, para apoyar procesos de inclusi\u00f3n, ayudando a superar las barreras que se pueden presentar al momento de estudiar, de trabajar, y en las dem\u00e1s actividades de la vida diaria.<\/li>\n<li>\u00bfNo est\u00e1 seguro sobre qu\u00e9 tipo de dispositivo o producto de apoyo debe comprar? Contamos con expertos para estudiar sus necesidades y asesorarlo recomend\u00e1ndole la ayuda o el conjunto de ayudas m\u00e1s adecuadas \u00bfNecesitas un producto y no lo encuentras en nuestro catalogo online? Cont\u00e1ctanos para ayudarte a conseguirlo. \u00bfEres emprendedor y tienes un gran producto inclusivo que quisieras promocionar en nuestra plataforma? <a href=\"https:\/\/ayudasparatodos.com\/index.php\/contact\/\">Cont\u00e1ctanos<\/a><\/li>\n<li>Visita la secci\u00f3n sobre <a href=\"https:\/\/ayudasparatodos.com\/index.php\/como-comprar-faq\/\">\u00bfC\u00f3mo Comprar? FAQ<\/a>, en la cual encontraras de forma m\u00e1s detallada las instrucciones de como comprar, servicio de asesor\u00eda y cotizaciones, formas de pago, env\u00edos a nivel nacional e internacional, garant\u00eda y otros temas relacionados.<\/li>\n<li><span style=\"font-size: 11.5pt; font-family: Roboto; color: #626262;\">Asesor\u00eda, cotizaciones dudas y comentarios: Si tiene cualquier duda o comentario, nos puede escribir o llamar via WhatsApp agregando el numero +57 3006000144 o directamente desde este <a href=\"https:\/\/wa.me\/+573006000144\">enlace<\/a>\u00a0 <\/span><a href=\"https:\/\/wa.me\/+573006000144\"><span style=\"font-size: 11.5pt; font-family: Roboto; color: #626262;\">https:\/\/wa.me\/+573006000144<\/span><\/a><span style=\"font-size: 11.5pt; font-family: Roboto; color: #626262;\">\u00a0 \u00a0 Tambi\u00e9n puede enviarnos un correo electr\u00f3nico a la direcci\u00f3n <a href=\"mailto:ventas@ayudasparatodos.com\">ventas@ayudasparatodos.com<\/a><\/span><\/li>\n<li><strong>Pagos en Colombia por transferencia Bancolombia o Nequi. Tambi\u00e9n recibimos pagos por tarjeta cr\u00e9dito o debito. Si la alternativa de pago no esta disponible en su pa\u00eds, tambi\u00e9n puede pagar por Giro en western Union o Paypal. Favor contactarnos al correo ventas@ayudasparatodos.com para generarle un enlace de pago personalizado por el valor de los art\u00edculos + el valor del envi\u00f3 seg\u00fan su ubicaci\u00f3n y con su moneda local. Despachos a nivel nacional e internacional desde Medell\u00edn &#8211; Colombia.<\/strong><\/li>\n<\/ul>\n","protected":false},"excerpt":{"rendered":"<p>Bast\u00f3n peque\u00f1o y asequible, ligero pero duradero.<\/p>\n","protected":false},"featured_media":52842,"template":"","meta":[],"product_cat":[445],"product_tag":[632,634,635,630,633,631],"class_list":["post-52827","product","type-product","status-publish","has-post-thumbnail","hentry","product_cat-baston-guia-blanco-y-movilidad-para-ciegos-y-baja-vision","product_tag-ayudas-movilidad-ciegos","product_tag-baston-guia-blanco-y-rojo-clasico-en-diferentes-tamanos","product_tag-ciegos-baja-vision","product_tag-venta-baston-guia-para-ciegos-baja-vision","product_tag-venta-de-bastones-guias-para-ciegos-y-puntas-de-repuesto-para-ciegos","product_tag-vetna-baston-guia-blanco-y-rojo-invidentes-ciegos-discapacidad-visual","description-off"],"_links":{"self":[{"href":"https:\/\/ayudasparatodos.com\/index.php\/wp-json\/wp\/v3\/product\/52827"}],"collection":[{"href":"https:\/\/ayudasparatodos.com\/index.php\/wp-json\/wp\/v3\/product"}],"about":[{"href":"https:\/\/ayudasparatodos.com\/index.php\/wp-json\/wp\/v2\/types\/product"}],"wp:featuredmedia":[{"embeddable":true,"href":"https:\/\/ayudasparatodos.com\/index.php\/wp-json\/wp\/v2\/media\/52842"}],"wp:attachment":[{"href":"https:\/\/ayudasparatodos.com\/index.php\/wp-json\/wp\/v2\/media?parent=52827"}],"wp:term":[{"taxonomy":"product_cat","embeddable":true,"href":"https:\/\/ayudasparatodos.com\/index.php\/wp-json\/wp\/v2\/product_cat?post=52827"},{"taxonomy":"product_tag","embeddable":true,"href":"https:\/\/ayudasparatodos.com\/index.php\/wp-json\/wp\/v2\/product_tag?post=52827"}],"curies":[{"name":"wp","href":"https:\/\/api.w.org\/{rel}","templated":true}]}}