{"id":52833,"date":"2024-04-22T20:28:09","date_gmt":"2024-04-22T20:28:09","guid":{"rendered":"https:\/\/ayudasparatodos.com\/?post_type=product&#038;p=52833"},"modified":"2024-04-22T20:28:11","modified_gmt":"2024-04-22T20:28:11","slug":"2-puntas-redondas-rodantes-de-repuesto-para-baston-ciegos-baja-vision-ambutech","status":"publish","type":"product","link":"https:\/\/ayudasparatodos.com\/index.php\/producto\/2-puntas-redondas-rodantes-de-repuesto-para-baston-ciegos-baja-vision-ambutech\/","title":{"rendered":"2 Puntas redondas rodantes de repuesto para bast\u00f3n ciegos baja visi\u00f3n Ambutech"},"content":{"rendered":"<p>La oferta es por 2 unidades<\/p>\n<p>Sin punta de bast\u00f3n com\u00fan: rueda por el suelo<\/p>\n<p>Caracter\u00edsticas del producto<\/p>\n<p>Punta de ca\u00f1a bien dise\u00f1ada de \u00faltima generaci\u00f3n.<\/p>\n<p>Para uso en todos los lugares, especialmente al aire libre.<\/p>\n<p>Rueda f\u00e1cilmente por el suelo; mucho m\u00e1s f\u00e1cil para el brazo.<\/p>\n<p>Ideal para t\u00e9cnica de contacto constante; Se elimina el golpeteo audible.<\/p>\n<p>Cuenta con una esfera hueca grande (2&#8243; de di\u00e1metro) con rodamiento de rodillos de acero inoxidable revestido.<\/p>\n<p>El estilo de gancho facilita la conexi\u00f3n a nuestros bastones compactos, plegables o para ni\u00f1os.<\/p>\n<p>Ligero y f\u00e1cil de maniobrar; Maneja obst\u00e1culos en la carretera y grietas en el pavimento.<\/p>\n<p>Peso del paquete: aproximadamente 2,5 onzas.<\/p>\n<p>&nbsp;<\/p>\n<p>Descripci\u00f3n del Producto<\/p>\n<p>\u00a1Esta es una punta de bast\u00f3n fant\u00e1stica de pr\u00f3xima generaci\u00f3n! Es ideal para usar en cualquier lugar, pero simplemente brilla en exteriores. La punta se engancha en la parte inferior del bast\u00f3n (como todos los dem\u00e1s), pero en lugar de permanecer en un lugar como los modelos estacionarios, este rueda cada vez que caminas y el bast\u00f3n toca el suelo. Esto le ofrece mayor sensibilidad y visibilidad mientras viaja. Tambi\u00e9n se elimina el golpeteo audible, ya que esta punta es ideal para la T\u00e9cnica de Contacto Constante.<\/p>\n<p>Entonces, \u00bfc\u00f3mo funciona? B\u00e1sicamente, esta punta de calidad consta de una gran esfera hueca (de dos pulgadas de di\u00e1metro) con un rodamiento de rodillos de acero inoxidable revestido. Su estilo de gancho permite un f\u00e1cil acoplamiento a cualquiera de nuestros bastones plegables blancos o para ni\u00f1os. La punta rodante es liviana y f\u00e1cil de maniobrar, y maneja f\u00e1cilmente obst\u00e1culos y grietas en el pavimento.<\/p>\n<p>&nbsp;<\/p>\n<p>Esta punta de rodillo realmente hace que viajar el bast\u00f3n sea mucho m\u00e1s f\u00e1cil y tambi\u00e9n mucho menos agotador (ya que no es necesario seguir levantando y golpeando el bast\u00f3n). La mayor\u00eda de los usuarios coinciden en que vale la pena el precio., siempre puedes coger uno de cada uno: \u00a1cambiarlos solo te llevar\u00e1 cinco segundos!<\/p>\n<p>&nbsp;<\/p>\n<ul>\n<li>Producto importado, venta bajo pedido con pago previo por el valor total del articulo.<\/li>\n<li>FAVOR ANTES DE OFERTAR, confirmar precio actual (por variaciones del valor del d\u00f3lar) y tambi\u00e9n CONFIRMAR QUE PUEDE ESPERAR LOS TIEMPOS DE ENTREGA\u00a0 que normalmente son entre 2-4 semanas.<\/li>\n<li>Cuando recibamos el pedido en nuestra oficina en Medell\u00edn-Colombia, le enviaremos un mensaje al comprador, si se encuentra en Medell\u00edn puede pasar a recogerlo personalmente en nuestra oficina, o tambi\u00e9n podemos hacer el envios a nivel nacional o internacional (Valor del envio cargo del comprador).<\/li>\n<li>Desde Ayudas para TODOS, estamos trabajando para ofrecerles el mayor Marketplace inclusivo a nivel mundial. Reuniendo en 1 solo sitio todos los productos que puedan necesitar, m\u00e1s de 5.000 referencias de art\u00edculos especializados que puedan necesitar instituciones y personas con o sin discapacidad, para apoyar procesos de inclusi\u00f3n, ayudando a superar las barreras que se pueden presentar al momento de estudiar, de trabajar, y en las dem\u00e1s actividades de la vida diaria.<\/li>\n<li>\u00bfNo est\u00e1 seguro sobre qu\u00e9 tipo de dispositivo o producto de apoyo debe comprar? Contamos con expertos para estudiar sus necesidades y asesorarlo recomend\u00e1ndole la ayuda o el conjunto de ayudas m\u00e1s adecuadas \u00bfNecesitas un producto y no lo encuentras en nuestro catalogo online? Cont\u00e1ctanos para ayudarte a conseguirlo. \u00bfEres emprendedor y tienes un gran producto inclusivo que quisieras promocionar en nuestra plataforma? <a href=\"https:\/\/ayudasparatodos.com\/index.php\/contact\/\">Cont\u00e1ctanos<\/a><\/li>\n<li>Visita la secci\u00f3n sobre <a href=\"https:\/\/ayudasparatodos.com\/index.php\/como-comprar-faq\/\">\u00bfC\u00f3mo Comprar? FAQ<\/a>, en la cual encontraras de forma m\u00e1s detallada las instrucciones de como comprar, servicio de asesor\u00eda y cotizaciones, formas de pago, env\u00edos a nivel nacional e internacional, garant\u00eda y otros temas relacionados.<\/li>\n<li><span style=\"font-size: 11.5pt; font-family: Roboto; color: #626262;\">Asesor\u00eda, cotizaciones dudas y comentarios: Si tiene cualquier duda o comentario, nos puede escribir o llamar via WhatsApp agregando el numero +57 3006000144 o directamente desde este <a href=\"https:\/\/wa.me\/+573006000144\">enlace<\/a>\u00a0 <\/span><a href=\"https:\/\/wa.me\/+573006000144\"><span style=\"font-size: 11.5pt; font-family: Roboto; color: #626262;\">https:\/\/wa.me\/+573006000144<\/span><\/a><span style=\"font-size: 11.5pt; font-family: Roboto; color: #626262;\">\u00a0 \u00a0 Tambi\u00e9n puede enviarnos un correo electr\u00f3nico a la direcci\u00f3n <a href=\"mailto:ventas@ayudasparatodos.com\">ventas@ayudasparatodos.com<\/a><\/span><\/li>\n<li><strong>Pagos en Colombia por transferencia Bancolombia o Nequi. Tambi\u00e9n recibimos pagos por tarjeta cr\u00e9dito o debito. Si la alternativa de pago no esta disponible en su pa\u00eds, tambi\u00e9n puede pagar por Giro en western Union o Paypal. Favor contactarnos al correo ventas@ayudasparatodos.com para generarle un enlace de pago personalizado por el valor de los art\u00edculos + el valor del envi\u00f3 seg\u00fan su ubicaci\u00f3n y con su moneda local. Despachos a nivel nacional e internacional desde Medell\u00edn &#8211; Colombia.<\/strong><\/li>\n<\/ul>\n","protected":false},"excerpt":{"rendered":"<p>Sin punta de bast\u00f3n com\u00fan: rueda por el suelo<\/p>\n","protected":false},"featured_media":0,"template":"","meta":[],"product_cat":[445],"product_tag":[644,632,630,645,633],"class_list":["post-52833","product","type-product","status-publish","hentry","product_cat-baston-guia-blanco-y-movilidad-para-ciegos-y-baja-vision","product_tag-2-puntas-redondas-rodantes-de-repuesto-para-baston-ciegos-baja-vision-ambutech","product_tag-ayudas-movilidad-ciegos","product_tag-venta-baston-guia-para-ciegos-baja-vision","product_tag-venta-bastones-ciegos-baja-vision","product_tag-venta-de-bastones-guias-para-ciegos-y-puntas-de-repuesto-para-ciegos","description-off"],"_links":{"self":[{"href":"https:\/\/ayudasparatodos.com\/index.php\/wp-json\/wp\/v3\/product\/52833"}],"collection":[{"href":"https:\/\/ayudasparatodos.com\/index.php\/wp-json\/wp\/v3\/product"}],"about":[{"href":"https:\/\/ayudasparatodos.com\/index.php\/wp-json\/wp\/v2\/types\/product"}],"wp:attachment":[{"href":"https:\/\/ayudasparatodos.com\/index.php\/wp-json\/wp\/v2\/media?parent=52833"}],"wp:term":[{"taxonomy":"product_cat","embeddable":true,"href":"https:\/\/ayudasparatodos.com\/index.php\/wp-json\/wp\/v2\/product_cat?post=52833"},{"taxonomy":"product_tag","embeddable":true,"href":"https:\/\/ayudasparatodos.com\/index.php\/wp-json\/wp\/v2\/product_tag?post=52833"}],"curies":[{"name":"wp","href":"https:\/\/api.w.org\/{rel}","templated":true}]}}