{"id":52930,"date":"2024-04-27T17:16:19","date_gmt":"2024-04-27T17:16:19","guid":{"rendered":"https:\/\/ayudasparatodos.com\/?post_type=product&#038;p=52930"},"modified":"2024-04-27T22:27:00","modified_gmt":"2024-04-27T22:27:00","slug":"mouse-quha-zono-x-head-giroscopico-para-controlar-con-movimiento-de-cabeza-discapacidad-fisica-paralisis-cerebral-autismo","status":"publish","type":"product","link":"https:\/\/ayudasparatodos.com\/index.php\/producto\/mouse-quha-zono-x-head-giroscopico-para-controlar-con-movimiento-de-cabeza-discapacidad-fisica-paralisis-cerebral-autismo\/","title":{"rendered":"Mouse Quha Zono X Head girosc\u00f3pico para controlar con movimiento de cabeza &#8211; Discapacidad F\u00edsica Par\u00e1lisis cerebral Autismo"},"content":{"rendered":"<p>Descripci\u00f3n del Producto<\/p>\n<p>Quha Zono X es un peque\u00f1o mouse manos libres para personas que no pueden usar mouse de escritorio con las manos. Con simples movimientos de la cabeza, el usuario puede mover el cursor con precisi\u00f3n en cualquier computadora o dispositivo m\u00f3vil moderno.<\/p>\n<p>Quha Zono X es compatible con todas las computadoras y dispositivos m\u00f3viles con Bluetooth\u00ae. Los sistemas operativos compatibles incluyen Windows, macOS, Chrome OS, Android, iPadOS, iOS y Linux.<\/p>\n<p>Con Quha Zono X puedes hacer todo lo que puedas con un buen mouse de escritorio. Tiene una precisi\u00f3n perfecta de p\u00edxeles, un largo alcance inal\u00e1mbrico y el usuario puede moverse libremente por la computadora mientras usa el mouse.<\/p>\n<p>Especificaciones t\u00e9cnicas:<\/p>\n<p>&#8211; 4,4 cm x 2,5 cm x 1,3 cm<\/p>\n<p>&#8211; Conectividad Bluetooth<\/p>\n<p>&#8211; Bater\u00eda recargable con hasta 18 horas de duraci\u00f3n<\/p>\n<p>&#8211; Velocidad del cursor ajustable, filtrado de temblores y configuraci\u00f3n de rendimiento<\/p>\n<p>&#8211; Compatible con dispositivos macOS, iOS, Android y Chrome a trav\u00e9s de bluetooth<\/p>\n<p>\u00bfQu\u00e9 hay en la caja?<\/p>\n<p>&#8211; Rat\u00f3n Quha Zono X<\/p>\n<p>&#8211; Base de carga magn\u00e9tica<\/p>\n<p>&#8211; Cable de carga USB-C<\/p>\n<p>&#8211; Clip para la oreja y almohadillas reemplazables<\/p>\n<p>&#8211; Clip para gafas<\/p>\n<p>&#8211; Software Quha Dwell 2 y gu\u00eda r\u00e1pida<\/p>\n<p>&#8211; Manual de usuario<\/p>\n<p>&#8211; Tarjeta de garant\u00eda<\/p>\n<p>Tambi\u00e9n vendemos los accesorios adicionales para utilizarlo m\u00e1s c\u00f3modamente<\/p>\n<p>&nbsp;<\/p>\n<ul>\n<li>Producto importado, venta bajo pedido con pago previo por el valor total del articulo.<\/li>\n<li>FAVOR ANTES DE OFERTAR, confirmar precio actual (por variaciones del valor del d\u00f3lar) y tambi\u00e9n CONFIRMAR QUE PUEDE ESPERAR LOS TIEMPOS DE ENTREGA\u00a0 que normalmente son entre 2-4 semanas.<\/li>\n<li>Cuando recibamos el pedido en nuestra oficina en Medell\u00edn-Colombia, le enviaremos un mensaje al comprador, si se encuentra en Medell\u00edn puede pasar a recogerlo personalmente en nuestra oficina, o tambi\u00e9n podemos hacer el envios a nivel nacional o internacional (Valor del envio cargo del comprador).<\/li>\n<li>Desde Ayudas para TODOS, estamos trabajando para ofrecerles el mayor Marketplace inclusivo a nivel mundial. Reuniendo en 1 solo sitio todos los productos que puedan necesitar, m\u00e1s de 5.000 referencias de art\u00edculos especializados que puedan necesitar instituciones y personas con o sin discapacidad, para apoyar procesos de inclusi\u00f3n, ayudando a superar las barreras que se pueden presentar al momento de estudiar, de trabajar, y en las dem\u00e1s actividades de la vida diaria.<\/li>\n<li>\u00bfNo est\u00e1 seguro sobre qu\u00e9 tipo de dispositivo o producto de apoyo debe comprar? Contamos con expertos para estudiar sus necesidades y asesorarlo recomend\u00e1ndole la ayuda o el conjunto de ayudas m\u00e1s adecuadas \u00bfNecesitas un producto y no lo encuentras en nuestro catalogo online? Cont\u00e1ctanos para ayudarte a conseguirlo. \u00bfEres emprendedor y tienes un gran producto inclusivo que quisieras promocionar en nuestra plataforma? <a href=\"https:\/\/ayudasparatodos.com\/index.php\/contact\/\">Cont\u00e1ctanos<\/a><\/li>\n<li>Visita la secci\u00f3n sobre <a href=\"https:\/\/ayudasparatodos.com\/index.php\/como-comprar-faq\/\">\u00bfC\u00f3mo Comprar? FAQ<\/a>, en la cual encontraras de forma m\u00e1s detallada las instrucciones de como comprar, servicio de asesor\u00eda y cotizaciones, formas de pago, env\u00edos a nivel nacional e internacional, garant\u00eda y otros temas relacionados.<\/li>\n<li><span style=\"font-size: 11.5pt; font-family: Roboto; color: #626262;\">Asesor\u00eda, cotizaciones dudas y comentarios: Si tiene cualquier duda o comentario, nos puede escribir o llamar via WhatsApp agregando el numero +57 3006000144 o directamente desde este <a href=\"https:\/\/wa.me\/+573006000144\">enlace<\/a>\u00a0 <\/span><a href=\"https:\/\/wa.me\/+573006000144\"><span style=\"font-size: 11.5pt; font-family: Roboto; color: #626262;\">https:\/\/wa.me\/+573006000144<\/span><\/a><span style=\"font-size: 11.5pt; font-family: Roboto; color: #626262;\">\u00a0 \u00a0 Tambi\u00e9n puede enviarnos un correo electr\u00f3nico a la direcci\u00f3n <a href=\"mailto:ventas@ayudasparatodos.com\">ventas@ayudasparatodos.com<\/a><\/span><\/li>\n<li><strong>Pagos en Colombia por transferencia Bancolombia o Nequi. Tambi\u00e9n recibimos pagos por tarjeta cr\u00e9dito o debito. Si la alternativa de pago no esta disponible en su pa\u00eds, tambi\u00e9n puede pagar por Giro en western Union o Paypal. Favor contactarnos al correo ventas@ayudasparatodos.com para generarle un enlace de pago personalizado por el valor de los art\u00edculos + el valor del envi\u00f3 seg\u00fan su ubicaci\u00f3n y con su moneda local. Despachos a nivel nacional e internacional desde Medell\u00edn &#8211; Colombia.<\/strong><\/li>\n<\/ul>\n","protected":false},"excerpt":{"rendered":"<p>Quha Zono X es un peque\u00f1o mouse manos libres para personas que no pueden usar mouse de escritorio con las manos.<\/p>\n","protected":false},"featured_media":0,"template":"","meta":[],"product_cat":[387],"product_tag":[649,671,650,648],"class_list":["post-52930","product","type-product","status-publish","hentry","product_cat-mouse-accesibles","product_tag-accesibilidad-digital-computador-pc","product_tag-mouse-quha-zono-x-head-giroscopico-para-controlar-con-movimiento-de-cabeza-discapacidad-fisica-paralisis-cerebral-autismo","product_tag-mouse-raton-accesible-discapaciadd-movilidad-reducida-autismo-paralisis-cerebral","product_tag-tecnologia-asistiva-para-manejar-el-computador-pc-telefono-celular-portatil-discapacidad-accesibilidad","description-off"],"_links":{"self":[{"href":"https:\/\/ayudasparatodos.com\/index.php\/wp-json\/wp\/v3\/product\/52930"}],"collection":[{"href":"https:\/\/ayudasparatodos.com\/index.php\/wp-json\/wp\/v3\/product"}],"about":[{"href":"https:\/\/ayudasparatodos.com\/index.php\/wp-json\/wp\/v2\/types\/product"}],"wp:attachment":[{"href":"https:\/\/ayudasparatodos.com\/index.php\/wp-json\/wp\/v2\/media?parent=52930"}],"wp:term":[{"taxonomy":"product_cat","embeddable":true,"href":"https:\/\/ayudasparatodos.com\/index.php\/wp-json\/wp\/v2\/product_cat?post=52930"},{"taxonomy":"product_tag","embeddable":true,"href":"https:\/\/ayudasparatodos.com\/index.php\/wp-json\/wp\/v2\/product_tag?post=52930"}],"curies":[{"name":"wp","href":"https:\/\/api.w.org\/{rel}","templated":true}]}}