{"id":53114,"date":"2024-05-02T21:09:06","date_gmt":"2024-05-02T21:09:06","guid":{"rendered":"https:\/\/ayudasparatodos.com\/?post_type=product&#038;p=53114"},"modified":"2024-05-02T22:57:38","modified_gmt":"2024-05-02T22:57:38","slug":"mouse-cheerdots-airmouse-tactil-inalambrico-discapacidad-accesibilidad","status":"publish","type":"product","link":"https:\/\/ayudasparatodos.com\/index.php\/producto\/mouse-cheerdots-airmouse-tactil-inalambrico-discapacidad-accesibilidad\/","title":{"rendered":"Mouse Cheerdots AirMouse t\u00e1ctil inal\u00e1mbrico Discapacidad accesibilidad"},"content":{"rendered":"<p>Mouse Cheerdots t\u00e1ctil Presentador inal\u00e1mbrico Bluetooth Clicker con control remoto de presentaci\u00f3n de luz roja para Mac, Windows, iPad OS y Android, gris espacial<\/p>\n<p>\u3010Clicker definitivo para presentaciones y airmouse\u3011CheerTok se puede conectar a Bluetooth en un instante. Toque el panel para lograr el movimiento del cursor. Toque el panel t\u00e1ctil para lograr el efecto del clic del rat\u00f3n, al igual que un mouse. Deslice el lado o la parte superior para lograr que la p\u00e1gina suba y baje sin problemas. El volumen se puede ajustar mediante las teclas de volumen en el lateral, ahorrando tiempo en la operaci\u00f3n en la PC. Ya sea que est\u00e9s reuniendo, ense\u00f1ando o hablando, siempre es una experiencia eficiente y excelente.<\/p>\n<p>Puntero l\u00e1ser de largo alcance: al presionar el bot\u00f3n de inicio, el clicker de presentaci\u00f3n puede liberar f\u00e1cilmente un l\u00e1ser rojo intenso para atraer m\u00e1s atenci\u00f3n a tus presentaciones y conferencias. Rango de luz: \u2264 328 pies.<\/p>\n<p>Conectividad Bluetooth inal\u00e1mbrica 5.0 y bater\u00eda de larga duraci\u00f3n: CheerTok tiene una latencia ultra baja de 7 ms, enciende Bluetooth y tu CheerTok, conecta y usa instant\u00e1neamente. La pr\u00f3xima vez que d\u00e9 un discurso, este clicker de presentaci\u00f3n se puede conectar autom\u00e1ticamente sin enchufar ning\u00fan receptor, no m\u00e1s molestias de encontrar receptores. CheerTok est\u00e1 equipado con un puerto de carga tipo C y se puede utilizar continuamente durante 40 horas con una carga completa en solo 1.5 horas.<\/p>\n<p>\u3010Tama\u00f1o fino de moneda y paquete y listo\u3011El presentador inal\u00e1mbrico CheerTok es tan delgado como una moneda, mide solo 2.992 x 1.102 x 0.394 in, y ha sido ajustado ergon\u00f3micamente cientos de veces de acuerdo con el tama\u00f1o del hombre humano, por lo que se siente genial en la mano. Con un peso de solo 1.41 oz, el CheerTok delgado y ligero est\u00e1 dise\u00f1ado para llevarse en el bolsillo.<\/p>\n<p>Amplia compatibilidad, incluyendo dispositivos m\u00f3viles: no solo tu control remoto inal\u00e1mbrico, CheerTok tambi\u00e9n es un mouse de aire, compatible con macOS (2013 o posterior), Win 8\/10 (con BLE), iPadOS 13 o superior y Android 5 o superior. CheerTok puede ayudarlo a operar de forma remota en cualquier aplicaci\u00f3n o software siempre que est\u00e9 conectado a un sistema compatible. Si hay alg\u00fan problema, nuestro servicio posventa 24\/7 siempre estar\u00e1 aqu\u00ed para responderle y brindarle la mejor soluci\u00f3n.<\/p>\n<p>&nbsp;<\/p>\n<ul>\n<li>Producto importado, venta bajo pedido con pago previo por el valor total del articulo.<\/li>\n<li>FAVOR ANTES DE OFERTAR, confirmar precio actual (por variaciones del valor del d\u00f3lar) y tambi\u00e9n CONFIRMAR QUE PUEDE ESPERAR LOS TIEMPOS DE ENTREGA\u00a0 que normalmente son entre 2-4 semanas.<\/li>\n<li>Cuando recibamos el pedido en nuestra oficina en Medell\u00edn-Colombia, le enviaremos un mensaje al comprador, si se encuentra en Medell\u00edn puede pasar a recogerlo personalmente en nuestra oficina, o tambi\u00e9n podemos hacer el envios a nivel nacional o internacional (Valor del envio cargo del comprador).<\/li>\n<li>Desde Ayudas para TODOS, estamos trabajando para ofrecerles el mayor Marketplace inclusivo a nivel mundial. Reuniendo en 1 solo sitio todos los productos que puedan necesitar, m\u00e1s de 5.000 referencias de art\u00edculos especializados que puedan necesitar instituciones y personas con o sin discapacidad, para apoyar procesos de inclusi\u00f3n, ayudando a superar las barreras que se pueden presentar al momento de estudiar, de trabajar, y en las dem\u00e1s actividades de la vida diaria.<\/li>\n<li>\u00bfNo est\u00e1 seguro sobre qu\u00e9 tipo de dispositivo o producto de apoyo debe comprar? Contamos con expertos para estudiar sus necesidades y asesorarlo recomend\u00e1ndole la ayuda o el conjunto de ayudas m\u00e1s adecuadas \u00bfNecesitas un producto y no lo encuentras en nuestro catalogo online? Cont\u00e1ctanos para ayudarte a conseguirlo. \u00bfEres emprendedor y tienes un gran producto inclusivo que quisieras promocionar en nuestra plataforma? <a href=\"https:\/\/ayudasparatodos.com\/index.php\/contact\/\">Cont\u00e1ctanos<\/a><\/li>\n<li>Visita la secci\u00f3n sobre <a href=\"https:\/\/ayudasparatodos.com\/index.php\/como-comprar-faq\/\">\u00bfC\u00f3mo Comprar? FAQ<\/a>, en la cual encontraras de forma m\u00e1s detallada las instrucciones de como comprar, servicio de asesor\u00eda y cotizaciones, formas de pago, env\u00edos a nivel nacional e internacional, garant\u00eda y otros temas relacionados.<\/li>\n<li><span style=\"font-size: 11.5pt; font-family: Roboto; color: #626262;\">Asesor\u00eda, cotizaciones dudas y comentarios: Si tiene cualquier duda o comentario, nos puede escribir o llamar via WhatsApp agregando el numero +57 3006000144 o directamente desde este <a href=\"https:\/\/wa.me\/+573006000144\">enlace<\/a>\u00a0 <\/span><a href=\"https:\/\/wa.me\/+573006000144\"><span style=\"font-size: 11.5pt; font-family: Roboto; color: #626262;\">https:\/\/wa.me\/+573006000144<\/span><\/a><span style=\"font-size: 11.5pt; font-family: Roboto; color: #626262;\">\u00a0 \u00a0 Tambi\u00e9n puede enviarnos un correo electr\u00f3nico a la direcci\u00f3n <a href=\"mailto:ventas@ayudasparatodos.com\">ventas@ayudasparatodos.com<\/a><\/span><\/li>\n<li><strong>Pagos en Colombia por transferencia Bancolombia o Nequi. Tambi\u00e9n recibimos pagos por tarjeta cr\u00e9dito o debito. Si la alternativa de pago no esta disponible en su pa\u00eds, tambi\u00e9n puede pagar por Giro en western Union o Paypal. Favor contactarnos al correo ventas@ayudasparatodos.com para generarle un enlace de pago personalizado por el valor de los art\u00edculos + el valor del envi\u00f3 seg\u00fan su ubicaci\u00f3n y con su moneda local. Despachos a nivel nacional e internacional desde Medell\u00edn &#8211; Colombia.<\/strong><\/li>\n<\/ul>\n","protected":false},"excerpt":{"rendered":"<p>Mouse Cheerdots t\u00e1ctil Presentador inal\u00e1mbrico Bluetooth<\/p>\n","protected":false},"featured_media":0,"template":"","meta":[],"product_cat":[387],"product_tag":[649,717,650,648],"class_list":["post-53114","product","type-product","status-publish","hentry","product_cat-mouse-accesibles","product_tag-accesibilidad-digital-computador-pc","product_tag-mouse-cheerdots-airmouse-tactil-inalambrico-discapacidad-accesibilidad","product_tag-mouse-raton-accesible-discapaciadd-movilidad-reducida-autismo-paralisis-cerebral","product_tag-tecnologia-asistiva-para-manejar-el-computador-pc-telefono-celular-portatil-discapacidad-accesibilidad","description-off"],"_links":{"self":[{"href":"https:\/\/ayudasparatodos.com\/index.php\/wp-json\/wp\/v3\/product\/53114"}],"collection":[{"href":"https:\/\/ayudasparatodos.com\/index.php\/wp-json\/wp\/v3\/product"}],"about":[{"href":"https:\/\/ayudasparatodos.com\/index.php\/wp-json\/wp\/v2\/types\/product"}],"wp:attachment":[{"href":"https:\/\/ayudasparatodos.com\/index.php\/wp-json\/wp\/v2\/media?parent=53114"}],"wp:term":[{"taxonomy":"product_cat","embeddable":true,"href":"https:\/\/ayudasparatodos.com\/index.php\/wp-json\/wp\/v2\/product_cat?post=53114"},{"taxonomy":"product_tag","embeddable":true,"href":"https:\/\/ayudasparatodos.com\/index.php\/wp-json\/wp\/v2\/product_tag?post=53114"}],"curies":[{"name":"wp","href":"https:\/\/api.w.org\/{rel}","templated":true}]}}