{"id":53117,"date":"2024-05-02T21:09:26","date_gmt":"2024-05-02T21:09:26","guid":{"rendered":"https:\/\/ayudasparatodos.com\/?post_type=product&#038;p=53117"},"modified":"2024-05-03T00:13:35","modified_gmt":"2024-05-03T00:13:35","slug":"mouse-de-anillo-samudgate-bluetooth-recargable-discapacidad-accesibilidad","status":"publish","type":"product","link":"https:\/\/ayudasparatodos.com\/index.php\/producto\/mouse-de-anillo-samudgate-bluetooth-recargable-discapacidad-accesibilidad\/","title":{"rendered":"Mouse de anillo Samudgate Bluetooth recargable Discapacidad accesibilidad"},"content":{"rendered":"<p>Samudgate Rat\u00f3n Bluetooth, peque\u00f1o rat\u00f3n de mano para dedo, con control remoto inteligente, mouse de anillo Bluetooth, mouse port\u00e1til recargable para tel\u00e9fono port\u00e1til<\/p>\n<p>Anillo de control remoto de inteligencia: este mouse ligero puede hacer todo con botones simples, incluyendo desplazarse hacia arriba y hacia abajo, pausar y jugar, volumen +\/-, dar un gusto, etc. Funciona bien para controlar tu PC de escritorio, port\u00e1til, tel\u00e9fono, tableta y pantalla. Ya sea en una reuni\u00f3n, viendo una pel\u00edcula en una cama\/sof\u00e1 o navegando por la almohadilla, puede controlar f\u00e1cilmente sus dispositivos electr\u00f3nicos. No es necesario deslizar constantemente la pantalla hacia arriba y hacia abajo con los dedos al ver videos cortos o leer novelas<\/p>\n<p>Conexi\u00f3n Bluetooth estable: la tecnolog\u00eda Bluetooth avanzada puede proporcionar una conexi\u00f3n confiable y potente. Distancia de trabajo: 32.8 ft (32 pies). Dise\u00f1o inal\u00e1mbrico, sin cables enredados o receptor USB f\u00e1cil de perder conexi\u00f3n Bluetooth de rango de 32.8 ft sin demora. Soporte para iOS, Android, Windows y Hongmon OS. Soporta la mayor\u00eda de los dispositivos habilitados para Bluetooth. Adecuado para las necesidades de la vida diaria. El mouse mejorado te dar\u00e1 una nueva experiencia<\/p>\n<p>Dise\u00f1o ergon\u00f3mico: el mouse de dedo se puede llevar ergon\u00f3micamente en un dedo, puede aliviar el da\u00f1o en la articulaci\u00f3n de la mu\u00f1eca y los m\u00fasculos, y reducir eficazmente las lesiones por tensi\u00f3n causadas por ratones normales. Ayuda a evitar la artritis y el sufrimiento de CTS. El anillo de silicona suave garantiza una comodidad \u00f3ptima, incluso cuando se usa durante mucho tiempo. Tambi\u00e9n se puede usar mientras escribes y no causa molestias<\/p>\n<p>Dise\u00f1o recargable y port\u00e1til: el anillo TikTok est\u00e1 equipado con una bater\u00eda recargable interior, una carga para 10 horas de trabajo constante. El tiempo de carga del mini mouse es de aproximadamente 1,5 horas. Viene con un cable de carga, sin necesidad de cambiar la bater\u00eda, y ahorra tiempo y dinero. Tama\u00f1o: 3.150* 3.150* 1.575 in. Peso: 1.23 oz. Puedes ponerlo en tu bolso. Puedes sacarlo en cualquier momento cuando quieras tomar fotos<\/p>\n<p>Adecuado para m\u00faltiples escenas: proporciona una funci\u00f3n excelente y c\u00f3moda. como tomar fotos con un solo clic, ver TikTok, pasar p\u00e1gina, leer, etc. Perfecto para el trabajo de oficina, presentaciones de reuniones, ense\u00f1anza de clase, trabajo desde casa, ver pel\u00edculas en sof\u00e1\/cama, ejercicio de yoga mientras se reproduce pel\u00edculas, etc. Es un regalo ideal para tus amigos o familiares<\/p>\n<p>&nbsp;<\/p>\n<ul>\n<li>Producto importado, venta bajo pedido con pago previo por el valor total del articulo.<\/li>\n<li>FAVOR ANTES DE OFERTAR, confirmar precio actual (por variaciones del valor del d\u00f3lar) y tambi\u00e9n CONFIRMAR QUE PUEDE ESPERAR LOS TIEMPOS DE ENTREGA\u00a0 que normalmente son entre 2-4 semanas.<\/li>\n<li>Cuando recibamos el pedido en nuestra oficina en Medell\u00edn-Colombia, le enviaremos un mensaje al comprador, si se encuentra en Medell\u00edn puede pasar a recogerlo personalmente en nuestra oficina, o tambi\u00e9n podemos hacer el envios a nivel nacional o internacional (Valor del envio cargo del comprador).<\/li>\n<li>Desde Ayudas para TODOS, estamos trabajando para ofrecerles el mayor Marketplace inclusivo a nivel mundial. Reuniendo en 1 solo sitio todos los productos que puedan necesitar, m\u00e1s de 5.000 referencias de art\u00edculos especializados que puedan necesitar instituciones y personas con o sin discapacidad, para apoyar procesos de inclusi\u00f3n, ayudando a superar las barreras que se pueden presentar al momento de estudiar, de trabajar, y en las dem\u00e1s actividades de la vida diaria.<\/li>\n<li>\u00bfNo est\u00e1 seguro sobre qu\u00e9 tipo de dispositivo o producto de apoyo debe comprar? Contamos con expertos para estudiar sus necesidades y asesorarlo recomend\u00e1ndole la ayuda o el conjunto de ayudas m\u00e1s adecuadas \u00bfNecesitas un producto y no lo encuentras en nuestro catalogo online? Cont\u00e1ctanos para ayudarte a conseguirlo. \u00bfEres emprendedor y tienes un gran producto inclusivo que quisieras promocionar en nuestra plataforma? <a href=\"https:\/\/ayudasparatodos.com\/index.php\/contact\/\">Cont\u00e1ctanos<\/a><\/li>\n<li>Visita la secci\u00f3n sobre <a href=\"https:\/\/ayudasparatodos.com\/index.php\/como-comprar-faq\/\">\u00bfC\u00f3mo Comprar? FAQ<\/a>, en la cual encontraras de forma m\u00e1s detallada las instrucciones de como comprar, servicio de asesor\u00eda y cotizaciones, formas de pago, env\u00edos a nivel nacional e internacional, garant\u00eda y otros temas relacionados.<\/li>\n<li><span style=\"font-size: 11.5pt; font-family: Roboto; color: #626262;\">Asesor\u00eda, cotizaciones dudas y comentarios: Si tiene cualquier duda o comentario, nos puede escribir o llamar via WhatsApp agregando el numero +57 3006000144 o directamente desde este <a href=\"https:\/\/wa.me\/+573006000144\">enlace<\/a>\u00a0 <\/span><a href=\"https:\/\/wa.me\/+573006000144\"><span style=\"font-size: 11.5pt; font-family: Roboto; color: #626262;\">https:\/\/wa.me\/+573006000144<\/span><\/a><span style=\"font-size: 11.5pt; font-family: Roboto; color: #626262;\">\u00a0 \u00a0 Tambi\u00e9n puede enviarnos un correo electr\u00f3nico a la direcci\u00f3n <a href=\"mailto:ventas@ayudasparatodos.com\">ventas@ayudasparatodos.com<\/a><\/span><\/li>\n<li><strong>Pagos en Colombia por transferencia Bancolombia o Nequi. Tambi\u00e9n recibimos pagos por tarjeta cr\u00e9dito o debito. Si la alternativa de pago no esta disponible en su pa\u00eds, tambi\u00e9n puede pagar por Giro en western Union o Paypal. Favor contactarnos al correo ventas@ayudasparatodos.com para generarle un enlace de pago personalizado por el valor de los art\u00edculos + el valor del envi\u00f3 seg\u00fan su ubicaci\u00f3n y con su moneda local. Despachos a nivel nacional e internacional desde Medell\u00edn &#8211; Colombia.<\/strong><\/li>\n<\/ul>\n","protected":false},"excerpt":{"rendered":"<p>mouse de anillo Bluetooth<\/p>\n","protected":false},"featured_media":0,"template":"","meta":[],"product_cat":[387],"product_tag":[649,720,650,648],"class_list":["post-53117","product","type-product","status-publish","hentry","product_cat-mouse-accesibles","product_tag-accesibilidad-digital-computador-pc","product_tag-mouse-de-anillo-samudgate-bluetooth-recargable-discapacidad-accesibilidad","product_tag-mouse-raton-accesible-discapaciadd-movilidad-reducida-autismo-paralisis-cerebral","product_tag-tecnologia-asistiva-para-manejar-el-computador-pc-telefono-celular-portatil-discapacidad-accesibilidad","description-off"],"_links":{"self":[{"href":"https:\/\/ayudasparatodos.com\/index.php\/wp-json\/wp\/v3\/product\/53117"}],"collection":[{"href":"https:\/\/ayudasparatodos.com\/index.php\/wp-json\/wp\/v3\/product"}],"about":[{"href":"https:\/\/ayudasparatodos.com\/index.php\/wp-json\/wp\/v2\/types\/product"}],"wp:attachment":[{"href":"https:\/\/ayudasparatodos.com\/index.php\/wp-json\/wp\/v2\/media?parent=53117"}],"wp:term":[{"taxonomy":"product_cat","embeddable":true,"href":"https:\/\/ayudasparatodos.com\/index.php\/wp-json\/wp\/v2\/product_cat?post=53117"},{"taxonomy":"product_tag","embeddable":true,"href":"https:\/\/ayudasparatodos.com\/index.php\/wp-json\/wp\/v2\/product_tag?post=53117"}],"curies":[{"name":"wp","href":"https:\/\/api.w.org\/{rel}","templated":true}]}}